000
CDUS43 KLOT 050637
CLIRFD


CLIMATE REPORT
NATIONAL WEATHER SERVICE CHICAGO IL
136 AM CDT SAT APR 5 2014


...................................

...THE ROCKFORD IL CLIMATE SUMMARY FOR APRIL 4 2014...

CLIMATE NORMAL PERIOD 1981 TO 2010
CLIMATE RECORD PERIOD 1905 TO 2014


WEATHER ITEM   OBSERVED TIME   RECORD YEAR NORMAL DEPARTURE LAST
                VALUE   (LST)  VALUE       VALUE  FROM      YEAR
                                                  NORMAL
..................................................................
TEMPERATURE (F)
 YESTERDAY
  MAXIMUM         44    631 AM  84    1929  56    -12       58
  MINIMUM         37   1159 PM   9    1975  34      3       28
  AVERAGE         41                        45     -4       43

PRECIPITATION (IN)
  YESTERDAY        0.01          1.37 1969   0.11  -0.10     0.00
  MONTH TO DATE    0.02                      0.42  -0.40     0.00
  SINCE MAR 1      1.05                      2.74  -1.69     2.29
  SINCE JAN 1      4.79                      5.52  -0.73     8.36

SNOWFALL (IN)
  YESTERDAY        0.0           2.0  1950   0.1   -0.1      0.0
  MONTH TO DATE    0.0                       0.3   -0.3      0.0
  SINCE MAR 1      9.1                       5.1    4.0     13.9
  SINCE JUL 1     56.6                      36.1   20.5     40.5
  SNOW DEPTH       0

DEGREE DAYS
 HEATING
  YESTERDAY       24                        20      4       22
  MONTH TO DATE   97                        83     14      115
  SINCE MAR 1   1189                       945    244     1207
  SINCE JUL 1   7081                      5947   1134     5944

 COOLING
  YESTERDAY        0                         0      0        0
  MONTH TO DATE    0                         0      0        0
  SINCE MAR 1      0                         0      0        0
  SINCE JAN 1      0                         0      0        0
..................................................................


WIND (MPH)
  HIGHEST WIND SPEED    30   HIGHEST WIND DIRECTION     W (290)
  HIGHEST GUST SPEED    38   HIGHEST GUST DIRECTION     W (290)
  AVERAGE WIND SPEED    17.0


SKY COVER
  POSSIBLE SUNSHINE  MM
  AVERAGE SKY COVER 0.8


WEATHER CONDITIONS
 THE FOLLOWING WEATHER WAS RECORDED YESTERDAY.
  LIGHT RAIN
  FOG


RELATIVE HUMIDITY (PERCENT)
 HIGHEST    96           500 AM
 LOWEST     59           700 PM
 AVERAGE    78

..........................................................


THE ROCKFORD IL CLIMATE NORMALS FOR TODAY
                         NORMAL    RECORD    YEAR
 MAXIMUM TEMPERATURE (F)   56        82      1988
 MINIMUM TEMPERATURE (F)   34        15      1995


SUNRISE AND SUNSET
APRIL  5 2014.........SUNRISE   632 AM CDT   SUNSET   727 PM CDT
APRIL  6 2014.........SUNRISE   631 AM CDT   SUNSET   728 PM CDT


-  INDICATES NEGATIVE NUMBERS.
R  INDICATES RECORD WAS SET OR TIED.
MM INDICATES DATA IS MISSING.
T  INDICATES TRACE AMOUNT.




$$
