000
CDUS43 KLOT 142139
CLIRFD


CLIMATE REPORT
NATIONAL WEATHER SERVICE CHICAGO IL
433 PM CDT MON JUL 14 2014


...................................

...THE ROCKFORD IL CLIMATE SUMMARY FOR JULY 14 2014...
VALID TODAY AS OF 0400 PM LOCAL TIME.

CLIMATE NORMAL PERIOD 1981 TO 2010
CLIMATE RECORD PERIOD 1905 TO 2014


WEATHER ITEM   OBSERVED TIME   RECORD YEAR NORMAL DEPARTURE LAST
                VALUE   (LST)  VALUE       VALUE  FROM      YEAR
                                                  NORMAL
..................................................................
TEMPERATURE (F)
 TODAY
  MAXIMUM         79    109 PM 112    1936  85     -6       88
  MINIMUM         60    548 AM  45    1926  63     -3       65
  AVERAGE         70                        74     -4       77

PRECIPITATION (IN)
  TODAY            0.15          2.46 1972   0.12   0.03     0.00
  MONTH TO DATE    2.42                      1.76   0.66     1.01
  SINCE JUN 1     10.48                      6.41   4.07     8.73
  SINCE JAN 1     20.45                     18.88   1.57    28.17

SNOWFALL (IN)
  TODAY            0.0           0.0    MM   0.0    0.0      0.0
  MONTH TO DATE    0.0                       0.0    0.0      0.0
  SINCE JUN 1      0.0                       0.0    0.0      0.0
  SINCE JUL 1      0.0                       0.0    0.0      0.0

DEGREE DAYS
 HEATING
  TODAY            0                         0      0        0
  MONTH TO DATE    3                         0      3        0
  SINCE JUN 1     14                        31    -17       34
  SINCE JUL 1      3                         0      3        0

 COOLING
  TODAY            5                         9     -4       12
  MONTH TO DATE   74                       126    -52      111
  SINCE JUN 1    269                       301    -32      280
  SINCE JAN 1    352                       356     -4      372
..................................................................


WIND (MPH)
  HIGHEST WIND SPEED    22   HIGHEST WIND DIRECTION    NW (310)
  HIGHEST GUST SPEED    27   HIGHEST GUST DIRECTION    NW (310)
  AVERAGE WIND SPEED     6.1


SKY COVER
  POSSIBLE SUNSHINE  MM
  AVERAGE SKY COVER 0.6


WEATHER CONDITIONS
 THE FOLLOWING WEATHER WAS RECORDED TODAY.
  HEAVY RAIN
  RAIN
  LIGHT RAIN
  FOG


RELATIVE HUMIDITY (PERCENT)
 HIGHEST    90           100 AM
 LOWEST     35          1200 PM
 AVERAGE    63

..........................................................


THE ROCKFORD IL CLIMATE NORMALS FOR TOMORROW
                         NORMAL    RECORD    YEAR
 MAXIMUM TEMPERATURE (F)   85       102      1988
 MINIMUM TEMPERATURE (F)   63        45      1930


SUNRISE AND SUNSET
JULY 14 2014..........SUNRISE   533 AM CDT   SUNSET   831 PM CDT
JULY 15 2014..........SUNRISE   534 AM CDT   SUNSET   831 PM CDT


-  INDICATES NEGATIVE NUMBERS.
R  INDICATES RECORD WAS SET OR TIED.
MM INDICATES DATA IS MISSING.
T  INDICATES TRACE AMOUNT.




$$
