000
CDUS43 KLOT 150636
CLIRFD


CLIMATE REPORT
NATIONAL WEATHER SERVICE CHICAGO IL
136 AM CDT FRI APR 15 2016


...................................

...THE ROCKFORD IL CLIMATE SUMMARY FOR APRIL 14 2016...

CLIMATE NORMAL PERIOD 1981 TO 2010
CLIMATE RECORD PERIOD 1905 TO 2016


WEATHER ITEM   OBSERVED TIME   RECORD YEAR NORMAL DEPARTURE LAST
                VALUE   (LST)  VALUE       VALUE  FROM      YEAR
                                                  NORMAL
..................................................................
TEMPERATURE (F)
 YESTERDAY
  MAXIMUM         67    423 PM  85    2003  60      7       70
  MINIMUM         38    528 AM  21    1957  38      0       35
                                      1907
  AVERAGE         53                        49      4       53

PRECIPITATION (IN)
  YESTERDAY        0.00          0.92 1965   0.11  -0.11     0.00
  MONTH TO DATE    1.67                      1.54   0.13     2.60
  SINCE MAR 1      5.68                      3.86   1.82     3.90
  SINCE JAN 1      7.21                      6.64   0.57     5.82

SNOWFALL (IN)
  YESTERDAY        0.0           3.9  1980   0.1   -0.1      0.0
  MONTH TO DATE    0.4                       0.7   -0.3       T
  SINCE MAR 1      2.8                       5.5   -2.7      7.6
  SINCE JUL 1     24.0                      36.5  -12.5     35.5
  SNOW DEPTH       0

DEGREE DAYS
 HEATING
  YESTERDAY       12                        16     -4       12
  MONTH TO DATE  338                       263     75      198
  SINCE MAR 1   1017                      1125   -108     1134
  SINCE JUL 1   5203                      6127   -924     6580

 COOLING
  YESTERDAY        0                         0      0        0
  MONTH TO DATE    0                         0      0        0
  SINCE MAR 1      0                         0      0        0
  SINCE JAN 1      0                         0      0        0
..................................................................


WIND (MPH)
  HIGHEST WIND SPEED    17   HIGHEST WIND DIRECTION    SE (130)
  HIGHEST GUST SPEED    22   HIGHEST GUST DIRECTION    SE (140)
  AVERAGE WIND SPEED     9.3


SKY COVER
  POSSIBLE SUNSHINE  MM
  AVERAGE SKY COVER 0.4


WEATHER CONDITIONS
 THE FOLLOWING WEATHER WAS RECORDED YESTERDAY.
  NO SIGNIFICANT WEATHER WAS OBSERVED.


RELATIVE HUMIDITY (PERCENT)
 HIGHEST    76           400 AM
 LOWEST     24           200 PM
 AVERAGE    50

..........................................................


THE ROCKFORD IL CLIMATE NORMALS FOR TODAY
                         NORMAL    RECORD    YEAR
 MAXIMUM TEMPERATURE (F)   61        87      2002
 MINIMUM TEMPERATURE (F)   38        16      1928


SUNRISE AND SUNSET
APRIL 15 2016.........SUNRISE   615 AM CDT   SUNSET   738 PM CDT
APRIL 16 2016.........SUNRISE   613 AM CDT   SUNSET   740 PM CDT


-  INDICATES NEGATIVE NUMBERS.
R  INDICATES RECORD WAS SET OR TIED.
MM INDICATES DATA IS MISSING.
T  INDICATES TRACE AMOUNT.




$$
