000
CDUS43 KLOT 180632
CLIRFD


CLIMATE REPORT
NATIONAL WEATHER SERVICE CHICAGO IL
132 AM CDT WED MAR 18 2015


...................................

...THE ROCKFORD IL CLIMATE SUMMARY FOR MARCH 17 2015...

CLIMATE NORMAL PERIOD 1981 TO 2010
CLIMATE RECORD PERIOD 1905 TO 2015


WEATHER ITEM   OBSERVED TIME   RECORD YEAR NORMAL DEPARTURE LAST
                VALUE   (LST)  VALUE       VALUE  FROM      YEAR
                                                  NORMAL
..................................................................
TEMPERATURE (F)
 YESTERDAY
  MAXIMUM         49   1206 AM  82    2012  47      2       38
  MINIMUM         28   1006 PM  -3    1941  28      0       14
  AVERAGE         39                        38      1       26

PRECIPITATION (IN)
  YESTERDAY        0.00          0.62 1919   0.08  -0.08     0.00
  MONTH TO DATE    0.40                      1.14  -0.74     0.58
  SINCE MAR 1      0.40                      1.14  -0.74     0.58
  SINCE JAN 1      2.32                      3.92  -1.60     4.32

SNOWFALL (IN)
  YESTERDAY        0.0           4.0  1984   0.1   -0.1      0.0
  MONTH TO DATE    2.5                       3.2   -0.7      8.1
  SINCE MAR 1      2.5                       3.2   -0.7      8.1
  SINCE JUL 1     30.4                      34.2   -3.8     55.6
  SNOW DEPTH       0

DEGREE DAYS
 HEATING
  YESTERDAY       26                        27     -1       39
  MONTH TO DATE  555                       522     33      684
  SINCE MAR 1    555                       522     33      684
  SINCE JUL 1   6001                      5524    477     6576

 COOLING
  YESTERDAY        0                         0      0        0
  MONTH TO DATE    0                         0      0        0
  SINCE MAR 1      0                         0      0        0
  SINCE JAN 1      0                         0      0        0
..................................................................


WIND (MPH)
  HIGHEST WIND SPEED    31   HIGHEST WIND DIRECTION     N (10)
  HIGHEST GUST SPEED    37   HIGHEST GUST DIRECTION     N (10)
  AVERAGE WIND SPEED    13.3


SKY COVER
  POSSIBLE SUNSHINE  MM
  AVERAGE SKY COVER 0.6


WEATHER CONDITIONS
 THE FOLLOWING WEATHER WAS RECORDED YESTERDAY.
  NO SIGNIFICANT WEATHER WAS OBSERVED.


RELATIVE HUMIDITY (PERCENT)
 HIGHEST    71          1200 AM
 LOWEST     20          1200 PM
 AVERAGE    46

..........................................................


THE ROCKFORD IL CLIMATE NORMALS FOR TODAY
                         NORMAL    RECORD    YEAR
 MAXIMUM TEMPERATURE (F)   48        81      2012
 MINIMUM TEMPERATURE (F)   28        -1      1941


SUNRISE AND SUNSET
MARCH 18 2015.........SUNRISE   704 AM CDT   SUNSET   706 PM CDT
MARCH 19 2015.........SUNRISE   702 AM CDT   SUNSET   707 PM CDT


-  INDICATES NEGATIVE NUMBERS.
R  INDICATES RECORD WAS SET OR TIED.
MM INDICATES DATA IS MISSING.
T  INDICATES TRACE AMOUNT.




$$
