000
CDUS43 KLOT 160633
CLIRFD


CLIMATE REPORT
NATIONAL WEATHER SERVICE CHICAGO IL
132 AM CDT WED JUL 16 2014


...................................

...THE ROCKFORD IL CLIMATE SUMMARY FOR JULY 15 2014...

CLIMATE NORMAL PERIOD 1981 TO 2010
CLIMATE RECORD PERIOD 1905 TO 2014


WEATHER ITEM   OBSERVED TIME   RECORD YEAR NORMAL DEPARTURE LAST
                VALUE   (LST)  VALUE       VALUE  FROM      YEAR
                                                  NORMAL
..................................................................
TEMPERATURE (F)
 YESTERDAY
  MAXIMUM         68    253 PM 102    1988  85    -17       91
  MINIMUM         53    515 AM  45    1930  63    -10       71
  AVERAGE         61                        74    -13       81

PRECIPITATION (IN)
  YESTERDAY        0.02          1.75 1933   0.12  -0.10     0.00
  MONTH TO DATE    2.44                      1.88   0.56     1.01
  SINCE JUN 1     10.50                      6.53   3.97     8.73
  SINCE JAN 1     20.47                     19.00   1.47    28.17

SNOWFALL (IN)
  YESTERDAY        0.0           0.0    MM   0.0    0.0      0.0
  MONTH TO DATE    0.0                       0.0    0.0      0.0
  SINCE JUN 1      0.0                       0.0    0.0      0.0
  SINCE JUL 1      0.0                       0.0    0.0      0.0
  SNOW DEPTH       0

DEGREE DAYS
 HEATING
  YESTERDAY        4                         0      4        0
  MONTH TO DATE    7                         0      7        0
  SINCE JUN 1     18                        31    -13       34
  SINCE JUL 1      7                         0      7        0

 COOLING
  YESTERDAY        0                         9     -9       16
  MONTH TO DATE   72                       135    -63      127
  SINCE JUN 1    267                       310    -43      296
  SINCE JAN 1    350                       365    -15      388
..................................................................


WIND (MPH)
  HIGHEST WIND SPEED    18   HIGHEST WIND DIRECTION    NW (310)
  HIGHEST GUST SPEED    24   HIGHEST GUST DIRECTION    NW (320)
  AVERAGE WIND SPEED     8.5


SKY COVER
  POSSIBLE SUNSHINE  MM
  AVERAGE SKY COVER 0.6


WEATHER CONDITIONS
 THE FOLLOWING WEATHER WAS RECORDED YESTERDAY.
  NO SIGNIFICANT WEATHER WAS OBSERVED.


RELATIVE HUMIDITY (PERCENT)
 HIGHEST    87           900 PM
 LOWEST     58           100 PM
 AVERAGE    73

..........................................................


THE ROCKFORD IL CLIMATE NORMALS FOR TODAY
                         NORMAL    RECORD    YEAR
 MAXIMUM TEMPERATURE (F)   85       100      1936
 MINIMUM TEMPERATURE (F)   63        46      1945


SUNRISE AND SUNSET
JULY 16 2014..........SUNRISE   534 AM CDT   SUNSET   830 PM CDT
JULY 17 2014..........SUNRISE   535 AM CDT   SUNSET   829 PM CDT


-  INDICATES NEGATIVE NUMBERS.
R  INDICATES RECORD WAS SET OR TIED.
MM INDICATES DATA IS MISSING.
T  INDICATES TRACE AMOUNT.




$$
