000
CDUS43 KLOT 102139
CLIRFD


CLIMATE REPORT
NATIONAL WEATHER SERVICE CHICAGO IL
437 PM CDT SUN APR 10 2016


...................................

...THE ROCKFORD IL CLIMATE SUMMARY FOR APRIL 10 2016...
VALID TODAY AS OF 0400 PM LOCAL TIME.

CLIMATE NORMAL PERIOD 1981 TO 2010
CLIMATE RECORD PERIOD 1905 TO 2016


WEATHER ITEM   OBSERVED TIME   RECORD YEAR NORMAL DEPARTURE LAST
                VALUE   (LST)  VALUE       VALUE  FROM      YEAR
                                                  NORMAL
..................................................................
TEMPERATURE (F)
 TODAY
  MAXIMUM         49   1253 PM  93    1930  59    -10       60
  MINIMUM         34    510 AM  18    1989  36     -2       35
  AVERAGE         42                        47     -5       48

PRECIPITATION (IN)
  TODAY            0.12          1.48 2008   0.12   0.00      T
  MONTH TO DATE    1.62                      1.09   0.53     2.51
  SINCE MAR 1      5.63                      3.41   2.22     3.81
  SINCE JAN 1      7.16                      6.19   0.97     5.73

SNOWFALL (IN)
  TODAY            T             1.5  1923   0.0    0.0      0.0
  MONTH TO DATE    0.4                       0.5   -0.1       T
  SINCE MAR 1      2.8                       5.3   -2.5      7.6
  SINCE JUL 1     24.0                      36.3  -12.3     35.5

DEGREE DAYS
 HEATING
  TODAY           23                        18      5       17
  MONTH TO DATE  260                       196     64      147
  SINCE MAR 1    939                      1058   -119     1083
  SINCE JUL 1   5125                      6060   -935     6529

 COOLING
  TODAY            0                         0      0        0
  MONTH TO DATE    0                         0      0        0
  SINCE MAR 1      0                         0      0        0
  SINCE JAN 1      0                         0      0        0
..................................................................


WIND (MPH)
  HIGHEST WIND SPEED    29   HIGHEST WIND DIRECTION     S (160)
  HIGHEST GUST SPEED    36   HIGHEST GUST DIRECTION     S (160)
  AVERAGE WIND SPEED    18.0


SKY COVER
  POSSIBLE SUNSHINE  MM
  AVERAGE SKY COVER 0.9


WEATHER CONDITIONS
 THE FOLLOWING WEATHER WAS RECORDED TODAY.
  THUNDERSTORM
  LIGHT RAIN
  HAIL
  LIGHT SNOW


RELATIVE HUMIDITY (PERCENT)
 HIGHEST    71           100 PM
 LOWEST     59          1200 AM
 AVERAGE    65

..........................................................


THE ROCKFORD IL CLIMATE NORMALS FOR TOMORROW
                         NORMAL    RECORD    YEAR
 MAXIMUM TEMPERATURE (F)   59        88      1930
 MINIMUM TEMPERATURE (F)   37        19      1973


SUNRISE AND SUNSET
APRIL 10 2016.........SUNRISE   623 AM CDT   SUNSET   733 PM CDT
APRIL 11 2016.........SUNRISE   621 AM CDT   SUNSET   734 PM CDT


-  INDICATES NEGATIVE NUMBERS.
R  INDICATES RECORD WAS SET OR TIED.
MM INDICATES DATA IS MISSING.
T  INDICATES TRACE AMOUNT.




$$
