000
CDUS43 KLOT 260640
CLIRFD


CLIMATE REPORT
NATIONAL WEATHER SERVICE CHICAGO IL
1239 AM CST SAT NOV 26 2016


...................................

...THE ROCKFORD IL CLIMATE SUMMARY FOR NOVEMBER 25 2016...

CLIMATE NORMAL PERIOD 1981 TO 2010
CLIMATE RECORD PERIOD 1905 TO 2016


WEATHER ITEM   OBSERVED TIME   RECORD YEAR NORMAL DEPARTURE LAST
                VALUE   (LST)  VALUE       VALUE  FROM      YEAR
                                                  NORMAL
..................................................................
TEMPERATURE (F)
 YESTERDAY
  MAXIMUM         41    200 PM  64    1915  42     -1       47
  MINIMUM         36    736 AM  -4    1950  26     10       35
  AVERAGE         39                        34      5       41

PRECIPITATION (IN)
  YESTERDAY        T             0.93 1906   0.08  -0.08      T
  MONTH TO DATE    1.04                      2.17  -1.13     3.25
  SINCE SEP 1      5.73                      8.19  -2.46     8.55
  SINCE JAN 1     31.65                     33.85  -2.20    33.08

SNOWFALL (IN)
  YESTERDAY        0.0           3.3  1977   0.1   -0.1      0.0
  MONTH TO DATE    T                         1.0   -1.0      8.8
  SINCE SEP 1      T                         1.1   -1.1      8.8
  SINCE JUL 1      T                         1.1   -1.1      8.8
  SNOW DEPTH       0

DEGREE DAYS
 HEATING
  YESTERDAY       26                        31     -5       24
  MONTH TO DATE  451                       619   -168      512
  SINCE SEP 1    748                      1158   -410      889
  SINCE JUL 1    748                      1172   -424      899

 COOLING
  YESTERDAY        0                         0      0        0
  MONTH TO DATE    4                         0      4        0
  SINCE SEP 1    186                        93     93      172
  SINCE JAN 1   1103                       820    283      825
..................................................................


WIND (MPH)
  HIGHEST WIND SPEED    14   HIGHEST WIND DIRECTION     W (270)
  HIGHEST GUST SPEED    19   HIGHEST GUST DIRECTION     W (280)
  AVERAGE WIND SPEED     7.4


SKY COVER
  POSSIBLE SUNSHINE  MM
  AVERAGE SKY COVER 1.0


WEATHER CONDITIONS
 THE FOLLOWING WEATHER WAS RECORDED YESTERDAY.
  NO SIGNIFICANT WEATHER WAS OBSERVED.


RELATIVE HUMIDITY (PERCENT)
 HIGHEST    85           500 AM
 LOWEST     73          1200 PM
 AVERAGE    79

..........................................................


THE ROCKFORD IL CLIMATE NORMALS FOR TODAY
                         NORMAL    RECORD    YEAR
 MAXIMUM TEMPERATURE (F)   42        67      1914
 MINIMUM TEMPERATURE (F)   25       -10      1977


SUNRISE AND SUNSET
NOVEMBER 26 2016......SUNRISE   700 AM CST   SUNSET   427 PM CST
NOVEMBER 27 2016......SUNRISE   702 AM CST   SUNSET   427 PM CST


-  INDICATES NEGATIVE NUMBERS.
R  INDICATES RECORD WAS SET OR TIED.
MM INDICATES DATA IS MISSING.
T  INDICATES TRACE AMOUNT.




$$
