000
CDUS43 KLOT 040635
CLIRFD


CLIMATE REPORT
NATIONAL WEATHER SERVICE CHICAGO IL
133 AM CDT FRI APR 4 2014


...................................

...THE ROCKFORD IL CLIMATE SUMMARY FOR APRIL 3 2014...

CLIMATE NORMAL PERIOD 1981 TO 2010
CLIMATE RECORD PERIOD 1905 TO 2014


WEATHER ITEM   OBSERVED TIME   RECORD YEAR NORMAL DEPARTURE LAST
                VALUE   (LST)  VALUE       VALUE  FROM      YEAR
                                                  NORMAL
..................................................................
TEMPERATURE (F)
 YESTERDAY
  MAXIMUM         42    523 AM  80    1956  55    -13       47
  MINIMUM         36    840 PM  15    1954  34      2       21
  AVERAGE         39                        44     -5       34

PRECIPITATION (IN)
  YESTERDAY        0.01          0.90 1968   0.10  -0.09     0.00
  MONTH TO DATE    0.01                      0.31  -0.30     0.00
  SINCE MAR 1      1.04                      2.63  -1.59     2.29
  SINCE JAN 1      4.78                      5.41  -0.63     8.36

SNOWFALL (IN)
  YESTERDAY        0.0           1.0  1926   0.0    0.0      0.0
  MONTH TO DATE    0.0                       0.2   -0.2      0.0
  SINCE MAR 1      9.1                       5.0    4.1     13.9
  SINCE JUL 1     56.6                      36.0   20.6     40.5
  SNOW DEPTH       0

DEGREE DAYS
 HEATING
  YESTERDAY       26                        21      5       31
  MONTH TO DATE   73                        63     10       93
  SINCE MAR 1   1165                       925    240     1185
  SINCE JUL 1   7057                      5927   1130     5922

 COOLING
  YESTERDAY        0                         0      0        0
  MONTH TO DATE    0                         0      0        0
  SINCE MAR 1      0                         0      0        0
  SINCE JAN 1      0                         0      0        0
..................................................................


WIND (MPH)
  HIGHEST WIND SPEED    26   HIGHEST WIND DIRECTION     E (90)
  HIGHEST GUST SPEED    35   HIGHEST GUST DIRECTION     E (80)
  AVERAGE WIND SPEED    15.8


SKY COVER
  POSSIBLE SUNSHINE  MM
  AVERAGE SKY COVER 1.0


WEATHER CONDITIONS
 THE FOLLOWING WEATHER WAS RECORDED YESTERDAY.
  THUNDERSTORM
  LIGHT RAIN
  FOG


RELATIVE HUMIDITY (PERCENT)
 HIGHEST    92          1000 PM
 LOWEST     65           400 AM
 AVERAGE    79

..........................................................


THE ROCKFORD IL CLIMATE NORMALS FOR TODAY
                         NORMAL    RECORD    YEAR
 MAXIMUM TEMPERATURE (F)   56        84      1929
 MINIMUM TEMPERATURE (F)   34         9      1975


SUNRISE AND SUNSET
APRIL  4 2014.........SUNRISE   634 AM CDT   SUNSET   725 PM CDT
APRIL  5 2014.........SUNRISE   632 AM CDT   SUNSET   727 PM CDT


-  INDICATES NEGATIVE NUMBERS.
R  INDICATES RECORD WAS SET OR TIED.
MM INDICATES DATA IS MISSING.
T  INDICATES TRACE AMOUNT.




$$
