000
CDUS43 KLOT 190632
CLIRFD


CLIMATE REPORT
NATIONAL WEATHER SERVICE CHICAGO IL
132 AM CDT TUE APR 19 2016


...................................

...THE ROCKFORD IL CLIMATE SUMMARY FOR APRIL 18 2016...

CLIMATE NORMAL PERIOD 1981 TO 2010
CLIMATE RECORD PERIOD 1905 TO 2016


WEATHER ITEM   OBSERVED TIME   RECORD YEAR NORMAL DEPARTURE LAST
                VALUE   (LST)  VALUE       VALUE  FROM      YEAR
                                                  NORMAL
..................................................................
TEMPERATURE (F)
 YESTERDAY
  MAXIMUM         83    254 PM  91    2002  62     21       73
  MINIMUM         48    525 AM  22    1990  39      9       49
                                      1983
  AVERAGE         66                        50     16       61

PRECIPITATION (IN)
  YESTERDAY        0.00          1.62 2013   0.11  -0.11     0.00
  MONTH TO DATE    1.67                      2.00  -0.33     2.60
  SINCE MAR 1      5.68                      4.32   1.36     3.90
  SINCE JAN 1      7.21                      7.10   0.11     5.82

SNOWFALL (IN)
  YESTERDAY        0.0           7.0  1912   0.0    0.0      0.0
  MONTH TO DATE    0.4                       0.8   -0.4       T
  SINCE MAR 1      2.8                       5.6   -2.8      7.6
  SINCE JUL 1     24.0                      36.6  -12.6     35.5
  SNOW DEPTH       0

DEGREE DAYS
 HEATING
  YESTERDAY        0                        15    -15        4
  MONTH TO DATE  345                       325     20      216
  SINCE MAR 1   1024                      1187   -163     1152
  SINCE JUL 1   5210                      6189   -979     6598

 COOLING
  YESTERDAY        1                         0      1        0
  MONTH TO DATE    2                         0      2        0
  SINCE MAR 1      2                         0      2        0
  SINCE JAN 1      2                         0      2        0
..................................................................


WIND (MPH)
  HIGHEST WIND SPEED    13   HIGHEST WIND DIRECTION     S (190)
  HIGHEST GUST SPEED    23   HIGHEST GUST DIRECTION    SE (150)
  AVERAGE WIND SPEED     3.9


SKY COVER
  POSSIBLE SUNSHINE  MM
  AVERAGE SKY COVER 0.8


WEATHER CONDITIONS
 THE FOLLOWING WEATHER WAS RECORDED YESTERDAY.
  NO SIGNIFICANT WEATHER WAS OBSERVED.


RELATIVE HUMIDITY (PERCENT)
 HIGHEST    80           500 AM
 LOWEST     28          1200 PM
 AVERAGE    54

..........................................................


THE ROCKFORD IL CLIMATE NORMALS FOR TODAY
                         NORMAL    RECORD    YEAR
 MAXIMUM TEMPERATURE (F)   62        87      1985
 MINIMUM TEMPERATURE (F)   39        16      1983


SUNRISE AND SUNSET
APRIL 19 2016.........SUNRISE   609 AM CDT   SUNSET   743 PM CDT
APRIL 20 2016.........SUNRISE   607 AM CDT   SUNSET   744 PM CDT


-  INDICATES NEGATIVE NUMBERS.
R  INDICATES RECORD WAS SET OR TIED.
MM INDICATES DATA IS MISSING.
T  INDICATES TRACE AMOUNT.




$$
