330
CDUS43 KLOT 141337
CLIRFD


CLIMATE REPORT
NATIONAL WEATHER SERVICE CHICAGO IL
834 AM CDT THU JUL 14 2016


...................................

...THE ROCKFORD IL CLIMATE SUMMARY FOR JULY 13 2016...

CLIMATE NORMAL PERIOD 1981 TO 2010
CLIMATE RECORD PERIOD 1905 TO 2016


WEATHER ITEM   OBSERVED TIME   RECORD YEAR NORMAL DEPARTURE LAST
                VALUE   (LST)  VALUE       VALUE  FROM      YEAR
                                                  NORMAL
..................................................................
TEMPERATURE (F)
 YESTERDAY
  MAXIMUM         88   1248 PM 110    1936  85      3       89
  MINIMUM         67   1145 PM  47    1940  63      4       67
                                      1926
  AVERAGE         78                        74      4       78

PRECIPITATION (IN)
  YESTERDAY        0.04          1.37 1906   0.13  -0.09     0.86
  MONTH TO DATE    1.43                      1.64  -0.21     1.72
  SINCE JUN 1      3.62                      6.29  -2.67     6.36
  SINCE JAN 1     15.18                     18.76  -3.58    17.55

SNOWFALL (IN)
  YESTERDAY        0.0           0.0    MM   0.0    0.0      0.0
  MONTH TO DATE    0.0                       0.0    0.0      0.0
  SINCE JUN 1      0.0                       0.0    0.0      0.0
  SINCE JUL 1      0.0                       0.0    0.0      0.0
  SNOW DEPTH       0

DEGREE DAYS
 HEATING
  YESTERDAY        0                         0      0        0
  MONTH TO DATE    0                         0      0        5
  SINCE JUN 1      6                        31    -25       21
  SINCE JUL 1      0                         0      0        5

 COOLING
  YESTERDAY       13                         9      4       13
  MONTH TO DATE  118                       117      1       63
  SINCE JUN 1    334                       292     42      215
  SINCE JAN 1    419                       347     72      275
..................................................................


WIND (MPH)
  HIGHEST WIND SPEED    24   HIGHEST WIND DIRECTION     S (170)
  HIGHEST GUST SPEED    29   HIGHEST GUST DIRECTION     S (170)
  AVERAGE WIND SPEED     7.4


SKY COVER
  POSSIBLE SUNSHINE  MM
  AVERAGE SKY COVER 0.6


WEATHER CONDITIONS
 THE FOLLOWING WEATHER WAS RECORDED YESTERDAY.
  THUNDERSTORM
  LIGHT RAIN
  FOG


RELATIVE HUMIDITY (PERCENT)
 HIGHEST    97           600 AM
 LOWEST     63           200 PM
 AVERAGE    80

..........................................................


THE ROCKFORD IL CLIMATE NORMALS FOR TODAY
                         NORMAL    RECORD    YEAR
 MAXIMUM TEMPERATURE (F)   85       112      1936
 MINIMUM TEMPERATURE (F)   63        45      1926


SUNRISE AND SUNSET
JULY 14 2016..........SUNRISE   533 AM CDT   SUNSET   831 PM CDT
JULY 15 2016..........SUNRISE   534 AM CDT   SUNSET   830 PM CDT


-  INDICATES NEGATIVE NUMBERS.
R  INDICATES RECORD WAS SET OR TIED.
MM INDICATES DATA IS MISSING.
T  INDICATES TRACE AMOUNT.




$$
