000
CDUS43 KLOT 102235
CLIRFD


CLIMATE REPORT
NATIONAL WEATHER SERVICE CHICAGO IL
434 PM CST MON NOV 10 2014


...................................

...THE ROCKFORD IL CLIMATE SUMMARY FOR NOVEMBER 10 2014...
VALID TODAY AS OF 0400 PM LOCAL TIME.

CLIMATE NORMAL PERIOD 1981 TO 2010
CLIMATE RECORD PERIOD 1905 TO 2014


WEATHER ITEM   OBSERVED TIME   RECORD YEAR NORMAL DEPARTURE LAST
                VALUE   (LST)  VALUE       VALUE  FROM      YEAR
                                                  NORMAL
..................................................................
TEMPERATURE (F)
 TODAY
  MAXIMUM         63    353 PM  70    2010  51     12       49
  MINIMUM         42   1225 AM  15    1973  33      9       30
                                      1957
                                      1926
  AVERAGE         53                        42     11       40

PRECIPITATION (IN)
  TODAY            0.00          1.61 1998   0.08  -0.08     0.00
  MONTH TO DATE    0.28                      0.88  -0.60     0.49
  SINCE SEP 1      4.97                      6.90  -1.93     5.28
  SINCE JAN 1     31.22                     32.56  -1.34    37.28

SNOWFALL (IN)
  TODAY            0.0           4.0  1947   0.0    0.0      0.0
  MONTH TO DATE    0.0                       0.1   -0.1      0.0
  SINCE SEP 1      0.1                       0.2   -0.1       T
  SINCE JUL 1      0.1                       0.2   -0.1       T

DEGREE DAYS
 HEATING
  TODAY           12                        23    -11       25
  MONTH TO DATE  206                       210     -4      221
  SINCE SEP 1    758                       749      9      711
  SINCE JUL 1    768                       763      5      722

 COOLING
  TODAY            0                         0      0        0
  MONTH TO DATE    0                         0      0        0
  SINCE SEP 1     73                        93    -20      141
  SINCE JAN 1    729                       820    -91      890
..................................................................


WIND (MPH)
  HIGHEST WIND SPEED    29   HIGHEST WIND DIRECTION     S (160)
  HIGHEST GUST SPEED    34   HIGHEST GUST DIRECTION     S (180)
  AVERAGE WIND SPEED    13.7


SKY COVER
  POSSIBLE SUNSHINE  MM
  AVERAGE SKY COVER 0.9


WEATHER CONDITIONS
 THE FOLLOWING WEATHER WAS RECORDED TODAY.
  FOG


RELATIVE HUMIDITY (PERCENT)
 HIGHEST    89           500 AM
 LOWEST     48           300 PM
 AVERAGE    69

..........................................................


THE ROCKFORD IL CLIMATE NORMALS FOR TOMORROW
                         NORMAL    RECORD    YEAR
 MAXIMUM TEMPERATURE (F)   50        74      1911
 MINIMUM TEMPERATURE (F)   33        10      1926


SUNRISE AND SUNSET
NOVEMBER 10 2014......SUNRISE   641 AM CST   SUNSET   440 PM CST
NOVEMBER 11 2014......SUNRISE   642 AM CST   SUNSET   439 PM CST


-  INDICATES NEGATIVE NUMBERS.
R  INDICATES RECORD WAS SET OR TIED.
MM INDICATES DATA IS MISSING.
T  INDICATES TRACE AMOUNT.




$$
