000
CDUS43 KLOT 070633
CLIRFD


CLIMATE REPORT
NATIONAL WEATHER SERVICE CHICAGO IL
132 AM CDT SUN SEP 7 2014


...................................

...THE ROCKFORD IL CLIMATE SUMMARY FOR SEPTEMBER 6 2014...

CLIMATE NORMAL PERIOD 1981 TO 2010
CLIMATE RECORD PERIOD 1905 TO 2014


WEATHER ITEM   OBSERVED TIME   RECORD YEAR NORMAL DEPARTURE LAST
                VALUE   (LST)  VALUE       VALUE  FROM      YEAR
                                                  NORMAL
..................................................................
TEMPERATURE (F)
 YESTERDAY
  MAXIMUM         75    329 PM 102    1922  79     -4       87
  MINIMUM         54    550 AM  38    1924  57     -3       59
  AVERAGE         65                        68     -3       73

PRECIPITATION (IN)
  YESTERDAY        0.00          1.72 1916   0.12  -0.12     0.00
  MONTH TO DATE    1.04                      0.71   0.33     0.00
  SINCE SEP 1      1.04                      0.71   0.33     0.00
  SINCE JAN 1     27.29                     26.37   0.92    32.00

SNOWFALL (IN)
  YESTERDAY        0.0           0.0    MM   0.0    0.0      0.0
  MONTH TO DATE    0.0                       0.0    0.0      0.0
  SINCE SEP 1      0.0                       0.0    0.0      0.0
  SINCE JUL 1      T                         0.0    0.0      0.0
  SNOW DEPTH       0

DEGREE DAYS
 HEATING
  YESTERDAY        0                         1     -1        0
  MONTH TO DATE    0                         6     -6        0
  SINCE SEP 1      0                         6     -6        0
  SINCE JUL 1     10                        20    -10       11

 COOLING
  YESTERDAY        0                         4     -4        8
  MONTH TO DATE   41                        29     12       27
  SINCE SEP 1     41                        29     12       27
  SINCE JAN 1    697                       756    -59      776
..................................................................


WIND (MPH)
  HIGHEST WIND SPEED    14   HIGHEST WIND DIRECTION     N (350)
  HIGHEST GUST SPEED    18   HIGHEST GUST DIRECTION     N (360)
  AVERAGE WIND SPEED     6.9


SKY COVER
  POSSIBLE SUNSHINE  MM
  AVERAGE SKY COVER 0.4


WEATHER CONDITIONS
 THE FOLLOWING WEATHER WAS RECORDED YESTERDAY.
  NO SIGNIFICANT WEATHER WAS OBSERVED.


RELATIVE HUMIDITY (PERCENT)
 HIGHEST    93           400 AM
 LOWEST     43           300 PM
 AVERAGE    68

..........................................................


THE ROCKFORD IL CLIMATE NORMALS FOR TODAY
                         NORMAL    RECORD    YEAR
 MAXIMUM TEMPERATURE (F)   79       103      1939
 MINIMUM TEMPERATURE (F)   56        37      1986


SUNRISE AND SUNSET
SEPTEMBER  7 2014.....SUNRISE   628 AM CDT   SUNSET   720 PM CDT
SEPTEMBER  8 2014.....SUNRISE   629 AM CDT   SUNSET   718 PM CDT


-  INDICATES NEGATIVE NUMBERS.
R  INDICATES RECORD WAS SET OR TIED.
MM INDICATES DATA IS MISSING.
T  INDICATES TRACE AMOUNT.




$$
