000
CDUS43 KLOT 122231
CLIRFD


CLIMATE REPORT
NATIONAL WEATHER SERVICE CHICAGO IL
431 PM CST SAT NOV 12 2016


...................................

...THE ROCKFORD IL CLIMATE SUMMARY FOR NOVEMBER 12 2016...
VALID TODAY AS OF 0400 PM LOCAL TIME.

CLIMATE NORMAL PERIOD 1981 TO 2010
CLIMATE RECORD PERIOD 1905 TO 2016


WEATHER ITEM   OBSERVED TIME   RECORD YEAR NORMAL DEPARTURE LAST
                VALUE   (LST)  VALUE       VALUE  FROM      YEAR
                                                  NORMAL
..................................................................
TEMPERATURE (F)
 TODAY
  MAXIMUM         51    320 PM  68    1909  50      1       55
  MINIMUM         25    703 AM   7    1986  32     -7       40
  AVERAGE         38                        41     -3       48

PRECIPITATION (IN)
  TODAY            0.00          1.69 1922   0.08  -0.08     0.01
  MONTH TO DATE    0.65                      1.05  -0.40     0.57
  SINCE SEP 1      5.34                      7.07  -1.73     5.87
  SINCE JAN 1     31.26                     32.73  -1.47    30.40

SNOWFALL (IN)
  TODAY            0.0           3.5  1959   0.0    0.0      0.0
  MONTH TO DATE    0.0                       0.1   -0.1      0.0
  SINCE SEP 1      T                         0.2   -0.2      0.0
  SINCE JUL 1      T                         0.2   -0.2      0.0

DEGREE DAYS
 HEATING
  TODAY           27                        24      3       17
  MONTH TO DATE  151                       258   -107      171
  SINCE SEP 1    448                       797   -349      548
  SINCE JUL 1    448                       811   -363      558

 COOLING
  TODAY            0                         0      0        0
  MONTH TO DATE    4                         0      4        0
  SINCE SEP 1    186                        93     93      172
  SINCE JAN 1   1103                       820    283      825
..................................................................


WIND (MPH)
  HIGHEST WIND SPEED    14   HIGHEST WIND DIRECTION    SW (240)
  HIGHEST GUST SPEED    20   HIGHEST GUST DIRECTION    SW (210)
  AVERAGE WIND SPEED     4.9


SKY COVER
  POSSIBLE SUNSHINE  MM
  AVERAGE SKY COVER 0.2


WEATHER CONDITIONS
 THE FOLLOWING WEATHER WAS RECORDED TODAY.
  FOG


RELATIVE HUMIDITY (PERCENT)
 HIGHEST    92           200 AM
 LOWEST     52           100 PM
 AVERAGE    72

..........................................................


THE ROCKFORD IL CLIMATE NORMALS FOR TOMORROW
                         NORMAL    RECORD    YEAR
 MAXIMUM TEMPERATURE (F)   49        73      1989
 MINIMUM TEMPERATURE (F)   32         3      1986


SUNRISE AND SUNSET
NOVEMBER 12 2016......SUNRISE   644 AM CST   SUNSET   437 PM CST
NOVEMBER 13 2016......SUNRISE   645 AM CST   SUNSET   436 PM CST


-  INDICATES NEGATIVE NUMBERS.
R  INDICATES RECORD WAS SET OR TIED.
MM INDICATES DATA IS MISSING.
T  INDICATES TRACE AMOUNT.




$$
