000
CDUS43 KLOT 072237
CLIRFD


CLIMATE REPORT
NATIONAL WEATHER SERVICE CHICAGO IL
434 PM CST FRI NOV 7 2014


...................................

...THE ROCKFORD IL CLIMATE SUMMARY FOR NOVEMBER 7 2014...
VALID TODAY AS OF 0400 PM LOCAL TIME.

CLIMATE NORMAL PERIOD 1981 TO 2010
CLIMATE RECORD PERIOD 1905 TO 2014


WEATHER ITEM   OBSERVED TIME   RECORD YEAR NORMAL DEPARTURE LAST
                VALUE   (LST)  VALUE       VALUE  FROM      YEAR
                                                  NORMAL
..................................................................
TEMPERATURE (F)
 TODAY
  MAXIMUM         43    219 PM  78    1915  53    -10       40
  MINIMUM         27    705 AM   7    1991  34     -7       25
  AVERAGE         35                        43     -8       33

PRECIPITATION (IN)
  TODAY            0.00          0.93 1938   0.08  -0.08     0.00
  MONTH TO DATE    0.27                      0.63  -0.36     0.49
  SINCE SEP 1      4.96                      6.65  -1.69     5.28
  SINCE JAN 1     31.21                     32.31  -1.10    37.28

SNOWFALL (IN)
  TODAY            0.0           3.1  1951   0.1   -0.1      0.0
  MONTH TO DATE    0.0                       0.1   -0.1      0.0
  SINCE SEP 1      0.1                       0.2   -0.1       T
  SINCE JUL 1      0.1                       0.2   -0.1       T

DEGREE DAYS
 HEATING
  TODAY           30                        22      8       32
  MONTH TO DATE  151                       142      9      151
  SINCE SEP 1    703                       681     22      641
  SINCE JUL 1    713                       695     18      652

 COOLING
  TODAY            0                         0      0        0
  MONTH TO DATE    0                         0      0        0
  SINCE SEP 1     73                        93    -20      141
  SINCE JAN 1    729                       820    -91      890
..................................................................


WIND (MPH)
  HIGHEST WIND SPEED    16   HIGHEST WIND DIRECTION     S (170)
  HIGHEST GUST SPEED    19   HIGHEST GUST DIRECTION     S (180)
  AVERAGE WIND SPEED     6.2


SKY COVER
  POSSIBLE SUNSHINE  MM
  AVERAGE SKY COVER 0.7


WEATHER CONDITIONS
 THE FOLLOWING WEATHER WAS RECORDED TODAY.
  NO SIGNIFICANT WEATHER WAS OBSERVED.


RELATIVE HUMIDITY (PERCENT)
 HIGHEST    85           400 AM
 LOWEST     49          1200 PM
 AVERAGE    67

..........................................................


THE ROCKFORD IL CLIMATE NORMALS FOR TOMORROW
                         NORMAL    RECORD    YEAR
 MAXIMUM TEMPERATURE (F)   52        75      1999
 MINIMUM TEMPERATURE (F)   34         7      1991
                                             1925


SUNRISE AND SUNSET
NOVEMBER  7 2014......SUNRISE   637 AM CST   SUNSET   443 PM CST
NOVEMBER  8 2014......SUNRISE   638 AM CST   SUNSET   442 PM CST


-  INDICATES NEGATIVE NUMBERS.
R  INDICATES RECORD WAS SET OR TIED.
MM INDICATES DATA IS MISSING.
T  INDICATES TRACE AMOUNT.




$$
