000
CDUS43 KLOT 052236
CLIRFD


CLIMATE REPORT
NATIONAL WEATHER SERVICE CHICAGO IL
435 PM CST FRI DEC 5 2014


...................................

...THE ROCKFORD IL CLIMATE SUMMARY FOR DECEMBER 5 2014...
VALID TODAY AS OF 0400 PM LOCAL TIME.

CLIMATE NORMAL PERIOD 1981 TO 2010
CLIMATE RECORD PERIOD 1905 TO 2014


WEATHER ITEM   OBSERVED TIME   RECORD YEAR NORMAL DEPARTURE LAST
                VALUE   (LST)  VALUE       VALUE  FROM      YEAR
                                                  NORMAL
..................................................................
TEMPERATURE (F)
 TODAY
  MAXIMUM         39    250 PM  67    2001  37      2       32
  MINIMUM         32    838 AM  -5    2005  21     11       17
  AVERAGE         36                        29      7       25

PRECIPITATION (IN)
  TODAY            0.00          1.04 1909   0.07  -0.07      T
  MONTH TO DATE    0.00                      0.38  -0.38     0.13
  SINCE DEC 1      0.00                      0.38  -0.38     0.13
  SINCE JAN 1     32.57                     34.64  -2.07    39.01

SNOWFALL (IN)
  TODAY            0.0           3.0  1977   0.3   -0.3       T
  MONTH TO DATE    0.0                       1.5   -1.5       T
  SINCE DEC 1      0.0                       1.5   -1.5       T
  SINCE JUL 1      3.6                       3.3    0.3      1.0

DEGREE DAYS
 HEATING
  TODAY           29                        36     -7       40
  MONTH TO DATE  193                       176     17      149
  SINCE DEC 1    193                       176     17      149
  SINCE JUL 1   1740                      1511    229     1532

 COOLING
  TODAY            0                         0      0        0
  MONTH TO DATE    0                         0      0        0
  SINCE DEC 1      0                         0      0        0
  SINCE JAN 1    729                       820    -91      890
..................................................................


WIND (MPH)
  HIGHEST WIND SPEED    12   HIGHEST WIND DIRECTION    SE (150)
  HIGHEST GUST SPEED    14   HIGHEST GUST DIRECTION    SE (140)
  AVERAGE WIND SPEED     5.4


SKY COVER
  POSSIBLE SUNSHINE  MM
  AVERAGE SKY COVER 1.0


WEATHER CONDITIONS
 THE FOLLOWING WEATHER WAS RECORDED TODAY.
  FOG
  HAZE


RELATIVE HUMIDITY (PERCENT)
 HIGHEST    92           800 AM
 LOWEST     72          1200 AM
 AVERAGE    82

..........................................................


THE ROCKFORD IL CLIMATE NORMALS FOR TOMORROW
                         NORMAL    RECORD    YEAR
 MAXIMUM TEMPERATURE (F)   36        60      1980
 MINIMUM TEMPERATURE (F)   21       -10      1964


SUNRISE AND SUNSET
DECEMBER  5 2014......SUNRISE   709 AM CST   SUNSET   424 PM CST
DECEMBER  6 2014......SUNRISE   710 AM CST   SUNSET   424 PM CST


-  INDICATES NEGATIVE NUMBERS.
R  INDICATES RECORD WAS SET OR TIED.
MM INDICATES DATA IS MISSING.
T  INDICATES TRACE AMOUNT.




$$
