000
CDUS43 KLOT 050633
CLIRFD


CLIMATE REPORT
NATIONAL WEATHER SERVICE CHICAGO IL
133 AM CDT MON JUN 5 2017


...................................

...THE ROCKFORD IL CLIMATE SUMMARY FOR JUNE 4 2017...

CLIMATE NORMAL PERIOD 1981 TO 2010
CLIMATE RECORD PERIOD 1905 TO 2017


WEATHER ITEM   OBSERVED TIME   RECORD YEAR NORMAL DEPARTURE LAST
                VALUE   (LST)  VALUE       VALUE  FROM      YEAR
                                                  NORMAL
..................................................................
TEMPERATURE (F)
 YESTERDAY
  MAXIMUM         90    344 PM  98    1934  78     12       81
  MINIMUM         61   1129 PM  35    1945  55      6       62
  AVERAGE         76                        66     10       72

PRECIPITATION (IN)
  YESTERDAY        T             3.80 2002   0.17  -0.17      T
  MONTH TO DATE    0.81                      0.65   0.16     0.01
  SINCE JUN 1      0.81                      0.65   0.16     0.01
  SINCE JAN 1     19.66                     13.12   6.54    11.57

SNOWFALL (IN)
  YESTERDAY        0.0           0.0    MM   0.0    0.0      0.0
  MONTH TO DATE    0.0                       0.0    0.0      0.0
  SINCE JUN 1      0.0                       0.0    0.0      0.0
  SINCE JUL 1     22.1                      36.7  -14.6     24.0
  SNOW DEPTH       0

DEGREE DAYS
 HEATING
  YESTERDAY        0                         2     -2        0
  MONTH TO DATE    2                        10     -8        0
  SINCE JUN 1      2                        10     -8        0
  SINCE JUL 1   5454                      6548  -1094     5535

 COOLING
  YESTERDAY       11                         4      7        7
  MONTH TO DATE   21                        13      8       19
  SINCE JUN 1     21                        13      8       19
  SINCE JAN 1     57                        68    -11      104
..................................................................


WIND (MPH)
  HIGHEST WIND SPEED    16   HIGHEST WIND DIRECTION    NW (330)
  HIGHEST GUST SPEED    22   HIGHEST GUST DIRECTION    NW (330)
  AVERAGE WIND SPEED     6.4


SKY COVER
  POSSIBLE SUNSHINE  MM
  AVERAGE SKY COVER 0.6


WEATHER CONDITIONS
 THE FOLLOWING WEATHER WAS RECORDED YESTERDAY.
  NO SIGNIFICANT WEATHER WAS OBSERVED.


RELATIVE HUMIDITY (PERCENT)
 HIGHEST    87           100 AM
 LOWEST     23           600 PM
 AVERAGE    55

..........................................................


THE ROCKFORD IL CLIMATE NORMALS FOR TODAY
                         NORMAL    RECORD    YEAR
 MAXIMUM TEMPERATURE (F)   78        94      1934
                                             1925
 MINIMUM TEMPERATURE (F)   55        35      1945


SUNRISE AND SUNSET
JUNE  5 2017..........SUNRISE   521 AM CDT   SUNSET   829 PM CDT
JUNE  6 2017..........SUNRISE   521 AM CDT   SUNSET   830 PM CDT


-  INDICATES NEGATIVE NUMBERS.
R  INDICATES RECORD WAS SET OR TIED.
MM INDICATES DATA IS MISSING.
T  INDICATES TRACE AMOUNT.




$$
