000
CDUS43 KLOT 090648
CLIRFD


CLIMATE REPORT
NATIONAL WEATHER SERVICE CHICAGO IL
148 AM CDT THU OCT 9 2014


...................................

...THE ROCKFORD IL CLIMATE SUMMARY FOR OCTOBER 8 2014...

CLIMATE NORMAL PERIOD 1981 TO 2010
CLIMATE RECORD PERIOD 1905 TO 2014


WEATHER ITEM   OBSERVED TIME   RECORD YEAR NORMAL DEPARTURE LAST
                VALUE   (LST)  VALUE       VALUE  FROM      YEAR
                                                  NORMAL
..................................................................
TEMPERATURE (F)
 YESTERDAY
  MAXIMUM         67    632 AM  88    1916  66      1       77
  MINIMUM         42    317 PM  24    1987  43     -1       43
  AVERAGE         55                        54      1       60

PRECIPITATION (IN)
  YESTERDAY        0.00          0.52 2004   0.09  -0.09     0.00
  MONTH TO DATE    0.83                      0.73   0.10     1.25
  SINCE SEP 1      2.83                      4.08  -1.25     2.86
  SINCE JAN 1     29.08                     29.74  -0.66    34.86

SNOWFALL (IN)
  YESTERDAY        0.0           T    1915   0.0    0.0      0.0
  MONTH TO DATE    T                         0.0    0.0      0.0
  SINCE SEP 1      T                         0.0    0.0      0.0
  SINCE JUL 1      T                         0.0    0.0      0.0
  SNOW DEPTH       0

DEGREE DAYS
 HEATING
  YESTERDAY       10                        11     -1        5
  MONTH TO DATE   95                        79     16       25
  SINCE SEP 1    226                       196     30       96
  SINCE JUL 1    236                       210     26      107

 COOLING
  YESTERDAY        0                         1     -1        0
  MONTH TO DATE    3                         8     -5       16
  SINCE SEP 1     73                        92    -19      141
  SINCE JAN 1    729                       819    -90      890
..................................................................


WIND (MPH)
  HIGHEST WIND SPEED    18   HIGHEST WIND DIRECTION     W (270)
  HIGHEST GUST SPEED    31   HIGHEST GUST DIRECTION     W (290)
  AVERAGE WIND SPEED     9.2


SKY COVER
  POSSIBLE SUNSHINE  MM
  AVERAGE SKY COVER 0.3


WEATHER CONDITIONS
 THE FOLLOWING WEATHER WAS RECORDED YESTERDAY.
  NO SIGNIFICANT WEATHER WAS OBSERVED.


RELATIVE HUMIDITY (PERCENT)
 HIGHEST    83           100 AM
 LOWEST     29           300 PM
 AVERAGE    56

..........................................................


THE ROCKFORD IL CLIMATE NORMALS FOR TODAY
                         NORMAL    RECORD    YEAR
 MAXIMUM TEMPERATURE (F)   66        90      2010
 MINIMUM TEMPERATURE (F)   43        23      1915


SUNRISE AND SUNSET
OCTOBER  9 2014.......SUNRISE   702 AM CDT   SUNSET   624 PM CDT
OCTOBER 10 2014.......SUNRISE   703 AM CDT   SUNSET   623 PM CDT


-  INDICATES NEGATIVE NUMBERS.
R  INDICATES RECORD WAS SET OR TIED.
MM INDICATES DATA IS MISSING.
T  INDICATES TRACE AMOUNT.




$$
