000
CDUS43 KLOT 250636
CLIRFD


CLIMATE REPORT
NATIONAL WEATHER SERVICE CHICAGO IL
135 AM CDT TUE MAR 25 2014


...................................

...THE ROCKFORD IL CLIMATE SUMMARY FOR MARCH 24 2014...

CLIMATE NORMAL PERIOD 1981 TO 2010
CLIMATE RECORD PERIOD 1905 TO 2014


WEATHER ITEM   OBSERVED TIME   RECORD YEAR NORMAL DEPARTURE LAST
                VALUE   (LST)  VALUE       VALUE  FROM      YEAR
                                                  NORMAL
..................................................................
TEMPERATURE (F)
 YESTERDAY
  MAXIMUM         36    312 PM  80    1939  51    -15       36
  MINIMUM         18    405 AM   1    1974  30    -12       30
  AVERAGE         27                        40    -13       33

PRECIPITATION (IN)
  YESTERDAY        0.02          2.15 2009   0.08  -0.06     0.08
  MONTH TO DATE    0.72                      1.69  -0.97     2.29
  SINCE MAR 1      0.72                      1.69  -0.97     2.29
  SINCE JAN 1      4.46                      4.47  -0.01     8.36

SNOWFALL (IN)
  YESTERDAY        0.2           3.6  1979   0.1    0.1      1.9
  MONTH TO DATE    9.1                       4.1    5.0     13.8
  SINCE MAR 1      9.1                       4.1    5.0     13.8
  SINCE JUL 1     56.6                      35.1   21.5     40.4
  SNOW DEPTH       0

DEGREE DAYS
 HEATING
  YESTERDAY       38                        25     13       32
  MONTH TO DATE  902                       703    199      910
  SINCE MAR 1    902                       703    199      910
  SINCE JUL 1   6794                      5705   1089     5647

 COOLING
  YESTERDAY        0                         0      0        0
  MONTH TO DATE    0                         0      0        0
  SINCE MAR 1      0                         0      0        0
  SINCE JAN 1      0                         0      0        0
..................................................................


WIND (MPH)
  HIGHEST WIND SPEED    25   HIGHEST WIND DIRECTION    NW (300)
  HIGHEST GUST SPEED    32   HIGHEST GUST DIRECTION    NW (310)
  AVERAGE WIND SPEED     8.0


SKY COVER
  POSSIBLE SUNSHINE  MM
  AVERAGE SKY COVER 0.6


WEATHER CONDITIONS
 THE FOLLOWING WEATHER WAS RECORDED YESTERDAY.
  HEAVY SNOW
  LIGHT SNOW
  FOG


RELATIVE HUMIDITY (PERCENT)
 HIGHEST    72          1000 PM
 LOWEST     35           100 PM
 AVERAGE    54

..........................................................


THE ROCKFORD IL CLIMATE NORMALS FOR TODAY
                         NORMAL    RECORD    YEAR
 MAXIMUM TEMPERATURE (F)   51        79      2007
 MINIMUM TEMPERATURE (F)   31         5      1960


SUNRISE AND SUNSET
MARCH 25 2014.........SUNRISE   651 AM CDT   SUNSET   714 PM CDT
MARCH 26 2014.........SUNRISE   649 AM CDT   SUNSET   715 PM CDT


-  INDICATES NEGATIVE NUMBERS.
R  INDICATES RECORD WAS SET OR TIED.
MM INDICATES DATA IS MISSING.
T  INDICATES TRACE AMOUNT.




$$
