000
CDUS43 KLOT 082134
CLIRFD


CLIMATE REPORT
NATIONAL WEATHER SERVICE CHICAGO IL
433 PM CDT FRI APR 8 2016


...................................

...THE ROCKFORD IL CLIMATE SUMMARY FOR APRIL 8 2016...
VALID TODAY AS OF 0400 PM LOCAL TIME.

CLIMATE NORMAL PERIOD 1981 TO 2010
CLIMATE RECORD PERIOD 1905 TO 2016


WEATHER ITEM   OBSERVED TIME   RECORD YEAR NORMAL DEPARTURE LAST
                VALUE   (LST)  VALUE       VALUE  FROM      YEAR
                                                  NORMAL
..................................................................
TEMPERATURE (F)
 TODAY
  MAXIMUM         42    244 PM  85    1931  58    -16       53
  MINIMUM         35    558 AM  15    1972  35      0       42
  AVERAGE         39                        46     -7       48

PRECIPITATION (IN)
  TODAY            0.05          1.39 1993   0.11  -0.06      T
  MONTH TO DATE    1.49                      0.86   0.63     0.27
  SINCE MAR 1      5.50                      3.18   2.32     1.57
  SINCE JAN 1      7.03                      5.96   1.07     3.49

SNOWFALL (IN)
  TODAY            T             1.3  1982   0.1   -0.1      0.0
  MONTH TO DATE    T                         0.5   -0.5      0.0
  SINCE MAR 1      2.4                       5.3   -2.9      7.6
  SINCE JUL 1     23.6                      36.3  -12.7     35.5

DEGREE DAYS
 HEATING
  TODAY           26                        19      7       17
  MONTH TO DATE  199                       160     39      123
  SINCE MAR 1    878                      1022   -144     1059
  SINCE JUL 1   5064                      6024   -960     6505

 COOLING
  TODAY            0                         0      0        0
  MONTH TO DATE    0                         0      0        0
  SINCE MAR 1      0                         0      0        0
  SINCE JAN 1      0                         0      0        0
..................................................................


WIND (MPH)
  HIGHEST WIND SPEED    30   HIGHEST WIND DIRECTION    NW (320)
  HIGHEST GUST SPEED    38   HIGHEST GUST DIRECTION    NW (320)
  AVERAGE WIND SPEED     7.4


SKY COVER
  POSSIBLE SUNSHINE  MM
  AVERAGE SKY COVER 1.0


WEATHER CONDITIONS
 THE FOLLOWING WEATHER WAS RECORDED TODAY.
  LIGHT RAIN
  SNOW
  LIGHT SNOW
  SLEET
  FOG


RELATIVE HUMIDITY (PERCENT)
 HIGHEST    89           500 AM
 LOWEST     48           100 PM
 AVERAGE    69

..........................................................


THE ROCKFORD IL CLIMATE NORMALS FOR TOMORROW
                         NORMAL    RECORD    YEAR
 MAXIMUM TEMPERATURE (F)   58        77      1934
 MINIMUM TEMPERATURE (F)   36        17      1997


SUNRISE AND SUNSET
APRIL  8 2016.........SUNRISE   626 AM CDT   SUNSET   731 PM CDT
APRIL  9 2016.........SUNRISE   625 AM CDT   SUNSET   732 PM CDT


-  INDICATES NEGATIVE NUMBERS.
R  INDICATES RECORD WAS SET OR TIED.
MM INDICATES DATA IS MISSING.
T  INDICATES TRACE AMOUNT.




$$
