000
CDUS43 KLOT 142138
CLIRFD


CLIMATE REPORT
NATIONAL WEATHER SERVICE CHICAGO IL
433 PM CDT TUE JUL 14 2015


...................................

...THE ROCKFORD IL CLIMATE SUMMARY FOR JULY 14 2015...
VALID TODAY AS OF 0400 PM LOCAL TIME.

CLIMATE NORMAL PERIOD 1981 TO 2010
CLIMATE RECORD PERIOD 1905 TO 2015


WEATHER ITEM   OBSERVED TIME   RECORD YEAR NORMAL DEPARTURE LAST
                VALUE   (LST)  VALUE       VALUE  FROM      YEAR
                                                  NORMAL
..................................................................
TEMPERATURE (F)
 TODAY
  MAXIMUM         84    259 PM 112    1936  85     -1       79
  MINIMUM         70    512 AM  45    1926  63      7       57
  AVERAGE         77                        74      3       68

PRECIPITATION (IN)
  TODAY            T             2.46 1972   0.12  -0.12     0.15
  MONTH TO DATE    1.72                      1.76  -0.04     2.42
  SINCE JUN 1      6.36                      6.41  -0.05    10.48
  SINCE JAN 1     17.55                     18.88  -1.33    20.45

SNOWFALL (IN)
  TODAY            0.0           0.0    MM   0.0    0.0      0.0
  MONTH TO DATE    0.0                       0.0    0.0      0.0
  SINCE JUN 1      0.0                       0.0    0.0      0.0
  SINCE JUL 1      0.0                       0.0    0.0      0.0

DEGREE DAYS
 HEATING
  TODAY            0                         0      0        0
  MONTH TO DATE    5                         0      5        3
  SINCE JUN 1     21                        31    -10       14
  SINCE JUL 1      5                         0      5        3

 COOLING
  TODAY           12                         9      3        3
  MONTH TO DATE   75                       126    -51       72
  SINCE JUN 1    227                       301    -74      267
  SINCE JAN 1    287                       356    -69      350
..................................................................


WIND (MPH)
  HIGHEST WIND SPEED    22   HIGHEST WIND DIRECTION     N (340)
  HIGHEST GUST SPEED    26   HIGHEST GUST DIRECTION     N (350)
  AVERAGE WIND SPEED    10.7


SKY COVER
  POSSIBLE SUNSHINE  MM
  AVERAGE SKY COVER 0.5


WEATHER CONDITIONS
 THE FOLLOWING WEATHER WAS RECORDED TODAY.
  NO SIGNIFICANT WEATHER WAS OBSERVED.


RELATIVE HUMIDITY (PERCENT)
 HIGHEST    90           500 AM
 LOWEST     55           200 PM
 AVERAGE    73

..........................................................


THE ROCKFORD IL CLIMATE NORMALS FOR TOMORROW
                         NORMAL    RECORD    YEAR
 MAXIMUM TEMPERATURE (F)   85       102      1988
 MINIMUM TEMPERATURE (F)   63        45      1930


SUNRISE AND SUNSET
JULY 14 2015..........SUNRISE   533 AM CDT   SUNSET   831 PM CDT
JULY 15 2015..........SUNRISE   533 AM CDT   SUNSET   831 PM CDT


-  INDICATES NEGATIVE NUMBERS.
R  INDICATES RECORD WAS SET OR TIED.
MM INDICATES DATA IS MISSING.
T  INDICATES TRACE AMOUNT.




$$
