000
CDUS43 KLOT 130633
CLIRFD


CLIMATE REPORT
NATIONAL WEATHER SERVICE CHICAGO IL
1232 AM CST SAT FEB 13 2016


...................................

...THE ROCKFORD IL CLIMATE SUMMARY FOR FEBRUARY 12 2016...

CLIMATE NORMAL PERIOD 1981 TO 2010
CLIMATE RECORD PERIOD 1905 TO 2016


WEATHER ITEM   OBSERVED TIME   RECORD YEAR NORMAL DEPARTURE LAST
                VALUE   (LST)  VALUE       VALUE  FROM      YEAR
                                                  NORMAL
..................................................................
TEMPERATURE (F)
 YESTERDAY
  MAXIMUM         23    238 PM  56    1976  33    -10       16
  MINIMUM          7   1159 PM -15    1981  17    -10        4
  AVERAGE         15                        25    -10       10

PRECIPITATION (IN)
  YESTERDAY        T             0.92 1908   0.05  -0.05      T
  MONTH TO DATE    0.41                      0.52  -0.11     0.69
  SINCE DEC 1      5.94                      3.87   2.07     2.69
  SINCE JAN 1      1.29                      1.89  -0.60     1.76

SNOWFALL (IN)
  YESTERDAY        T             5.7  1994   0.3   -0.3      0.4
  MONTH TO DATE    0.7                       3.6   -2.9     12.0
  SINCE DEC 1      9.6                      25.1  -15.5     21.6
  SINCE JUL 1     18.4                      26.9   -8.5     25.2
  SNOW DEPTH       0

DEGREE DAYS
 HEATING
  YESTERDAY       50                        40     10       55
  MONTH TO DATE  478                       497    -19      575
  SINCE DEC 1   2618                      3071   -453     3000
  SINCE JUL 1   3649                      4406   -757     4547

 COOLING
  YESTERDAY        0                         0      0        0
  MONTH TO DATE    0                         0      0        0
  SINCE DEC 1      0                         0      0        0
  SINCE JAN 1      0                         0      0        0
..................................................................


WIND (MPH)
  HIGHEST WIND SPEED    29   HIGHEST WIND DIRECTION    NW (300)
  HIGHEST GUST SPEED    37   HIGHEST GUST DIRECTION    NW (300)
  AVERAGE WIND SPEED    15.2


SKY COVER
  POSSIBLE SUNSHINE  MM
  AVERAGE SKY COVER 0.6


WEATHER CONDITIONS
 THE FOLLOWING WEATHER WAS RECORDED YESTERDAY.
  LIGHT SNOW


RELATIVE HUMIDITY (PERCENT)
 HIGHEST    67           300 AM
 LOWEST     41           300 PM
 AVERAGE    54

..........................................................


THE ROCKFORD IL CLIMATE NORMALS FOR TODAY
                         NORMAL    RECORD    YEAR
 MAXIMUM TEMPERATURE (F)   33        60      1938
 MINIMUM TEMPERATURE (F)   17        -7      1988
                                             1986


SUNRISE AND SUNSET
FEBRUARY 13 2016......SUNRISE   656 AM CST   SUNSET   526 PM CST
FEBRUARY 14 2016......SUNRISE   654 AM CST   SUNSET   527 PM CST


-  INDICATES NEGATIVE NUMBERS.
R  INDICATES RECORD WAS SET OR TIED.
MM INDICATES DATA IS MISSING.
T  INDICATES TRACE AMOUNT.




$$
