000
CDUS43 KLOT 270654
CLIRFD


CLIMATE REPORT
NATIONAL WEATHER SERVICE CHICAGO IL
1253 AM CST THU NOV 27 2014


...................................

...THE ROCKFORD IL CLIMATE SUMMARY FOR NOVEMBER 26 2014...

CLIMATE NORMAL PERIOD 1981 TO 2010
CLIMATE RECORD PERIOD 1905 TO 2014


WEATHER ITEM   OBSERVED TIME   RECORD YEAR NORMAL DEPARTURE LAST
                VALUE   (LST)  VALUE       VALUE  FROM      YEAR
                                                  NORMAL
..................................................................
TEMPERATURE (F)
 YESTERDAY
  MAXIMUM         27    643 PM  67    1914  42    -15       33
  MINIMUM         10    155 AM -10    1977  25    -15       13
  AVERAGE         19                        33    -14       23

PRECIPITATION (IN)
  YESTERDAY        T             1.30 1934   0.08  -0.08      T
  MONTH TO DATE    1.63                      2.25  -0.62     2.09
  SINCE SEP 1      6.32                      8.27  -1.95     6.88
  SINCE JAN 1     32.57                     33.93  -1.36    38.88

SNOWFALL (IN)
  YESTERDAY        T             4.0  1950   0.1   -0.1      0.2
  MONTH TO DATE    3.5                       1.1    2.4      1.0
  SINCE SEP 1      3.6                       1.2    2.4      1.0
  SINCE JUL 1      3.6                       1.2    2.4      1.0
  SNOW DEPTH       2

DEGREE DAYS
 HEATING
  YESTERDAY       46                        32     14       42
  MONTH TO DATE  836                       651    185      724
  SINCE SEP 1   1388                      1190    198     1214
  SINCE JUL 1   1398                      1204    194     1225

 COOLING
  YESTERDAY        0                         0      0        0
  MONTH TO DATE    0                         0      0        0
  SINCE SEP 1     73                        93    -20      141
  SINCE JAN 1    729                       820    -91      890
..................................................................


WIND (MPH)
  HIGHEST WIND SPEED    13   HIGHEST WIND DIRECTION     N (340)
  HIGHEST GUST SPEED    17   HIGHEST GUST DIRECTION     N (350)
  AVERAGE WIND SPEED     5.8


SKY COVER
  POSSIBLE SUNSHINE  MM
  AVERAGE SKY COVER 0.7


WEATHER CONDITIONS
 THE FOLLOWING WEATHER WAS RECORDED YESTERDAY.
  LIGHT SNOW
  FOG
  HAZE


RELATIVE HUMIDITY (PERCENT)
 HIGHEST    88           600 AM
 LOWEST     68           400 PM
 AVERAGE    78

..........................................................


THE ROCKFORD IL CLIMATE NORMALS FOR TODAY
                         NORMAL    RECORD    YEAR
 MAXIMUM TEMPERATURE (F)   41        65      1990
 MINIMUM TEMPERATURE (F)   25        -1      1930


SUNRISE AND SUNSET
NOVEMBER 27 2014......SUNRISE   701 AM CST   SUNSET   427 PM CST
NOVEMBER 28 2014......SUNRISE   702 AM CST   SUNSET   426 PM CST


-  INDICATES NEGATIVE NUMBERS.
R  INDICATES RECORD WAS SET OR TIED.
MM INDICATES DATA IS MISSING.
T  INDICATES TRACE AMOUNT.




$$
