000
CDUS43 KLOT 220633
CLIRFD


CLIMATE REPORT
NATIONAL WEATHER SERVICE CHICAGO IL
133 AM CDT MON SEP 22 2014


...................................

...THE ROCKFORD IL CLIMATE SUMMARY FOR SEPTEMBER 21 2014...

CLIMATE NORMAL PERIOD 1981 TO 2010
CLIMATE RECORD PERIOD 1905 TO 2014


WEATHER ITEM   OBSERVED TIME   RECORD YEAR NORMAL DEPARTURE LAST
                VALUE   (LST)  VALUE       VALUE  FROM      YEAR
                                                  NORMAL
..................................................................
TEMPERATURE (F)
 YESTERDAY
  MAXIMUM         69    331 PM  94    1920  73     -4       68
  MINIMUM         47   1141 PM  34    1995  50     -3       48
  AVERAGE         58                        62     -4       58

PRECIPITATION (IN)
  YESTERDAY        0.00          3.20 1950   0.12  -0.12     0.00
  MONTH TO DATE    2.00                      2.40  -0.40     1.54
  SINCE SEP 1      2.00                      2.40  -0.40     1.54
  SINCE JAN 1     28.25                     28.06   0.19    33.54

SNOWFALL (IN)
  YESTERDAY        0.0           0.0    MM   0.0    0.0      0.0
  MONTH TO DATE    0.0                       0.0    0.0      0.0
  SINCE SEP 1      0.0                       0.0    0.0      0.0
  SINCE JUL 1      T                         0.0    0.0      0.0
  SNOW DEPTH       0

DEGREE DAYS
 HEATING
  YESTERDAY        7                         5      2        7
  MONTH TO DATE  104                        55     49       42
  SINCE SEP 1    104                        55     49       42
  SINCE JUL 1    114                        69     45       53

 COOLING
  YESTERDAY        0                         2     -2        0
  MONTH TO DATE   52                        73    -21      119
  SINCE SEP 1     52                        73    -21      119
  SINCE JAN 1    708                       800    -92      868
..................................................................


WIND (MPH)
  HIGHEST WIND SPEED    24   HIGHEST WIND DIRECTION    NW (310)
  HIGHEST GUST SPEED    33   HIGHEST GUST DIRECTION    NW (310)
  AVERAGE WIND SPEED    10.6


SKY COVER
  POSSIBLE SUNSHINE  MM
  AVERAGE SKY COVER 0.4


WEATHER CONDITIONS
 THE FOLLOWING WEATHER WAS RECORDED YESTERDAY.
  NO SIGNIFICANT WEATHER WAS OBSERVED.


RELATIVE HUMIDITY (PERCENT)
 HIGHEST    87          1200 AM
 LOWEST     48           500 PM
 AVERAGE    68

..........................................................


THE ROCKFORD IL CLIMATE NORMALS FOR TODAY
                         NORMAL    RECORD    YEAR
 MAXIMUM TEMPERATURE (F)   73        93      1937
 MINIMUM TEMPERATURE (F)   49        30      1976


SUNRISE AND SUNSET
SEPTEMBER 22 2014.....SUNRISE   644 AM CDT   SUNSET   654 PM CDT
SEPTEMBER 23 2014.....SUNRISE   645 AM CDT   SUNSET   652 PM CDT


-  INDICATES NEGATIVE NUMBERS.
R  INDICATES RECORD WAS SET OR TIED.
MM INDICATES DATA IS MISSING.
T  INDICATES TRACE AMOUNT.




$$
