000
CDUS43 KLOT 010637
CLIRFD


CLIMATE REPORT
NATIONAL WEATHER SERVICE CHICAGO IL
137 AM CDT FRI JUL 1 2016


...................................

...THE ROCKFORD IL CLIMATE SUMMARY FOR JUNE 30 2016...

CLIMATE NORMAL PERIOD 1981 TO 2010
CLIMATE RECORD PERIOD 1905 TO 2016


WEATHER ITEM   OBSERVED TIME   RECORD YEAR NORMAL DEPARTURE LAST
                VALUE   (LST)  VALUE       VALUE  FROM      YEAR
                                                  NORMAL
..................................................................
TEMPERATURE (F)
 YESTERDAY
  MAXIMUM         79    316 PM 102    1931  84     -5       77
  MINIMUM         56    456 AM  42    1943  62     -6       60
  AVERAGE         68                        73     -5       69

PRECIPITATION (IN)
  YESTERDAY        0.07          1.47 1977   0.13  -0.06     0.00
  MONTH TO DATE    2.19                      4.65  -2.46     4.64
  SINCE JUN 1      2.19                      4.65  -2.46     4.64
  SINCE JAN 1     13.75                     17.12  -3.37    15.83

SNOWFALL (IN)
  YESTERDAY        0.0           0.0    MM   0.0    0.0      0.0
  MONTH TO DATE    0.0                       0.0    0.0      0.0
  SINCE JUN 1      0.0                       0.0    0.0      0.0
  SINCE JUL 1     24.0                      36.7  -12.7     35.5
  SNOW DEPTH       0

DEGREE DAYS
 HEATING
  YESTERDAY        0                         0      0        0
  MONTH TO DATE    6                        29    -23       16
  SINCE JUN 1      6                        31    -25       16
  SINCE JUL 1   5541                      6569  -1028     6973

 COOLING
  YESTERDAY        3                         8     -5        4
  MONTH TO DATE  216                       175     41      152
  SINCE JUN 1    216                       175     41      152
  SINCE JAN 1    301                       230     71      212
..................................................................


WIND (MPH)
  HIGHEST WIND SPEED    17   HIGHEST WIND DIRECTION    NW (330)
  HIGHEST GUST SPEED    22   HIGHEST GUST DIRECTION    SW (220)
  AVERAGE WIND SPEED     7.2


SKY COVER
  POSSIBLE SUNSHINE  MM
  AVERAGE SKY COVER 0.6


WEATHER CONDITIONS
 THE FOLLOWING WEATHER WAS RECORDED YESTERDAY.
  LIGHT RAIN
  FOG


RELATIVE HUMIDITY (PERCENT)
 HIGHEST    87          1000 PM
 LOWEST     42          1100 AM
 AVERAGE    65

..........................................................


THE ROCKFORD IL CLIMATE NORMALS FOR TODAY
                         NORMAL    RECORD    YEAR
 MAXIMUM TEMPERATURE (F)   84       101      1931
 MINIMUM TEMPERATURE (F)   63        45      1924


SUNRISE AND SUNSET
JULY  1 2016..........SUNRISE   524 AM CDT   SUNSET   836 PM CDT
JULY  2 2016..........SUNRISE   525 AM CDT   SUNSET   836 PM CDT


-  INDICATES NEGATIVE NUMBERS.
R  INDICATES RECORD WAS SET OR TIED.
MM INDICATES DATA IS MISSING.
T  INDICATES TRACE AMOUNT.




$$
