000
CDUS43 KLOT 190634
CLIRFD


CLIMATE REPORT
NATIONAL WEATHER SERVICE CHICAGO IL
133 AM CDT FRI SEP 19 2014


...................................

...THE ROCKFORD IL CLIMATE SUMMARY FOR SEPTEMBER 18 2014...

CLIMATE NORMAL PERIOD 1981 TO 2010
CLIMATE RECORD PERIOD 1905 TO 2014


WEATHER ITEM   OBSERVED TIME   RECORD YEAR NORMAL DEPARTURE LAST
                VALUE   (LST)  VALUE       VALUE  FROM      YEAR
                                                  NORMAL
..................................................................
TEMPERATURE (F)
 YESTERDAY
  MAXIMUM         71    255 PM  92    1920  75     -4       76
  MINIMUM         48    600 AM  32    1929  51     -3       59
                                      1916
  AVERAGE         60                        63     -3       68

PRECIPITATION (IN)
  YESTERDAY        0.00          2.53 1960   0.11  -0.11     0.20
  MONTH TO DATE    1.85                      2.06  -0.21     1.35
  SINCE SEP 1      1.85                      2.06  -0.21     1.35
  SINCE JAN 1     28.10                     27.72   0.38    33.35

SNOWFALL (IN)
  YESTERDAY        0.0           0.0    MM   0.0    0.0      0.0
  MONTH TO DATE    0.0                       0.0    0.0      0.0
  SINCE SEP 1      0.0                       0.0    0.0      0.0
  SINCE JUL 1      T                         0.0    0.0      0.0
  SNOW DEPTH       0

DEGREE DAYS
 HEATING
  YESTERDAY        5                         4      1        0
  MONTH TO DATE   96                        40     56       35
  SINCE SEP 1     96                        40     56       35
  SINCE JUL 1    106                        54     52       46

 COOLING
  YESTERDAY        0                         2     -2        3
  MONTH TO DATE   47                        67    -20      103
  SINCE SEP 1     47                        67    -20      103
  SINCE JAN 1    703                       794    -91      852
..................................................................


WIND (MPH)
  HIGHEST WIND SPEED    14   HIGHEST WIND DIRECTION     E (100)
  HIGHEST GUST SPEED    18   HIGHEST GUST DIRECTION     E (90)
  AVERAGE WIND SPEED     6.0


SKY COVER
  POSSIBLE SUNSHINE  MM
  AVERAGE SKY COVER 0.2


WEATHER CONDITIONS
 THE FOLLOWING WEATHER WAS RECORDED YESTERDAY.
  FOG
  HAZE


RELATIVE HUMIDITY (PERCENT)
 HIGHEST    93           300 AM
 LOWEST     53           300 PM
 AVERAGE    73

..........................................................


THE ROCKFORD IL CLIMATE NORMALS FOR TODAY
                         NORMAL    RECORD    YEAR
 MAXIMUM TEMPERATURE (F)   74        93      1948
                                             1947
                                             1925
 MINIMUM TEMPERATURE (F)   51        34      1929


SUNRISE AND SUNSET
SEPTEMBER 19 2014.....SUNRISE   641 AM CDT   SUNSET   659 PM CDT
SEPTEMBER 20 2014.....SUNRISE   642 AM CDT   SUNSET   657 PM CDT


-  INDICATES NEGATIVE NUMBERS.
R  INDICATES RECORD WAS SET OR TIED.
MM INDICATES DATA IS MISSING.
T  INDICATES TRACE AMOUNT.




$$
