000
CDUS43 KLOT 071150
CLIRFD


CLIMATE REPORT
NATIONAL WEATHER SERVICE CHICAGO IL
648 AM CDT SAT MAY 7 2016


...................................

...THE ROCKFORD IL CLIMATE SUMMARY FOR MAY 6 2016...

CLIMATE NORMAL PERIOD 1981 TO 2010
CLIMATE RECORD PERIOD 1905 TO 2016


WEATHER ITEM   OBSERVED TIME   RECORD YEAR NORMAL DEPARTURE LAST
                VALUE   (LST)  VALUE       VALUE  FROM      YEAR
                                                  NORMAL
..................................................................
TEMPERATURE (F)
 YESTERDAY
  MAXIMUM         84    321 PM  95    1934  69     15       82
  MINIMUM         44    156 AM  29    1989  45     -1       50
                                      1967
  AVERAGE         64                        57      7       66

PRECIPITATION (IN)
  YESTERDAY        0.00          2.15 1960   0.12  -0.12     0.00
  MONTH TO DATE    0.48                      0.68  -0.20     1.83
  SINCE MAR 1      7.39                      6.35   1.04     6.25
  SINCE JAN 1      8.92                      9.13  -0.21     8.17

SNOWFALL (IN)
  YESTERDAY        0.0           T    2002   0.0    0.0      0.0
  MONTH TO DATE    0.0                       0.0    0.0      0.0
  SINCE MAR 1      2.8                       5.7   -2.9      7.6
  SINCE JUL 1     24.0                      36.7  -12.7     35.5
  SNOW DEPTH       0

DEGREE DAYS
 HEATING
  YESTERDAY        1                         9     -8        0
  MONTH TO DATE   68                        57     11       24
  SINCE MAR 1   1218                      1395   -177     1374
  SINCE JUL 1   5404                      6397   -993     6820

 COOLING
  YESTERDAY        0                         1     -1        1
  MONTH TO DATE    0                         4     -4        2
  SINCE MAR 1      7                        12     -5        2
  SINCE JAN 1      7                        12     -5        2
..................................................................


WIND (MPH)
  HIGHEST WIND SPEED    17   HIGHEST WIND DIRECTION     W (270)
  HIGHEST GUST SPEED    22   HIGHEST GUST DIRECTION     W (250)
  AVERAGE WIND SPEED     7.2


SKY COVER
  POSSIBLE SUNSHINE  MM
  AVERAGE SKY COVER 0.4


WEATHER CONDITIONS
 THE FOLLOWING WEATHER WAS RECORDED YESTERDAY.
  THUNDERSTORM


RELATIVE HUMIDITY (PERCENT)
 HIGHEST    83           200 AM
 LOWEST     29           300 PM
 AVERAGE    56

..........................................................


THE ROCKFORD IL CLIMATE NORMALS FOR TODAY
                         NORMAL    RECORD    YEAR
 MAXIMUM TEMPERATURE (F)   69        89      1934
                                             1926
 MINIMUM TEMPERATURE (F)   46        28      1989
                                             1976


SUNRISE AND SUNSET
MAY  7 2016...........SUNRISE   544 AM CDT   SUNSET   803 PM CDT
MAY  8 2016...........SUNRISE   543 AM CDT   SUNSET   804 PM CDT


-  INDICATES NEGATIVE NUMBERS.
R  INDICATES RECORD WAS SET OR TIED.
MM INDICATES DATA IS MISSING.
T  INDICATES TRACE AMOUNT.




$$
