000
CDUS43 KLOT 010647
CLIRFD


CLIMATE REPORT
NATIONAL WEATHER SERVICE CHICAGO IL
147 AM CDT SAT JUL 1 2017


...................................

...THE ROCKFORD IL CLIMATE SUMMARY FOR JUNE 30 2017...

CLIMATE NORMAL PERIOD 1981 TO 2010
CLIMATE RECORD PERIOD 1905 TO 2017


WEATHER ITEM   OBSERVED TIME   RECORD YEAR NORMAL DEPARTURE LAST
                VALUE   (LST)  VALUE       VALUE  FROM      YEAR
                                                  NORMAL
..................................................................
TEMPERATURE (F)
 YESTERDAY
  MAXIMUM         82    433 PM 102    1931  84     -2       79
  MINIMUM         63    315 AM  42    1943  62      1       56
  AVERAGE         73                        73      0       68

PRECIPITATION (IN)
  YESTERDAY        0.00          1.47 1977   0.13  -0.13     0.07
  MONTH TO DATE    7.49                      4.65   2.84     2.19
  SINCE JUN 1      7.49                      4.65   2.84     2.19
  SINCE JAN 1     26.34                     17.12   9.22    13.75

SNOWFALL (IN)
  YESTERDAY        0.0           0.0    MM   0.0    0.0      0.0
  MONTH TO DATE    0.0                       0.0    0.0      0.0
  SINCE JUN 1      0.0                       0.0    0.0      0.0
  SINCE JUL 1     22.1                      36.7  -14.6     24.0
  SNOW DEPTH       0

DEGREE DAYS
 HEATING
  YESTERDAY        0                         0      0        0
  MONTH TO DATE   11                        29    -18        6
  SINCE JUN 1     11                        31    -20        6
  SINCE JUL 1   5463                      6569  -1106     5541

 COOLING
  YESTERDAY        8                         8      0        3
  MONTH TO DATE  212                       175     37      216
  SINCE JUN 1    212                       175     37      216
  SINCE JAN 1    248                       230     18      301
..................................................................


WIND (MPH)
  HIGHEST WIND SPEED    14   HIGHEST WIND DIRECTION     W (290)
  HIGHEST GUST SPEED    18   HIGHEST GUST DIRECTION     W (290)
  AVERAGE WIND SPEED     5.1


SKY COVER
  POSSIBLE SUNSHINE  MM
  AVERAGE SKY COVER 0.7


WEATHER CONDITIONS
 THE FOLLOWING WEATHER WAS RECORDED YESTERDAY.
  FOG


RELATIVE HUMIDITY (PERCENT)
 HIGHEST   100          1200 AM
 LOWEST     62           300 PM
 AVERAGE    81

..........................................................


THE ROCKFORD IL CLIMATE NORMALS FOR TODAY
                         NORMAL    RECORD    YEAR
 MAXIMUM TEMPERATURE (F)   84       101      1931
 MINIMUM TEMPERATURE (F)   63        45      1924


SUNRISE AND SUNSET
JULY  1 2017..........SUNRISE   524 AM CDT   SUNSET   836 PM CDT
JULY  2 2017..........SUNRISE   525 AM CDT   SUNSET   836 PM CDT


-  INDICATES NEGATIVE NUMBERS.
R  INDICATES RECORD WAS SET OR TIED.
MM INDICATES DATA IS MISSING.
T  INDICATES TRACE AMOUNT.




$$
