000
CDUS43 KLOT 140634
CLIRFD


CLIMATE REPORT
NATIONAL WEATHER SERVICE CHICAGO IL
1233 AM CST WED JAN 14 2015


...................................

...THE ROCKFORD IL CLIMATE SUMMARY FOR JANUARY 13 2015...

CLIMATE NORMAL PERIOD 1981 TO 2010
CLIMATE RECORD PERIOD 1905 TO 2015


WEATHER ITEM   OBSERVED TIME   RECORD YEAR NORMAL DEPARTURE LAST
                VALUE   (LST)  VALUE       VALUE  FROM      YEAR
                                                  NORMAL
..................................................................
TEMPERATURE (F)
 YESTERDAY
  MAXIMUM         20   1126 AM  54    1961  29     -9       41
  MINIMUM         -3   1140 PM -17    1916  13    -16       23
  AVERAGE          9                        21    -12       32

PRECIPITATION (IN)
  YESTERDAY        T             0.86 1979   0.04  -0.04     0.00
  MONTH TO DATE    0.80                      0.62   0.18     1.30
  SINCE DEC 1      1.73                      2.60  -0.87     2.99
  SINCE JAN 1      0.80                      0.62   0.18     1.30

SNOWFALL (IN)
  YESTERDAY        T             9.5  1979   0.3   -0.3      0.0
  MONTH TO DATE    7.1                       4.4    2.7      6.1
  SINCE DEC 1      7.2                      15.7   -8.5     23.8
  SINCE JUL 1     10.8                      17.5   -6.7     24.8
  SNOW DEPTH       5

DEGREE DAYS
 HEATING
  YESTERDAY       56                        44     12       33
  MONTH TO DATE  684                       566    118      684
  SINCE DEC 1   1747                      1792    -45     2089
  SINCE JUL 1   3294                      3127    167     3472

 COOLING
  YESTERDAY        0                         0      0        0
  MONTH TO DATE    0                         0      0        0
  SINCE DEC 1      0                         0      0        0
  SINCE JAN 1      0                         0      0        0
..................................................................


WIND (MPH)
  HIGHEST WIND SPEED    16   HIGHEST WIND DIRECTION     N (20)
  HIGHEST GUST SPEED    19   HIGHEST GUST DIRECTION     N (10)
  AVERAGE WIND SPEED     5.3


SKY COVER
  POSSIBLE SUNSHINE  MM
  AVERAGE SKY COVER 0.5


WEATHER CONDITIONS
 THE FOLLOWING WEATHER WAS RECORDED YESTERDAY.
  LIGHT SNOW
  FOG


RELATIVE HUMIDITY (PERCENT)
 HIGHEST    87          1000 PM
 LOWEST     62           100 PM
 AVERAGE    75

..........................................................


THE ROCKFORD IL CLIMATE NORMALS FOR TODAY
                         NORMAL    RECORD    YEAR
 MAXIMUM TEMPERATURE (F)   29        58      1928
 MINIMUM TEMPERATURE (F)   13       -17      1979


SUNRISE AND SUNSET
JANUARY 14 2015.......SUNRISE   723 AM CST   SUNSET   448 PM CST
JANUARY 15 2015.......SUNRISE   723 AM CST   SUNSET   449 PM CST


-  INDICATES NEGATIVE NUMBERS.
R  INDICATES RECORD WAS SET OR TIED.
MM INDICATES DATA IS MISSING.
T  INDICATES TRACE AMOUNT.




$$
