000
CDUS43 KLOT 260653
CLIRFD


CLIMATE REPORT
NATIONAL WEATHER SERVICE CHICAGO IL
151 AM CDT TUE JUL 26 2016


...................................

...THE ROCKFORD IL CLIMATE SUMMARY FOR JULY 25 2016...

CLIMATE NORMAL PERIOD 1981 TO 2010
CLIMATE RECORD PERIOD 1905 TO 2016


WEATHER ITEM   OBSERVED TIME   RECORD YEAR NORMAL DEPARTURE LAST
                VALUE   (LST)  VALUE       VALUE  FROM      YEAR
                                                  NORMAL
..................................................................
TEMPERATURE (F)
 YESTERDAY
  MAXIMUM         87    451 PM 105    1934  84      3       90
  MINIMUM         68   1159 PM  47    1920  63      5       69
  AVERAGE         78                        74      4       80

PRECIPITATION (IN)
  YESTERDAY        0.00          1.40 1989   0.13  -0.13     0.00
  MONTH TO DATE    4.96                      3.15   1.81     3.46
  SINCE JUN 1      7.15                      7.80  -0.65     8.10
  SINCE JAN 1     18.71                     20.27  -1.56    19.29

SNOWFALL (IN)
  YESTERDAY        0.0           0.0    MM   0.0    0.0      0.0
  MONTH TO DATE    0.0                       0.0    0.0      0.0
  SINCE JUN 1      0.0                       0.0    0.0      0.0
  SINCE JUL 1      0.0                       0.0    0.0      0.0
  SNOW DEPTH       0

DEGREE DAYS
 HEATING
  YESTERDAY        0                         0      0        0
  MONTH TO DATE    0                         0      0        5
  SINCE JUN 1      6                        31    -25       21
  SINCE JUL 1      0                         0      0        5

 COOLING
  YESTERDAY       13                         9      4       15
  MONTH TO DATE  256                       225     31      175
  SINCE JUN 1    472                       400     72      327
  SINCE JAN 1    557                       455    102      387
..................................................................


WIND (MPH)
  HIGHEST WIND SPEED    12   HIGHEST WIND DIRECTION     N (340)
  HIGHEST GUST SPEED    12   HIGHEST GUST DIRECTION     N (340)
  AVERAGE WIND SPEED     4.9


SKY COVER
  POSSIBLE SUNSHINE  MM
  AVERAGE SKY COVER 0.5


WEATHER CONDITIONS
 THE FOLLOWING WEATHER WAS RECORDED YESTERDAY.
  NO SIGNIFICANT WEATHER WAS OBSERVED.


RELATIVE HUMIDITY (PERCENT)
 HIGHEST    74          1200 AM
 LOWEST     46           400 PM
 AVERAGE    60

..........................................................


THE ROCKFORD IL CLIMATE NORMALS FOR TODAY
                         NORMAL    RECORD    YEAR
 MAXIMUM TEMPERATURE (F)   84       103      1936
 MINIMUM TEMPERATURE (F)   63        49      1920
                                             1911


SUNRISE AND SUNSET
JULY 26 2016..........SUNRISE   544 AM CDT   SUNSET   821 PM CDT
JULY 27 2016..........SUNRISE   545 AM CDT   SUNSET   820 PM CDT


-  INDICATES NEGATIVE NUMBERS.
R  INDICATES RECORD WAS SET OR TIED.
MM INDICATES DATA IS MISSING.
T  INDICATES TRACE AMOUNT.




$$
