000
CDUS43 KLOT 010639
CLIRFD


CLIMATE REPORT
NATIONAL WEATHER SERVICE CHICAGO IL
138 AM CDT MON SEP 1 2014


...................................

...THE ROCKFORD IL CLIMATE SUMMARY FOR AUGUST 31 2014...

CLIMATE NORMAL PERIOD 1981 TO 2010
CLIMATE RECORD PERIOD 1905 TO 2014


WEATHER ITEM   OBSERVED TIME   RECORD YEAR NORMAL DEPARTURE LAST
                VALUE   (LST)  VALUE       VALUE  FROM      YEAR
                                                  NORMAL
..................................................................
TEMPERATURE (F)
 YESTERDAY
  MAXIMUM         85    239 PM 101    1953  81      4       82
  MINIMUM         61    532 AM  41    1915  59      2       67
  AVERAGE         73                        70      3       75

PRECIPITATION (IN)
  YESTERDAY        0.00          2.32 1981   0.14  -0.14      T
  MONTH TO DATE    5.76                      4.59   1.17     2.92
  SINCE JUN 1     16.28                     13.19   3.09    12.56
  SINCE JAN 1     26.25                     25.66   0.59    32.00

SNOWFALL (IN)
  YESTERDAY        0.0           0.0    MM   0.0    0.0      0.0
  MONTH TO DATE    T                         0.0    0.0      0.0
  SINCE JUN 1      T                         0.0    0.0      0.0
  SINCE JUL 1      T                         0.0    0.0      0.0
  SNOW DEPTH       0

DEGREE DAYS
 HEATING
  YESTERDAY        0                         1     -1        0
  MONTH TO DATE    0                         6     -6        2
  SINCE JUN 1     21                        45    -24       45
  SINCE JUL 1     10                        14     -4       11

 COOLING
  YESTERDAY        8                         6      2       10
  MONTH TO DATE  231                       223      8      232
  SINCE JUN 1    573                       672    -99      657
  SINCE JAN 1    656                       727    -71      749
..................................................................


WIND (MPH)
  HIGHEST WIND SPEED    15   HIGHEST WIND DIRECTION     S (160)
  HIGHEST GUST SPEED    MM   HIGHEST GUST DIRECTION    MM
  AVERAGE WIND SPEED     7.0


SKY COVER
  POSSIBLE SUNSHINE  MM
  AVERAGE SKY COVER 0.3


WEATHER CONDITIONS
 THE FOLLOWING WEATHER WAS RECORDED YESTERDAY.
  FOG


RELATIVE HUMIDITY (PERCENT)
 HIGHEST    93          1200 AM
 LOWEST     51           100 PM
 AVERAGE    72

..........................................................


THE ROCKFORD IL CLIMATE NORMALS FOR TODAY
                         NORMAL    RECORD    YEAR
 MAXIMUM TEMPERATURE (F)   80       102      1953
 MINIMUM TEMPERATURE (F)   59        41      1949
                                             1909


SUNRISE AND SUNSET
SEPTEMBER  1 2014.....SUNRISE   622 AM CDT   SUNSET   730 PM CDT
SEPTEMBER  2 2014.....SUNRISE   623 AM CDT   SUNSET   729 PM CDT


-  INDICATES NEGATIVE NUMBERS.
R  INDICATES RECORD WAS SET OR TIED.
MM INDICATES DATA IS MISSING.
T  INDICATES TRACE AMOUNT.




$$
