000
CDUS43 KLOT 270633
CLIRFD


CLIMATE REPORT
NATIONAL WEATHER SERVICE CHICAGO IL
133 AM CDT MON OCT 27 2014


...................................

...THE ROCKFORD IL CLIMATE SUMMARY FOR OCTOBER 26 2014...

CLIMATE NORMAL PERIOD 1981 TO 2010
CLIMATE RECORD PERIOD 1905 TO 2014


WEATHER ITEM   OBSERVED TIME   RECORD YEAR NORMAL DEPARTURE LAST
                VALUE   (LST)  VALUE       VALUE  FROM      YEAR
                                                  NORMAL
..................................................................
TEMPERATURE (F)
 YESTERDAY
  MAXIMUM         65    315 PM  83    1927  59      6       55
  MINIMUM         33    642 AM  18    1962  38     -5       32
  AVERAGE         49                        48      1       44

PRECIPITATION (IN)
  YESTERDAY        0.00          1.33 1917   0.08  -0.08     0.00
  MONTH TO DATE    2.69                      2.23   0.46     1.81
  SINCE SEP 1      4.69                      5.58  -0.89     3.42
  SINCE JAN 1     30.94                     31.24  -0.30    35.42

SNOWFALL (IN)
  YESTERDAY        0.0           1.7  1967   0.0    0.0      0.0
  MONTH TO DATE    T                         0.1   -0.1       T
  SINCE SEP 1      T                         0.1   -0.1       T
  SINCE JUL 1      T                         0.1   -0.1       T
  SNOW DEPTH       0

DEGREE DAYS
 HEATING
  YESTERDAY       16                        17     -1       21
  MONTH TO DATE  340                       331      9      332
  SINCE SEP 1    471                       448     23      403
  SINCE JUL 1    481                       462     19      414

 COOLING
  YESTERDAY        0                         0      0        0
  MONTH TO DATE    3                         8     -5       16
  SINCE SEP 1     73                        92    -19      141
  SINCE JAN 1    729                       819    -90      890
..................................................................


WIND (MPH)
  HIGHEST WIND SPEED    15   HIGHEST WIND DIRECTION    SE (130)
  HIGHEST GUST SPEED    18   HIGHEST GUST DIRECTION    SE (150)
  AVERAGE WIND SPEED     4.8


SKY COVER
  POSSIBLE SUNSHINE  MM
  AVERAGE SKY COVER 0.3


WEATHER CONDITIONS
 THE FOLLOWING WEATHER WAS RECORDED YESTERDAY.
  NO SIGNIFICANT WEATHER WAS OBSERVED.


RELATIVE HUMIDITY (PERCENT)
 HIGHEST    82           600 AM
 LOWEST     24           200 PM
 AVERAGE    53

..........................................................


THE ROCKFORD IL CLIMATE NORMALS FOR TODAY
                         NORMAL    RECORD    YEAR
 MAXIMUM TEMPERATURE (F)   58        84      1927
 MINIMUM TEMPERATURE (F)   38        18      1936


SUNRISE AND SUNSET
OCTOBER 27 2014.......SUNRISE   723 AM CDT   SUNSET   557 PM CDT
OCTOBER 28 2014.......SUNRISE   724 AM CDT   SUNSET   555 PM CDT


-  INDICATES NEGATIVE NUMBERS.
R  INDICATES RECORD WAS SET OR TIED.
MM INDICATES DATA IS MISSING.
T  INDICATES TRACE AMOUNT.




$$
