000
CDUS43 KLOT 260632
CLIRFD


CLIMATE REPORT
NATIONAL WEATHER SERVICE CHICAGO IL
131 AM CDT SUN JUL 26 2015


...................................

...THE ROCKFORD IL CLIMATE SUMMARY FOR JULY 25 2015...

CLIMATE NORMAL PERIOD 1981 TO 2010
CLIMATE RECORD PERIOD 1905 TO 2015


WEATHER ITEM   OBSERVED TIME   RECORD YEAR NORMAL DEPARTURE LAST
                VALUE   (LST)  VALUE       VALUE  FROM      YEAR
                                                  NORMAL
..................................................................
TEMPERATURE (F)
 YESTERDAY
  MAXIMUM         90    347 PM 105    1934  84      6       71
  MINIMUM         69    448 AM  47    1920  63      6       57
  AVERAGE         80                        74      6       64

PRECIPITATION (IN)
  YESTERDAY        0.00          1.40 1989   0.13  -0.13     0.02
  MONTH TO DATE    3.46                      3.15   0.31     2.46
  SINCE JUN 1      8.10                      7.80   0.30    10.52
  SINCE JAN 1     19.29                     20.27  -0.98    20.49

SNOWFALL (IN)
  YESTERDAY        0.0           0.0    MM   0.0    0.0      0.0
  MONTH TO DATE    0.0                       0.0    0.0      0.0
  SINCE JUN 1      0.0                       0.0    0.0      0.0
  SINCE JUL 1      0.0                       0.0    0.0      0.0
  SNOW DEPTH       0

DEGREE DAYS
 HEATING
  YESTERDAY        0                         0      0        1
  MONTH TO DATE    5                         0      5       10
  SINCE JUN 1     21                        31    -10       21
  SINCE JUL 1      5                         0      5       10

 COOLING
  YESTERDAY       15                         9      6        0
  MONTH TO DATE  175                       225    -50      114
  SINCE JUN 1    327                       400    -73      309
  SINCE JAN 1    387                       455    -68      392
..................................................................


WIND (MPH)
  HIGHEST WIND SPEED    15   HIGHEST WIND DIRECTION     W (290)
  HIGHEST GUST SPEED    17   HIGHEST GUST DIRECTION     W (290)
  AVERAGE WIND SPEED     7.6


SKY COVER
  POSSIBLE SUNSHINE  MM
  AVERAGE SKY COVER 0.6


WEATHER CONDITIONS
 THE FOLLOWING WEATHER WAS RECORDED YESTERDAY.
  FOG


RELATIVE HUMIDITY (PERCENT)
 HIGHEST    90           300 AM
 LOWEST     47           200 PM
 AVERAGE    69

..........................................................


THE ROCKFORD IL CLIMATE NORMALS FOR TODAY
                         NORMAL    RECORD    YEAR
 MAXIMUM TEMPERATURE (F)   84       103      1936
 MINIMUM TEMPERATURE (F)   63        49      1920
                                             1911


SUNRISE AND SUNSET
JULY 26 2015..........SUNRISE   543 AM CDT   SUNSET   822 PM CDT
JULY 27 2015..........SUNRISE   544 AM CDT   SUNSET   821 PM CDT


-  INDICATES NEGATIVE NUMBERS.
R  INDICATES RECORD WAS SET OR TIED.
MM INDICATES DATA IS MISSING.
T  INDICATES TRACE AMOUNT.




$$
