000
CDUS43 KLOT 252135
CLIRFD


CLIMATE REPORT
NATIONAL WEATHER SERVICE CHICAGO IL
434 PM CDT TUE APR 25 2017


...................................

...THE ROCKFORD IL CLIMATE SUMMARY FOR APRIL 25 2017...
VALID TODAY AS OF 0400 PM LOCAL TIME.

CLIMATE NORMAL PERIOD 1981 TO 2010
CLIMATE RECORD PERIOD 1905 TO 2017


WEATHER ITEM   OBSERVED TIME   RECORD YEAR NORMAL DEPARTURE LAST
                VALUE   (LST)  VALUE       VALUE  FROM      YEAR
                                                  NORMAL
..................................................................
TEMPERATURE (F)
 TODAY
  MAXIMUM         79    254 PM  90    1986  65     14       83
  MINIMUM         52    537 AM  25    1934  42     10       57
  AVERAGE         66                        53     13       70

PRECIPITATION (IN)
  TODAY            0.00          2.17 1979   0.11  -0.11      T
  MONTH TO DATE    4.11                      2.77   1.34     1.77
  SINCE MAR 1      6.90                      5.09   1.81     5.78
  SINCE JAN 1     10.93                      7.87   3.06     7.31

SNOWFALL (IN)
  TODAY            0.0           T    2008   0.0    0.0      0.0
                                      2006
                                      1994
  MONTH TO DATE    T                         0.9   -0.9      0.4
  SINCE MAR 1      5.1                       5.7   -0.6      2.8
  SINCE JUL 1     22.1                      36.7  -14.6     24.0

DEGREE DAYS
 HEATING
  TODAY            0                        12    -12        0
  MONTH TO DATE  270                       419   -149      389
  SINCE MAR 1   1072                      1281   -209     1068
  SINCE JUL 1   5146                      6283  -1137     5254

 COOLING
  TODAY            1                         0      1        5
  MONTH TO DATE    8                         0      8        7
  SINCE MAR 1      8                         0      8        7
  SINCE JAN 1      8                         0      8        7
..................................................................


WIND (MPH)
  HIGHEST WIND SPEED    24   HIGHEST WIND DIRECTION     S (170)
  HIGHEST GUST SPEED    30   HIGHEST GUST DIRECTION     S (170)
  AVERAGE WIND SPEED    12.8


SKY COVER
  POSSIBLE SUNSHINE  MM
  AVERAGE SKY COVER 0.8


WEATHER CONDITIONS
 THE FOLLOWING WEATHER WAS RECORDED TODAY.
  NO SIGNIFICANT WEATHER WAS OBSERVED.


RELATIVE HUMIDITY (PERCENT)
 HIGHEST    68           500 AM
 LOWEST     35           300 PM
 AVERAGE    52

..........................................................


THE ROCKFORD IL CLIMATE NORMALS FOR TOMORROW
                         NORMAL    RECORD    YEAR
 MAXIMUM TEMPERATURE (F)   65        90      1986
 MINIMUM TEMPERATURE (F)   42        25      1926


SUNRISE AND SUNSET
APRIL 25 2017.........SUNRISE   600 AM CDT   SUNSET   749 PM CDT
APRIL 26 2017.........SUNRISE   559 AM CDT   SUNSET   750 PM CDT


-  INDICATES NEGATIVE NUMBERS.
R  INDICATES RECORD WAS SET OR TIED.
MM INDICATES DATA IS MISSING.
T  INDICATES TRACE AMOUNT.




$$
