000
CXUS53 KGRB 011409
CF6RHI
PRELIMINARY LOCAL CLIMATOLOGICAL DATA (WS FORM: F-6)
STATION: RHINELANDER WI
MONTH: NOVEMBER
YEAR: 2023
LATITUDE: 45 37 N
LONGITUDE: 89 27 W
TEMPERATURE IN F: :PCPN: SNOW: WIND :SUNSHINE: SKY :PK WND
================================================================================
1 2 3 4 5 6A 6B 7 8 9 10 11 12 13 14 15 16 17 18
12Z AVG MX 2MIN
DY MAX MIN AVG DEP HDD CDD WTR SNW DPTH SPD SPD DIR MIN PSBL S-S WX SPD DR
================================================================================
1 34 11 23 -15 42 0 0.00 0.0 2 5.9 17 210 M M 2 24 190
2 41 16 29 -8 36 0 0.00 0.0 1 4.5 13 220 M M 2 19 210
3 51 31 41 4 24 0 0.00 0.0 0 5.7 14 270 M M 4 21 270
4 44 18 31 -5 34 0 0.00 0.0 0 2.9 15 260 M M 0 15 260
5 46 34 40 4 25 0 0.03 0.0 0 6.8 13 170 M M 9 20 180
6 51 36 44 9 21 0 0.12 0.0 0 12.3 23 260 M M M 35 280
7 37 30 34 -1 31 0 T T 0 6.5 18 120 M M M 30 120
8 40 32 36 2 29 0 0.12 T 0 8.1 20 110 M M M 26 120
9 42 31 37 3 28 0 T T 0 12.3 28 270 M M 10 38 260
10 37 32 35 1 30 0 T T 0 6.1 14 280 M M 10 22 270
11 35 32 34 1 31 0 0.19 1.6 1 5.3 13 180 M M 10 1 23 160
12 50 34 42 9 23 0 T T 0 9.5 22 230 M M 4 35 210
13 53 26 40 8 25 0 0.00 0.0 0 9.6 20 280 M M 0 33 290
14 57 24 41 9 24 0 0.00 0.0 0 9.6 24 210 M M 1 39 220
15 57 30 44 13 21 0 0.00 0.0 0 5.1 16 220 M M 1 24 230
16 64 34 49 18 16 0 0.01 0.0 0 14.1 31 210 M M 3 49 210
17 40 28 34 4 31 0 0.00 0.0 0 7.7 16 330 M M 4 26 310
18 50 23 37 7 28 0 0.00 0.0 0 7.8 16 280 M M 0 21 270
19 45 20 33 4 32 0 0.00 0.0 0 1.7 6 60 M M 0 8 80
20 40 24 32 3 33 0 0.00 0.0 0 6.3 15 120 M M 4 22 120
21 45 27 36 8 29 0 T T 0 5.3 14 310 M M 7 1 22 320
22 38 20 29 1 36 0 T T 0 6.9 14 230 M M 3 19 230
23 32 15 24 -4 41 0 0.00 0.0 0 7.6 14 290 M M 4 25 320
24 29 8 19 -8 46 0 T T 0 6.9 13 270 M M 3 19 300
25 30 12 21 -6 44 0 0.01 0.1 T 6.7 14 230 M M 6 1 21 270
26 24 17 21 -5 44 0 0.10 1.5 1 9.2 21 280 M M 10 1 31 280
27 17 7 12 -14 53 0 T T 1 12.3 21 280 M M 9 8 29 280
28 19 2 11 -14 54 0 T T 1 9.4 16 220 M M 6 26 230
29 37 19 28 3 37 0 T T 1 9.2 16 270 M M 5 1 23 220
30 39 17 28 4 37 0 0.00 0.0 T 5.6 14 310 M M 1 1 22 330
================================================================================
SM 1224 690 985 0 0.58 3.2 226.9 M 118
================================================================================
AV 40.8 23.0 7.6 FASTST M M 4 MAX(MPH)
MISC ----> 31 210 49 210
================================================================================
NOTES:
# LAST OF SEVERAL OCCURRENCES
COLUMN 17 PEAK WIND IN M.P.H.
PRELIMINARY LOCAL CLIMATOLOGICAL DATA (WS FORM: F-6) , PAGE 2
STATION: RHINELANDER WI
MONTH: NOVEMBER
YEAR: 2023
LATITUDE: 45 37 N
LONGITUDE: 89 27 W
[TEMPERATURE DATA] [PRECIPITATION DATA] SYMBOLS USED IN COLUMN 16
AVERAGE MONTHLY: 31.9 TOTAL FOR MONTH: 0.58 1 = FOG OR MIST
DPTR FM NORMAL: 1.0 DPTR FM NORMAL: -1.45 2 = FOG REDUCING VISIBILITY
HIGHEST: 64 ON 16 GRTST 24HR 0.19 ON 11-11 TO 1/4 MILE OR LESS
LOWEST: 2 ON 28 3 = THUNDER
SNOW, ICE PELLETS, HAIL 4 = ICE PELLETS
TOTAL MONTH: 5.5 INCHES 5 = HAIL
GRTST 24HR 1.6 ON 11-11 6 = FREEZING RAIN OR DRIZZLE
GRTST DEPTH: 2 ON 1 7 = DUSTSTORM OR SANDSTORM:
VSBY 1/2 MILE OR LESS
8 = SMOKE OR HAZE
[NO. OF DAYS WITH] [WEATHER - DAYS WITH] 9 = BLOWING SNOW
X = TORNADO
MAX 32 OR BELOW: 6 0.01 INCH OR MORE: 7
MAX 90 OR ABOVE: 0 0.10 INCH OR MORE: 4
MIN 32 OR BELOW: 26 0.50 INCH OR MORE: 0
MIN 0 OR BELOW: 0 1.00 INCH OR MORE: 0
[HDD (BASE 65) ]
TOTAL THIS MO. 985 CLEAR (SCALE 0-3) 12
DPTR FM NORMAL -37 PTCLDY (SCALE 4-7) 9
TOTAL FM JUL 1 1920 CLOUDY (SCALE 8-10) 9
DPTR FM NORMAL -141
[CDD (BASE 65) ]
TOTAL THIS MO. 0
DPTR FM NORMAL 0 [PRESSURE DATA]
TOTAL FM JAN 1 311 HIGHEST SLP 30.56 ON 24
DPTR FM NORMAL 29 LOWEST SLP 29.47 ON 6
[REMARKS]
#FINAL-11-23#