000
CXUS55 KRIW 010945
CF6RIW
PRELIMINARY LOCAL CLIMATOLOGICAL DATA (WS FORM: F-6)
STATION: RIVERTON WY
MONTH: MAY
YEAR: 2020
LATITUDE: 43 2 N
LONGITUDE: 108 27 W
TEMPERATURE IN F: :PCPN: SNOW: WIND :SUNSHINE: SKY :PK WND
================================================================================
1 2 3 4 5 6A 6B 7 8 9 10 11 12 13 14 15 16 17 18
12Z AVG MX 2MIN
DY MAX MIN AVG DEP HDD CDD WTR SNW DPTH SPD SPD DIR MIN PSBL S-S WX SPD DR
================================================================================
1 65 43 54 5 11 0 T 0.0 0 8.4 24 210 M M 3 32 200
2 68 37 53 4 12 0 0.00 0.0 0 5.1 14 230 M M 2 19 220
3 70 43 57 7 8 0 0.00 0.0 0 13.0 23 310 M M 2 30 170
4 62 36 49 -1 16 0 T 0.0 0 12.7 30 300 M M 3 43 310
5 68 32 50 0 15 0 0.00 0.0 0 9.5 23 330 M M 0 33 280
6 72 29 51 0 14 0 0.00 0.0 0 9.4 37 320 M M 0 52 330
7 57 37 47 -4 18 0 0.00 0.0 0 23.1 44 310 M M 3 58 310
8 61 28 45 -6 20 0 T 0.0 0 9.4 35 360 M M 4 50 20
9 55 36 46 -6 19 0 0.00 0.0 0 11.7 25 20 M M 6 34 10
10 59 36 48 -4 17 0 0.00 0.0 0 9.5 23 90 M M 4 32 90
11 55 29 42 -10 23 0 T 0.0 0 7.0 18 10 M M 4 23 20
12 65 35 50 -3 15 0 T 0.0 0 7.2 35 240 M M 2 48 230
13 65 42 54 1 11 0 T 0.0 0 14.4 35 340 M M 6 45 340
14 65 37 51 -2 14 0 0.00 0.0 0 8.7 16 320 M M 3 22 320
15 65 36 51 -3 14 0 T 0.0 0 9.4 24 300 M M 5 32 310
16 64 34 49 -5 16 0 0.00 0.0 0 6.9 17 90 M M 2 26 90
17 79 36 58 4 7 0 0.00 0.0 0 5.0 13 210 M M 0 18 200
18 86 47 67 12 0 2 0.00 0.0 0 8.1 21 190 M M 0 28 190
19 85 50 68 13 0 3 0.00 0.0 0 13.9 36 180 M M 0 50 200
20 72 42 57 2 8 0 0.00 0.0 0 16.6 40 200 M M 1 59 200
21 68 37 53 -3 12 0 0.00 0.0 0 8.8 26 270 M M 1 36 260
22 75 39 57 1 8 0 0.00 0.0 0 11.3 31 260 M M 0 41 270
23 61 32 47 -9 18 0 T T 0 11.9 30 330 M M 5 43 360
24 59 30 45 -11 20 0 0.03 0.0 0 7.8 22 20 M M 3 29 20
25 70 34 52 -5 13 0 0.00 0.0 0 6.6 18 330 M M 3 26 290
26 78 48 63 6 2 0 0.00 0.0 0 12.1 26 300 M M 4 36 300
27 77 50 64 7 1 0 0.00 0.0 0 9.2 16 40 M M 1 8 26 50
28 79 47 63 5 2 0 0.00 0.0 0 8.8 20 70 M M 0 27 60
29 87 47 67 9 0 2 0.19 0.0 0 8.3 32 330 M M 1 3 42 320
30 88 53 71 13 0 6 0.04 0.0 0 6.4 37 170 M M 2 3 50 170
31 85 55 70 12 0 5 0.06 0.0 0 11.6 26 190 M M 1 1 37 190
================================================================================
SM 2165 1217 334 18 0.32 T 311.8 M 71
================================================================================
AV 69.8 39.3 10.1 FASTST M M 2 MAX(MPH)
MISC ----> # 44 310 # 59 200
================================================================================
NOTES:
# LAST OF SEVERAL OCCURRENCES
COLUMN 17 PEAK WIND IN M.P.H.
PRELIMINARY LOCAL CLIMATOLOGICAL DATA (WS FORM: F-6) , PAGE 2
STATION: RIVERTON WY
MONTH: MAY
YEAR: 2020
LATITUDE: 43 2 N
LONGITUDE: 108 27 W
[TEMPERATURE DATA] [PRECIPITATION DATA] SYMBOLS USED IN COLUMN 16
AVERAGE MONTHLY: 54.6 TOTAL FOR MONTH: 0.32 1 = FOG OR MIST
DPTR FM NORMAL: 0.7 DPTR FM NORMAL: -1.40 2 = FOG REDUCING VISIBILITY
HIGHEST: 88 ON 30 GRTST 24HR 0.19 ON 29-29 TO 1/4 MILE OR LESS
LOWEST: 28 ON 8 3 = THUNDER
SNOW, ICE PELLETS, HAIL 4 = ICE PELLETS
TOTAL MONTH: T 5 = HAIL
GRTST 24HR T ON 23-23 6 = FREEZING RAIN OR DRIZZLE
GRTST DEPTH: 0 7 = DUSTSTORM OR SANDSTORM:
VSBY 1/2 MILE OR LESS
8 = SMOKE OR HAZE
[NO. OF DAYS WITH] [WEATHER - DAYS WITH] 9 = BLOWING SNOW
X = TORNADO
MAX 32 OR BELOW: 0 0.01 INCH OR MORE: 4
MAX 90 OR ABOVE: 0 0.10 INCH OR MORE: 1
MIN 32 OR BELOW: 6 0.50 INCH OR MORE: 0
MIN 0 OR BELOW: 0 1.00 INCH OR MORE: 0
[HDD (BASE 65) ]
TOTAL THIS MO. 334 CLEAR (SCALE 0-3) 19
DPTR FM NORMAL -21 PTCLDY (SCALE 4-7) 12
TOTAL FM JUL 1 8526 CLOUDY (SCALE 8-10) 0
DPTR FM NORMAL 775
[CDD (BASE 65) ]
TOTAL THIS MO. 18
DPTR FM NORMAL 9 [PRESSURE DATA]
TOTAL FM JAN 1 18 HIGHEST SLP 30.38 ON 8
DPTR FM NORMAL 9 LOWEST SLP 29.45 ON 20
[REMARKS]
#FINAL-05-20#