637
CXUS51 KRNK 010908 CCA
CF6RNK
PRELIMINARY LOCAL CLIMATOLOGICAL DATA (WS FORM: F-6)
STATION: BLACKSBURG VA
MONTH: APRIL
YEAR: 2020
LATITUDE: 37 13 N
LONGITUDE: 80 25 W
TEMPERATURE IN F: :PCPN: SNOW: WIND :SUNSHINE: SKY :PK WND
================================================================================
1 2 3 4 5 6A 6B 7 8 9 10 11 12 13 14 15 16 17 18
12Z AVG MX 2MIN
DY MAX MIN AVG DEP HDD CDD WTR SNW DPTH SPD SPD DIR MIN PSBL S-S WX SPD DR
================================================================================
1 48 36 42 -4 23 0 T 0.0 0 6.0 14 310 M M 9 20 310
2 55 39 47 0 18 0 0.01 T 0 7.7 18 320 M M 6 26 310
3 64 37 51 4 14 0 0.00 0.0 0 8.0 20 320 M M 0 28 290
4 69 37 53 6 12 0 0.00 0.0 0 3.8 10 300 M M 0 18 300
5 71 37 54 6 11 0 T 0.0 0 1.6 7 300 M M 4 M M
6 73 42 58 10 7 0 0.03 0.0 0 2.3 15 310 M M 3 24 310
7 74 44 59 11 6 0 0.22 T 0 2.4 10 230 M M 2 135 20 250
8 73 47 60 12 5 0 0.39 T 0 4.6 21 330 M M 6 135 33 330
9 64 44 54 5 11 0 0.04 0.0 0 10.8 21 300 M M 2 13 32 300
10 46 32 39 -10 26 0 T T 0 13.9 29 310 M M 6 1 41 310
11 62 27 45 -4 20 0 0.00 0.0 0 2.7 10 270 M M 3 18 310
12 62 43 53 3 12 0 1.02 0.0 0 3.6 14 200 M M 8 21 200
13 68 42 55 5 10 0 1.43 0.0 0 8.7 17 240 M M 7 29 250
14 55 32 44 -6 21 0 0.13 0.2 T 4.1 16 330 M M 7 4 21 330
15 51 32 42 -9 23 0 T T 0 5.1 14 310 M M 3 21 310
16 55 33 44 -7 21 0 0.00 0.0 0 7.5 20 300 M M 1 30 300
17 66 29 48 -3 17 0 0.00 0.0 0 6.0 16 200 M M 2 31 200
18 55 31 43 -9 22 0 0.22 0.0 0 6.0 17 300 M M 6 26 300
19 64 28 46 -6 19 0 0.00 0.0 0 2.4 9 180 M M 3 20 180
20 63 41 52 0 13 0 0.34 0.0 0 3.2 12 310 M M 6 20 310
21 65 40 53 1 12 0 T 0.0 0 8.8 22 290 M M 5 32 310
22 65 35 50 -3 15 0 0.00 0.0 0 6.1 16 300 M M 0 25 300
23 53 46 50 -3 15 0 0.22 0.0 0 2.7 10 200 M M 9 1 17 180
24 67 44 56 3 9 0 0.28 0.0 0 5.4 15 310 M M 8 1 25 320
25 54 44 49 -5 16 0 0.54 0.0 0 5.2 14 100 M M 10 13 20 100
26 61 45 53 -1 12 0 0.04 0.0 0 7.0 13 300 M M 10 13 25 290
27 59 37 48 -6 17 0 0.01 0.0 0 8.7 21 310 M M 5 35 300
28 64 36 50 -4 15 0 T 0.0 0 1.3 8 250 M M 7 M M
29 71 44 58 3 7 0 0.66 0.0 0 6.5 15 150 M M 6 1 29 200
30 59 44 52 -3 13 0 0.66 0.0 0 3.8 15 300 M M 9 1 25 300
================================================================================
SM 1856 1148 442 0 6.24 0.2 165.9 M 153
================================================================================
AV 61.9 38.3 5.5 FASTST M M 5 MAX(MPH)
MISC ----> 29 310 41 310
================================================================================
NOTES:
# LAST OF SEVERAL OCCURRENCES
COLUMN 17 PEAK WIND IN M.P.H.
PRELIMINARY LOCAL CLIMATOLOGICAL DATA (WS FORM: F-6) , PAGE 2
STATION: BLACKSBURG VA
MONTH: APRIL
YEAR: 2020
LATITUDE: 37 13 N
LONGITUDE: 80 25 W
[TEMPERATURE DATA] [PRECIPITATION DATA] SYMBOLS USED IN COLUMN 16
AVERAGE MONTHLY: 50.1 TOTAL FOR MONTH: 6.24 1 = FOG OR MIST
DPTR FM NORMAL: -0.6 DPTR FM NORMAL: 2.76 2 = FOG REDUCING VISIBILITY
HIGHEST: 74 ON 7 GRTST 24HR 1.43 ON 13-13 TO 1/4 MILE OR LESS
LOWEST: 27 ON 11 3 = THUNDER
SNOW, ICE PELLETS, HAIL 4 = ICE PELLETS
TOTAL MONTH: 0.2 INCH 5 = HAIL
GRTST 24HR 0.2 ON 14-14 6 = FREEZING RAIN OR DRIZZLE
GRTST DEPTH: T 7 = DUSTSTORM OR SANDSTORM:
VSBY 1/2 MILE OR LESS
8 = SMOKE OR HAZE
[NO. OF DAYS WITH] [WEATHER - DAYS WITH] 9 = BLOWING SNOW
X = TORNADO
MAX 32 OR BELOW: 0 0.01 INCH OR MORE: 17
MAX 90 OR ABOVE: 0 0.10 INCH OR MORE: 12
MIN 32 OR BELOW: 7 0.50 INCH OR MORE: 5
MIN 0 OR BELOW: 0 1.00 INCH OR MORE: 2
[HDD (BASE 65) ]
TOTAL THIS MO. 442 CLEAR (SCALE 0-3) 10
DPTR FM NORMAL 12 PTCLDY (SCALE 4-7) 14
TOTAL FM JUL 1 4374 CLOUDY (SCALE 8-10) 6
DPTR FM NORMAL -831
[CDD (BASE 65) ]
TOTAL THIS MO. 0
DPTR FM NORMAL -3 [PRESSURE DATA]
TOTAL FM JAN 1 5 HIGHEST SLP M ON M
DPTR FM NORMAL 2 LOWEST SLP M ON M
[REMARKS]
TRACE OF SNOW FROM APRIL 7 AND 8 IS HAIL.
#FINAL-04-20#