000
CXUS55 KABQ 281010
CF6ROW
PRELIMINARY LOCAL CLIMATOLOGICAL DATA (WS FORM: F-6)
STATION: ROSWELL NM
MONTH: MARCH
YEAR: 2024
LATITUDE: 33 17 N
LONGITUDE: 104 32 W
TEMPERATURE IN F: :PCPN: SNOW: WIND :SUNSHINE: SKY :PK WND
================================================================================
1 2 3 4 5 6A 6B 7 8 9 10 11 12 13 14 15 16 17 18
12Z AVG MX 2MIN
DY MAX MIN AVG DEP HDD CDD WTR SNW DPTH SPD SPD DIR MIN PSBL S-S WX SPD DR
================================================================================
1 74 30 52 1 13 0 0.00 0.0 0 5.8 14 280 M M 0 18 18 180
2 78 39 59 8 6 0 0.00 0.0 0 10.0 23 250 M M 0 30 250
3 81 48 65 13 0 0 0.00 0.0 0 14.9 31 250 M M 0 40 230
4 75 51 63 11 2 0 0.00 0.0 0 11.3 28 250 M M 0 34 250
5 73 41 57 5 8 0 0.00 0.0 0 5.2 18 260 M M 0 23 270
6 74 40 57 5 8 0 0.00 0.0 0 9.4 28 250 M M 0 35 250
7 74 50 62 9 3 0 0.00 0.0 0 12.3 29 260 M M 0 41 240
8 53 37 45 -8 20 0 0.00 0.0 0 13.6 22 30 M M 6 36 60
9 55 31 43 -10 22 0 0.00 0.0 0 5.8 13 10 M M 0 17 10
10 66 31 49 -4 16 0 0.00 0.0 0 8.1 18 180 M M 0 25 160
11 75 33 54 0 11 0 0.00 0.0 0 9.0 23 180 M M 0 33 190
12 78 38 58 4 7 0 0.00 0.0 0 6.3 17 240 M M 0 24 240
13 79 50 65 11 0 0 0.00 0.0 0 14.6 38 250 M M 1 8 52 250
14 72 39 56 1 9 0 0.00 0.0 0 7.9 28 20 M M 1 36 50
15 48 43 46 -9 19 0 0.04 0.0 0 13.2 23 10 M M 10 18 35 360
16 53 43 48 -7 17 0 0.03 0.0 0 8.2 15 360 M M 10 1 19 360
17 63 47 55 -1 10 0 0.05 0.0 0 7.7 23 60 M M 9 3 30 90
18 64 42 53 -3 12 0 0.00 0.0 0 7.2 16 170 M M 7 23 150
19 70 39 55 -1 10 0 0.00 0.0 0 5.8 15 210 M M 1 22 210
20 73 43 58 2 7 0 0.00 0.0 0 7.2 17 190 M M 3 8 23 180
21 74 49 62 5 3 0 T 0.0 0 5.3 22 250 M M 5 8 27 250
22 78 46 62 5 3 0 0.00 0.0 0 7.7 24 360 M M 0 30 350
23 68 49 59 2 6 0 0.00 0.0 0 13.0 25 170 M M 2 36 170
24 68 45 57 -1 8 0 0.00 0.0 0 24.9 54 250 M M 1 78 74 240
25 57 36 47 -11 18 0 0.00 0.0 0 12.0 23 30 M M 3 31 40
26 62 29 46 -12 19 0 0.00 0.0 0 7.0 25 290 M M 1 34 290
27 67 35 51 -7 14 0 0.00 0.0 0 11.5 30 310 M M 0 45 320
================================================================================
SM 1852 1104 271 0 0.12 0.0 264.9 M 60
================================================================================
AV 68.6 40.9 9.8 FASTST M M 2 MAX(MPH)
MISC ----> 54 250 74 240
================================================================================
NOTES:
# LAST OF SEVERAL OCCURRENCES
COLUMN 17 PEAK WIND IN M.P.H.
PRELIMINARY LOCAL CLIMATOLOGICAL DATA (WS FORM: F-6) , PAGE 2
STATION: ROSWELL NM
MONTH: MARCH
YEAR: 2024
LATITUDE: 33 17 N
LONGITUDE: 104 32 W
[TEMPERATURE DATA] [PRECIPITATION DATA] SYMBOLS USED IN COLUMN 16
AVERAGE MONTHLY: 54.7 TOTAL FOR MONTH: 0.12 1 = FOG OR MIST
DPTR FM NORMAL: 0.1 DPTR FM NORMAL: -0.35 2 = FOG REDUCING VISIBILITY
HIGHEST: 81 ON 3 GRTST 24HR 0.07 ON 15-16 TO 1/4 MILE OR LESS
LOWEST: 29 ON 26 3 = THUNDER
SNOW, ICE PELLETS, HAIL 4 = ICE PELLETS
TOTAL MONTH: 2.0 INCHES 5 = HAIL
GRTST 24HR 0.0 6 = FREEZING RAIN OR DRIZZLE
GRTST DEPTH: 2 ON M 7 = DUSTSTORM OR SANDSTORM:
VSBY 1/2 MILE OR LESS
8 = SMOKE OR HAZE
[NO. OF DAYS WITH] [WEATHER - DAYS WITH] 9 = BLOWING SNOW
X = TORNADO
MAX 32 OR BELOW: 0 0.01 INCH OR MORE: 3
MAX 90 OR ABOVE: 0 0.10 INCH OR MORE: 0
MIN 32 OR BELOW: 4 0.50 INCH OR MORE: 0
MIN 0 OR BELOW: 0 1.00 INCH OR MORE: 0
[HDD (BASE 65) ]
TOTAL THIS MO. 271 CLEAR (SCALE 0-3) 21
DPTR FM NORMAL -15 PTCLDY (SCALE 4-7) 3
TOTAL FM JUL 1 2424 CLOUDY (SCALE 8-10) 3
DPTR FM NORMAL -287
[CDD (BASE 65) ]
TOTAL THIS MO. 0
DPTR FM NORMAL -2 [PRESSURE DATA]
TOTAL FM JAN 1 2 HIGHEST SLP M ON M
DPTR FM NORMAL -1 LOWEST SLP 29.27 ON 24
[REMARKS]