000
CXUS53 KARX 011000
CF6RST
PRELIMINARY LOCAL CLIMATOLOGICAL DATA (WS FORM: F-6)
STATION: ROCHESTER MN
MONTH: NOVEMBER
YEAR: 2023
LATITUDE: 43 55 N
LONGITUDE: 92 30 W
TEMPERATURE IN F: :PCPN: SNOW: WIND :SUNSHINE: SKY :PK WND
================================================================================
1 2 3 4 5 6A 6B 7 8 9 10 11 12 13 14 15 16 17 18
12Z AVG MX 2MIN
DY MAX MIN AVG DEP HDD CDD WTR SNW DPTH SPD SPD DIR MIN PSBL S-S WX SPD DR
================================================================================
1 37 16 27 -14 38 0 0.00 0.0 0 10.4 22 200 M M 4 28 190
2 48 24 36 -4 29 0 0.00 0.0 0 7.8 14 220 M M 0 18 190
3 52 35 44 4 21 0 0.00 0.0 0 8.4 15 360 M M 6 20 200
4 53 28 41 2 24 0 0.00 0.0 0 5.1 13 240 M M 0 18 16 250
5 58 36 47 8 18 0 0.00 0.0 0 15.7 31 170 M M 2 40 180
6 59 39 49 11 16 0 0.00 0.0 0 17.5 29 300 M M 4 39 190
7 47 37 42 4 23 0 0.01 0.0 0 11.5 23 120 M M 6 29 120
8 48 35 42 5 23 0 0.00 0.0 0 11.5 31 300 M M 6 42 310
9 50 31 41 4 24 0 T 0.0 0 14.9 26 280 M M 1 37 260
10 38 32 35 -1 30 0 0.00 0.0 0 9.9 21 300 M M 10 26 300
11 44 24 34 -2 31 0 T 0.0 0 12.8 23 180 M M 7 30 180
12 59 37 48 13 17 0 0.00 0.0 0 16.3 25 190 M M 1 33 220
13 57 33 45 10 20 0 0.00 0.0 0 9.2 16 260 M M 0 20 260
14 64 38 51 17 14 0 0.00 0.0 0 19.4 32 200 M M 1 45 200
15 62 35 49 15 16 0 0.00 0.0 0 7.7 22 210 M M 0 28 220
16 67 38 53 20 12 0 T 0.0 0 22.8 44 220 M M 1 56 230
17 44 24 34 1 31 0 0.00 0.0 0 9.1 21 340 M M 0 28 340
18 55 27 41 9 24 0 0.00 0.0 0 9.4 17 300 M M 0 22 300
19 55 30 43 11 22 0 0.00 0.0 0 9.4 15 130 M M 0 19 120
20 42 37 40 8 25 0 0.02 0.0 0 9.2 15 40 M M 9 20 30
21 38 24 31 0 34 0 T 0.0 0 9.8 23 320 M M 9 1 29 320
22 44 19 32 2 33 0 0.00 0.0 0 11.9 22 190 M M 0 27 180
23 37 17 27 -3 38 0 0.00 0.0 0 14.1 23 350 M M 0 30 350
24 28 11 20 -10 45 0 0.00 0.0 0 8.9 17 360 M M 0 25 360
25 30 19 25 -4 40 0 0.03 0.2 0 6.3 14 220 M M 9 1 17 230
26 30 17 24 -5 41 0 0.05 0.5 T 14.1 30 300 M M 10 18 39 310
27 19 7 13 -15 52 0 T T T 16.6 24 300 M M 7 31 300
28 24 0 12 -16 53 0 0.00 0.0 T 12.3 24 190 M M 1 32 180
29 48 21 35 8 30 0 0.00 0.0 T 11.7 17 270 M M 0 22 260
30 43 21 32 5 33 0 0.00 0.0 0 10.8 20 340 M M 0 24 330
================================================================================
SM 1380 792 857 0 0.11 0.7 354.5 M 94
================================================================================
AV 46.0 26.4 11.8 FASTST M M 3 MAX(MPH)
MISC ----> 44 220 56 230
================================================================================
NOTES:
# LAST OF SEVERAL OCCURRENCES
COLUMN 17 PEAK WIND IN M.P.H.
PRELIMINARY LOCAL CLIMATOLOGICAL DATA (WS FORM: F-6) , PAGE 2
STATION: ROCHESTER MN
MONTH: NOVEMBER
YEAR: 2023
LATITUDE: 43 55 N
LONGITUDE: 92 30 W
[TEMPERATURE DATA] [PRECIPITATION DATA] SYMBOLS USED IN COLUMN 16
AVERAGE MONTHLY: 36.2 TOTAL FOR MONTH: 0.11 1 = FOG OR MIST
DPTR FM NORMAL: 2.6 DPTR FM NORMAL: -1.69 2 = FOG REDUCING VISIBILITY
HIGHEST: 67 ON 16 GRTST 24HR 0.08 ON 25-26 TO 1/4 MILE OR LESS
LOWEST: 0 ON 28 3 = THUNDER
SNOW, ICE PELLETS, HAIL 4 = ICE PELLETS
TOTAL MONTH: 1.8 INCHES 5 = HAIL
GRTST 24HR 0.5 ON 26-26 6 = FREEZING RAIN OR DRIZZLE
GRTST DEPTH: 1 ON M 7 = DUSTSTORM OR SANDSTORM:
VSBY 1/2 MILE OR LESS
8 = SMOKE OR HAZE
[NO. OF DAYS WITH] [WEATHER - DAYS WITH] 9 = BLOWING SNOW
X = TORNADO
MAX 32 OR BELOW: 5 0.01 INCH OR MORE: 4
MAX 90 OR ABOVE: 0 0.10 INCH OR MORE: 0
MIN 32 OR BELOW: 19 0.50 INCH OR MORE: 0
MIN 0 OR BELOW: 1 1.00 INCH OR MORE: 0
[HDD (BASE 65) ]
TOTAL THIS MO. 857 CLEAR (SCALE 0-3) 18
DPTR FM NORMAL -83 PTCLDY (SCALE 4-7) 7
TOTAL FM JUL 1 1422 CLOUDY (SCALE 8-10) 5
DPTR FM NORMAL -266
[CDD (BASE 65) ]
TOTAL THIS MO. 0
DPTR FM NORMAL 0 [PRESSURE DATA]
TOTAL FM JAN 1 697 HIGHEST SLP 30.66 ON 24
DPTR FM NORMAL 164 LOWEST SLP 29.53 ON 6
[REMARKS]
#FINAL-11-23#