000
CXUS53 KARX 010713
CLMRST
CLIMATE REPORT
NATIONAL WEATHER SERVICE LA CROSSE WI
213 AM CDT MON MAY 01 2023
...................................
...THE ROCHESTER MN CLIMATE SUMMARY FOR THE MONTH OF APRIL 2023...
CLIMATE NORMAL PERIOD 1991 TO 2020
CLIMATE RECORD PERIOD 1886 TO 2023
WEATHER OBSERVED NORMAL DEPART LAST YEAR`S
VALUE DATE(S) VALUE FROM VALUE DATE(S)
NORMAL
................................................................
TEMPERATURE (F)
RECORD
HIGH 92 04/24/2009
LOW 5 04/06/1982
HIGHEST 87 04/12 71 04/23
LOWEST 21 04/01 22 04/01
AVG. MAXIMUM 55.2 55.3 -0.1 48.4
AVG. MINIMUM 34.9 35.1 -0.2 32.2
MEAN 45.1 45.2 -0.1 40.3
DAYS MAX >= 90 0 0.0 0.0 0
DAYS MAX <= 32 0 0.9 -0.9 0
DAYS MIN <= 32 14 10.7 3.3 18
DAYS MIN <= 0 0 0.0 0.0 0
PRECIPITATION (INCHES)
RECORD
MAXIMUM 7.30 2001
TOTALS 3.01 3.52 -0.51 6.83
DAYS >= .01 10 12.2 -2.2 15
DAYS >= .10 7 7.0 0.0 10
DAYS >= .50 2 2.4 -0.4 4
DAYS >= 1.00 0 0.7 -0.7 4
GREATEST
24 HR. TOTAL 2.22 03/31 TO 04/01 2.41 04/12 TO 04/13
SNOWFALL (INCHES)
RECORDS
TOTAL 17.0 2018
SNOW DEPTH 11 04/27/1988
TOTALS 4.2 3.3 0.9 0.9
SINCE 7/1 63.3 52.6 10.7 MM
SNOWDEPTH AVG. 0 -1
DAYS >= TRACE 8 2.6 5.4 11
DAYS >= 1.0 2 1.0 1.0 0
GREATEST
SNOW DEPTH 5 04/01 MM 04/02
04/08
DEGREE DAYS
HEATING TOTAL 602 596 6 736
SINCE 7/1 7448 7542 -94 MM
COOLING TOTAL 12 2 10 0
SINCE 1/1 12 2 10 MM
................................................................
WIND (MPH)
AVERAGE WIND SPEED 15.1
HIGHEST WIND SPEED/DIRECTION 37/340 DATE 04/16
HIGHEST GUST SPEED/DIRECTION 49/330 DATE 04/16
AVERAGE RH (PERCENT) 68
WEATHER CONDITIONS. NUMBER OF DAYS WITH
THUNDERSTORM 4 MIXED PRECIP 0
HEAVY RAIN 3 RAIN 4
LIGHT RAIN 12 FREEZING RAIN 0
LT FREEZING RAIN 1 HAIL 0
HEAVY SNOW 1 SNOW 3
LIGHT SNOW 7 SLEET 0
FOG 13 FOG W/VIS <= 1/4 MILE 2
HAZE 0
- INDICATES NEGATIVE NUMBERS.
R INDICATES RECORD WAS SET OR TIED.
MM INDICATES DATA IS MISSING.
T INDICATES TRACE AMOUNT.
$$
BOYNE