000
CXUS53 KARX 010937
CLMRST
CLIMATE REPORT
NATIONAL WEATHER SERVICE LA CROSSE WI
437 AM CDT SAT APR 01 2023
...................................
...THE ROCHESTER MN CLIMATE SUMMARY FOR THE MONTH OF MARCH 2023...
CLIMATE NORMAL PERIOD 1991 TO 2020
CLIMATE RECORD PERIOD 1886 TO 2023
WEATHER OBSERVED NORMAL DEPART LAST YEAR`S
VALUE DATE(S) VALUE FROM VALUE DATE(S)
NORMAL
................................................................
TEMPERATURE (F)
RECORD
HIGH 82 03/24/1910
LOW -31 03/01/1962
HIGHEST 47 03/21 69 03/21
LOWEST 3 03/14 0 03/12
AVG. MAXIMUM 36.3 39.9 -3.6 39.9
AVG. MINIMUM 21.7 23.4 -1.7 24.7
MEAN 29.0 31.7 -2.7 32.3
DAYS MAX >= 90 0 0.0 0.0 0
DAYS MAX <= 32 9 7.9 1.1 10
DAYS MIN <= 32 31 24.4 6.6 27
DAYS MIN <= 0 0 1.7 -1.7 1
PRECIPITATION (INCHES)
RECORD
MAXIMUM 4.02 1888
TOTALS 3.38 2.02 1.36 2.29
DAYS >= .01 12 10.2 1.8 8
DAYS >= .10 5 4.8 0.2 4
DAYS >= .50 1 1.1 -0.1 2
DAYS >= 1.00 1 0.2 0.8 0
GREATEST
24 HR. TOTAL 2.15 03/31 TO 03/31 1.11 03/22 TO 03/23
SNOWFALL (INCHES)
RECORDS
TOTAL 35.1 1951
SNOW DEPTH 25 03/02/2019
03/05/2014
TOTALS 9.2 8.6 0.6 0.6
SINCE 7/1 59.1 49.3 9.8 MM
SNOWDEPTH AVG. 2 0
DAYS >= TRACE 15 5.6 9.4 11
DAYS >= 1.0 3 2.3 0.7 0
GREATEST
SNOW DEPTH 7 03/12 1 03/01
03/13
03/14
DEGREE DAYS
HEATING TOTAL 1109 1034 75 1006
SINCE 7/1 6846 6947 -101 MM
COOLING TOTAL 0 0 0 0
SINCE 1/1 0 0 0 MM
................................................................
WIND (MPH)
AVERAGE WIND SPEED 12.6
HIGHEST WIND SPEED/DIRECTION 39/030 DATE 03/31
HIGHEST GUST SPEED/DIRECTION 50/030 DATE 03/31
AVERAGE RH (PERCENT) 78
WEATHER CONDITIONS. NUMBER OF DAYS WITH
THUNDERSTORM 2 MIXED PRECIP 0
HEAVY RAIN 1 RAIN 2
LIGHT RAIN 4 FREEZING RAIN 0
LT FREEZING RAIN 1 HAIL 0
HEAVY SNOW 1 SNOW 3
LIGHT SNOW 14 SLEET 0
FOG 15 FOG W/VIS <= 1/4 MILE 3
HAZE 1
- INDICATES NEGATIVE NUMBERS.
R INDICATES RECORD WAS SET OR TIED.
MM INDICATES DATA IS MISSING.
T INDICATES TRACE AMOUNT.
$$