000
CXUS53 KARX 010650
CLMRST
CLIMATE REPORT
NATIONAL WEATHER SERVICE LA CROSSE WI
150 AM CDT FRI SEP 01 2023
...................................
...THE ROCHESTER MN CLIMATE SUMMARY FOR THE MONTH OF AUGUST 2023...
CLIMATE NORMAL PERIOD 1991 TO 2020
CLIMATE RECORD PERIOD 1886 TO 2023
WEATHER OBSERVED NORMAL DEPART LAST YEAR`S
VALUE DATE(S) VALUE FROM VALUE DATE(S)
NORMAL
................................................................
TEMPERATURE (F)
RECORD
HIGH 100 08/24/1948
08/23/1948
08/04/1947
LOW 32 08/30/1915
HIGHEST 97 08/23 85 08/02
LOWEST 49 08/18 53 08/26
08/30
AVG. MAXIMUM 81.1 78.0 3.1 77.5
AVG. MINIMUM 60.1 58.3 1.8 58.6
MEAN 70.6 68.2 2.4 68.0
DAYS MAX >= 90 2 0.5 1.5 0
DAYS MAX <= 32 0 0.0 0.0 0
DAYS MIN <= 32 0 0.0 0.0 0
DAYS MIN <= 0 0 0.0 0.0 0
PRECIPITATION (INCHES)
RECORD
MAXIMUM 14.07 2007
TOTALS 1.51 4.12 -2.61 6.53
DAYS >= .01 7 10.0 -3.0 9
DAYS >= .10 3 6.0 -3.0 8
DAYS >= .50 2 2.8 -0.8 5
DAYS >= 1.00 0 1.1 -1.1 2
GREATEST
24 HR. TOTAL 0.68 08/11 TO 08/11 2.55 08/06 TO 08/07
SNOWFALL (INCHES)
RECORDS
TOTAL 0.0 2020
SNOW DEPTH 0 08/31/2020
TOTALS 0.0 0.0 0.0 0.0
SINCE 7/1 0.0 0.0 0.0 MM
SNOWDEPTH AVG. 0 0
DAYS >= TRACE 0 0.0 0.0 0
DAYS >= 1.0 0 0.0 0.0 0
GREATEST
SNOW DEPTH 0 0 MM
DEGREE DAYS
HEATING TOTAL 10 30 -20 5
SINCE 7/1 26 45 -19 MM
COOLING TOTAL 190 128 62 107
SINCE 1/1 563 474 89 MM
................................................................
WIND (MPH)
AVERAGE WIND SPEED 8.2
HIGHEST WIND SPEED/DIRECTION 32/300 DATE 08/11
HIGHEST GUST SPEED/DIRECTION 46/300 DATE 08/11
AVERAGE RH (PERCENT) 77
WEATHER CONDITIONS. NUMBER OF DAYS WITH
THUNDERSTORM 4 MIXED PRECIP 0
HEAVY RAIN 2 RAIN 2
LIGHT RAIN 9 FREEZING RAIN 0
LT FREEZING RAIN 0 HAIL 0
HEAVY SNOW 0 SNOW 0
LIGHT SNOW 0 SLEET 0
FOG 12 FOG W/VIS <= 1/4 MILE 1
HAZE 1
- INDICATES NEGATIVE NUMBERS.
R INDICATES RECORD WAS SET OR TIED.
MM INDICATES DATA IS MISSING.
T INDICATES TRACE AMOUNT.
$$