000
CXUS53 KARX 011357
CLSRST
CLIMATE REPORT
NATIONAL WEATHER SERVICE LA CROSSE WI
757 AM CST THU DEC 01 2022
...................................
...THE ROCHESTER MN CLIMATE SUMMARY FOR THE SEASON, FROM
9/1/2022 TO 11/30/2022...
CLIMATE NORMAL PERIOD 1991 TO 2020
CLIMATE RECORD PERIOD 1886 TO 2022
WEATHER OBSERVED NORMAL DEPART LAST YEAR`S
VALUE DATE(S) VALUE FROM VALUE DATE(S)
NORMAL
................................................................
TEMPERATURE (F)
RECORD
HIGH 100 09/06/1913
LOW -24 11/28/1887
HIGHEST 90 09/20 86 09/19
LOWEST 5 11/20 11 11/25
11/26
AVG. MAXIMUM 58.1 57.1 1.0 60.9
AVG. MINIMUM 37.5 38.0 -0.5 40.5
MEAN 47.8 47.5 0.3 50.7
DAYS MAX >= 90 1 0.4 0.6 0
DAYS MAX <= 32 12 7.3 4.7 3
DAYS MIN <= 32 35 32.4 2.6 29
DAYS MIN <= 0 0 0.5 -0.5 0
PRECIPITATION (INCHES)
RECORD
MAXIMUM 16.95 2019
MINIMUM 1.49 1976
TOTALS 3.16 7.83 -4.67 5.15
DAYS >= .01 25 28.0 -3.0 22
DAYS >= .10 9 15.0 -6.0 8
DAYS >= .50 0 4.5 -4.5 3
DAYS >= 1.00 0 1.8 -1.8 2
GREATEST
24 HR. TOTAL 0.53 09/09 TO 09/10 1.79 11/10 TO 11/11
SNOWFALL (INCHES)
RECORDS
TOTAL 24.8 1991
SNOW DEPTH 12 11/30/1934
TOTALS 6.5 5.4 1.1 0.6
SNOWDEPTH AVG. 0 -1
DAYS >= TRACE 11 5.3 5.7 7
DAYS >= 1.0 3 1.5 1.5 0
GREATEST
SNOW DEPTH 2 11/30 MM 11/12
11/15
11/14
DEGREE DAYS
HEATING TOTAL 1592 1645 -53 1329
COOLING TOTAL 51 59 -8 52
................................................................
WIND (MPH)
AVERAGE WIND SPEED 11.5
HIGHEST WIND SPEED/DIRECTION 40/160 DATE 10/23
HIGHEST GUST SPEED/DIRECTION 52/260 DATE 11/06
AVERAGE RH (PERCENT) 70
WEATHER CONDITIONS. NUMBER OF DAYS WITH
THUNDERSTORM 7 MIXED PRECIP 0
HEAVY RAIN 2 RAIN 8
LIGHT RAIN 23 FREEZING RAIN 0
LT FREEZING RAIN 0 HAIL 0
HEAVY SNOW 1 SNOW 4
LIGHT SNOW 11 SLEET 0
FOG 27 FOG W/VIS <= 1/4 MILE 4
HAZE 12
- INDICATES NEGATIVE NUMBERS.
R INDICATES RECORD WAS SET OR TIED.
MM INDICATES DATA IS MISSING.
T INDICATES TRACE AMOUNT.
$$
BOYNE