000
CXUS54 KTSA 010850
CF6RVS
PRELIMINARY LOCAL CLIMATOLOGICAL DATA (WS FORM: F-6)
STATION: TULSA-RIVERSIDE OKLAHOMA
MONTH: OCTOBER
YEAR: 2023
LATITUDE: 36 2 N
LONGITUDE: 95 59 W
TEMPERATURE IN F: :PCPN: SNOW: WIND :SUNSHINE: SKY :PK WND
================================================================================
1 2 3 4 5 6A 6B 7 8 9 10 11 12 13 14 15 16 17 18
12Z AVG MX 2MIN
DY MAX MIN AVG DEP HDD CDD WTR SNW DPTH SPD SPD DIR MIN PSBL S-S WX SPD DR
================================================================================
1 90 61 76 8 0 11 0.00 0.0 M 3.3 14 170 M M 0 1 25 160
2 88 64 76 8 0 11 0.00 0.0 M 3.9 14 180 M M 1 1 22 180
3 84 63 74 6 0 9 T 0.0 M 5.8 14 160 M M 0 22 170
4 83 64 74 7 0 9 1.08 0.0 M 6.9 22 260 M M 5 13 39 270
5 82 61 72 5 0 7 0.00 0.0 M 3.3 14 10 M M 2 18 20 20
6 70 43 57 -9 8 0 0.00 0.0 M 3.6 18 30 M M 4 29 360
7 67 41 54 -12 11 0 0.00 0.0 M 2.4 10 20 M M 0 16 10
8 78 42 60 -6 5 0 0.00 0.0 M 3.1 14 200 M M 0 19 200
9 79 49 64 -1 1 0 T 0.0 M 2.3 12 40 M M 0 20 60
10 82 52 67 2 0 2 0.00 0.0 M 6.0 13 160 M M 0 22 180
11 82 60 71 7 0 6 0.00 0.0 M 11.1 22 170 M M 5 35 170
12 69 62 66 2 0 1 0.00 0.0 M 12.9 21 180 M M 8 33 180
13 70 54 62 -2 3 0 0.31 0.0 M 6.0 17 180 M M 5 13 27 250
14 62 46 54 -9 11 0 0.00 0.0 M 5.1 13 340 M M 6 22 350
15 60 49 55 -8 10 0 T 0.0 M 7.1 15 350 M M 9 23 360
16 68 43 56 -6 9 0 0.00 0.0 M 2.7 12 360 M M 2 19 350
17 72 38 55 -7 10 0 0.00 0.0 M 3.0 14 170 M M 0 19 170
18 80 46 63 1 2 0 0.00 0.0 M 4.7 15 180 M M 0 22 170
19 80 45 63 2 2 0 0.00 0.0 M 1.9 8 270 M M 0 16 290
20 84 48 66 5 0 1 0.00 0.0 M 1.5 7 150 M M 0 10 160
21 83 51 67 7 0 2 0.00 0.0 M 1.8 12 10 M M 0 15 20
22 82 54 68 8 0 3 0.00 0.0 M 6.0 16 170 M M 0 24 170
23 81 57 69 9 0 4 T 0.0 M 8.9 17 180 M M 4 27 210
24 73 66 70 11 0 5 0.52 0.0 M 9.5 18 170 M M 10 1 29 170
25 76 66 71 12 0 6 0.42 0.0 M 8.8 18 170 M M 10 1 29 160
26 80 66 73 15 0 8 T 0.0 M 9.9 20 200 M M 7 28 170
27 74 50 62 4 3 0 0.11 0.0 M 7.9 14 180 M M 10 1 22 320
28 50 40 45 -13 20 0 0.16 0.0 M 8.2 15 360 M M 10 1 23 10
29 41 37 39 -18 26 0 0.68 M M 10.4 17 20 M M 10 1 28 20
30 47 28 38 -19 27 0 0.00 0.0 M 6.3 16 10 M M 1 25 10
31 48 25 37 -20 28 0 0.00 0.0 M 4.6 20 20 M M 0 33 10
================================================================================
SM 2265 1571 176 85 3.28 0.0 178.9 M 109
================================================================================
AV 73.1 50.7 5.8 FASTST M M 4 MAX(MPH)
MISC ----> # 22 260 39 270
================================================================================
NOTES:
# LAST OF SEVERAL OCCURRENCES
COLUMN 17 PEAK WIND IN M.P.H.
PRELIMINARY LOCAL CLIMATOLOGICAL DATA (WS FORM: F-6) , PAGE 2
STATION: TULSA-RIVERSIDE OKLAHOMA
MONTH: OCTOBER
YEAR: 2023
LATITUDE: 36 2 N
LONGITUDE: 95 59 W
[TEMPERATURE DATA] [PRECIPITATION DATA] SYMBOLS USED IN COLUMN 16
AVERAGE MONTHLY: 61.9 TOTAL FOR MONTH: 3.28 1 = FOG OR MIST
DPTR FM NORMAL: -0.5 DPTR FM NORMAL: -0.56 2 = FOG REDUCING VISIBILITY
HIGHEST: 90 ON 1 GRTST 24HR 1.08 ON 4- 4 TO 1/4 MILE OR LESS
LOWEST: 25 ON 31 3 = THUNDER
SNOW, ICE PELLETS, HAIL 4 = ICE PELLETS
TOTAL MONTH: 0.0 INCH 5 = HAIL
GRTST 24HR 0.0 6 = FREEZING RAIN OR DRIZZLE
GRTST DEPTH: M ON M 7 = DUSTSTORM OR SANDSTORM:
VSBY 1/2 MILE OR LESS
8 = SMOKE OR HAZE
[NO. OF DAYS WITH] [WEATHER - DAYS WITH] 9 = BLOWING SNOW
X = TORNADO
MAX 32 OR BELOW: 0 0.01 INCH OR MORE: 7
MAX 90 OR ABOVE: 1 0.10 INCH OR MORE: 7
MIN 32 OR BELOW: 2 0.50 INCH OR MORE: 3
MIN 0 OR BELOW: 0 1.00 INCH OR MORE: 1
[HDD (BASE 65) ]
TOTAL THIS MO. 176 CLEAR (SCALE 0-3) 17
DPTR FM NORMAL 20 PTCLDY (SCALE 4-7) 8
TOTAL FM JUL 1 176 CLOUDY (SCALE 8-10) 6
DPTR FM NORMAL 6
[CDD (BASE 65) ]
TOTAL THIS MO. 85
DPTR FM NORMAL 9 [PRESSURE DATA]
TOTAL FM JAN 1 2216 HIGHEST SLP 30.55 ON 31
DPTR FM NORMAL 77 LOWEST SLP 29.58 ON 12
[REMARKS]
#FINAL-10-23#