000
CXUS55 KPIH 011535
CF6RXE
PRELIMINARY LOCAL CLIMATOLOGICAL DATA (WS FORM: F-6)
STATION: REXBURG ID
MONTH: APRIL
YEAR: 2020
LATITUDE: 43 49 N
LONGITUDE: 111 48 W
TEMPERATURE IN F: :PCPN: SNOW: WIND :SUNSHINE: SKY :PK WND
================================================================================
1 2 3 4 5 6A 6B 7 8 9 10 11 12 13 14 15 16 17 18
12Z AVG MX 2MIN
DY MAX MIN AVG DEP HDD CDD WTR SNW DPTH SPD SPD DIR MIN PSBL S-S WX SPD DR
================================================================================
1 38 26 32 -8 33 0 0.14 M M 7.2 16 200 M M 10 12 21 200
2 37 20 29 -11 36 0 T M M 4.9 15 240 M M 5 20 240
3 43 18 31 -10 34 0 0.00 M M 9.0 20 190 M M 7 25 190
4 52 28 40 -1 25 0 0.00 M M 9.2 22 240 M M 2 28 220
5 52 36 44 3 21 0 0.08 M M 10.3 22 180 M M 6 29 160
6 51 35 43 1 22 0 0.45 M M 6.7 21 210 M M 8 1 27 210
7 59 36 48 6 17 0 0.00 M M 11.2 22 240 M M 6 28 230
8 62 36 49 7 16 0 0.00 M M 4.0 15 200 M M 0 19 210
9 69 31 50 8 15 0 0.00 M M 5.8 15 50 M M 0 20 40
10 65 34 50 8 15 0 T M M 11.0 23 210 M M 2 30 200
11 58 29 44 1 21 0 0.03 M M 13.0 28 10 M M 8 3 39 20
12 38 21 30 -13 35 0 0.00 M M 10.4 18 20 M M 1 26 10
13 39 15 27 -16 38 0 0.00 M M 7.1 17 360 M M 3 27 30
14 47 18 33 -10 32 0 0.00 M M 5.5 18 270 M M 6 24 240
15 47 30 39 -5 26 0 0.13 M M 9.7 24 10 M M 9 13 30 10
16 45 24 35 -9 30 0 0.00 M M 9.8 24 30 M M 1 33 30
17 52 19 36 -8 29 0 0.00 M M 7.1 18 230 M M 0 25 230
18 59 26 43 -1 22 0 0.00 M M 6.4 14 240 M M 0 19 240
19 60 33 47 2 18 0 T M M 4.1 14 30 M M 6 23 360
20 64 30 47 2 18 0 0.00 M M 4.7 14 230 M M 1 19 230
21 67 32 50 5 15 0 0.00 M M 4.7 18 270 M M 0 23 250
22 65 36 51 6 14 0 0.00 M M 10.8 28 210 M M 6 38 220
23 58 39 49 3 16 0 0.07 M M 10.2 29 270 M M 7 3 40 250
24 57 34 46 0 19 0 T M M 8.1 17 270 M M 7 25 280
25 63 32 48 2 17 0 0.00 M M 8.7 20 230 M M 2 27 200
26 68 50 59 13 6 0 0.01 M M 11.8 23 210 M M 6 34 180
27 65 40 53 6 12 0 T M M 6.2 17 210 M M 5 22 210
28 69 37 53 6 12 0 0.00 M M 7.1 17 210 M M 0 24 220
29 77 37 57 10 8 0 T M M 5.5 17 240 M M 0 22 240
30 70 50 60 12 5 0 0.09 M M 12.4 25 200 M M 7 38 35 280
================================================================================
SM 1696 932 627 0 1.00 M 242.6 M 121
================================================================================
AV 56.5 31.1 8.1 FASTST M M 4 MAX(MPH)
MISC ----> # 29 270 # 40 250
================================================================================
NOTES:
# LAST OF SEVERAL OCCURRENCES
PRECIPITATION SUSPECT DURING FREEZING/FROZEN EVENTS
COLUMN 17 PEAK WIND IN M.P.H.
PRELIMINARY LOCAL CLIMATOLOGICAL DATA (WS FORM: F-6) , PAGE 2
STATION: REXBURG ID
MONTH: APRIL
YEAR: 2020
LATITUDE: 43 49 N
LONGITUDE: 111 48 W
[TEMPERATURE DATA] [PRECIPITATION DATA] SYMBOLS USED IN COLUMN 16
AVERAGE MONTHLY: 43.8 TOTAL FOR MONTH: 1.00 1 = FOG OR MIST
DPTR FM NORMAL: 0.0 DPTR FM NORMAL: -0.48 2 = FOG REDUCING VISIBILITY
HIGHEST: 77 ON 29 GRTST 24HR 0.45 ON 6- 6 TO 1/4 MILE OR LESS
LOWEST: 15 ON 13 3 = THUNDER
SNOW, ICE PELLETS, HAIL 4 = ICE PELLETS
TOTAL MONTH: M 5 = HAIL
GRTST 24HR M ON M 6 = FREEZING RAIN OR DRIZZLE
GRTST DEPTH: M ON M 7 = DUSTSTORM OR SANDSTORM:
VSBY 1/2 MILE OR LESS
8 = SMOKE OR HAZE
[NO. OF DAYS WITH] [WEATHER - DAYS WITH] 9 = BLOWING SNOW
X = TORNADO
MAX 32 OR BELOW: 0 0.01 INCH OR MORE: 8
MAX 90 OR ABOVE: 0 0.10 INCH OR MORE: 3
MIN 32 OR BELOW: 16 0.50 INCH OR MORE: 0
MIN 0 OR BELOW: 0 1.00 INCH OR MORE: 0
[HDD (BASE 65) ]
TOTAL THIS MO. 627 CLEAR (SCALE 0-3) 14
DPTR FM NORMAL -9 PTCLDY (SCALE 4-7) 13
TOTAL FM JUL 1 7510 CLOUDY (SCALE 8-10) 3
DPTR FM NORMAL -55
[CDD (BASE 65) ]
TOTAL THIS MO. 0
DPTR FM NORMAL 0 [PRESSURE DATA]
TOTAL FM JAN 1 0 HIGHEST SLP 30.33 ON 14
DPTR FM NORMAL 0 LOWEST SLP 29.52 ON 11
[REMARKS]
#FINAL-04-20#