000
CXUS55 KPIH 181100
CF6RXE
PRELIMINARY LOCAL CLIMATOLOGICAL DATA (WS FORM: F-6)
STATION: REXBURG
MONTH: APRIL
YEAR: 2024
LATITUDE: 43 49 N
LONGITUDE: 111 48 W
TEMPERATURE IN F: :PCPN: SNOW: WIND :SUNSHINE: SKY :PK WND
================================================================================
1 2 3 4 5 6A 6B 7 8 9 10 11 12 13 14 15 16 17 18
12Z AVG MX 2MIN
DY MAX MIN AVG DEP HDD CDD WTR SNW DPTH SPD SPD DIR MIN PSBL S-S WX SPD DR
================================================================================
1 50 26 38 -2 27 0 0.00 M M 4.8 13 200 M M 5 12 17 200
2 58 26 42 1 23 0 0.00 M M 6.2 15 200 M M 0 22 200
3 62 30 46 5 19 0 0.00 M M 8.2 20 180 M M 2 31 170
4 63 41 52 11 13 0 0.00 M M 9.8 28 200 M M 0 42 230
5 58 30 44 3 21 0 0.02 M M 9.3 28 230 M M 5 1 50 230
6 40 28 34 -8 31 0 0.08 M M 10.1 18 180 M M 8 1 28 250
7 43 29 36 -6 29 0 0.07 M M 9.0 17 210 M M 9 12 24 200
8 47 30 39 -3 26 0 0.00 M M 5.9 16 200 M M 6 21 180
9 54 33 44 2 21 0 0.00 M M 10.8 18 230 M M 4 28 210
10 57 28 43 1 22 0 0.00 M M 6.3 14 180 M M 1 20 200
11 61 28 45 2 20 0 0.00 M M 8.3 17 230 M M 1 26 190
12 70 33 52 9 13 0 T M M 7.1 16 210 M M 2 26 220
13 72 36 54 11 11 0 T M M 7.3 17 180 M M 1 25 170
14 71 34 53 10 12 0 0.00 M M 5.8 21 240 M M 3 29 250
15 57 42 50 6 15 0 0.09 M M 8.1 23 200 M M 8 3 30 200
16 56 37 47 3 18 0 0.00 M M 15.2 24 210 M M 4 38 200
17 43 28 36 -8 29 0 0.06 M M 7.4 20 230 M M 9 18 29 220
================================================================================
SM 962 539 350 0 0.32 M 139.6 M 68
================================================================================
AV 56.6 31.7 8.2 FASTST M M 4 MAX(MPH)
MISC ----> 28 200 50 230
================================================================================
NOTES:
# LAST OF SEVERAL OCCURRENCES
COLUMN 17 PEAK WIND IN M.P.H.
PRELIMINARY LOCAL CLIMATOLOGICAL DATA (WS FORM: F-6) , PAGE 2
STATION: REXBURG
MONTH: APRIL
YEAR: 2024
LATITUDE: 43 49 N
LONGITUDE: 111 48 W
[TEMPERATURE DATA] [PRECIPITATION DATA] SYMBOLS USED IN COLUMN 16
AVERAGE MONTHLY: 44.1 TOTAL FOR MONTH: 0.32 1 = FOG OR MIST
DPTR FM NORMAL: 1.9 DPTR FM NORMAL: -0.55 2 = FOG REDUCING VISIBILITY
HIGHEST: 72 ON 13 GRTST 24HR 0.16 ON 31- 1 TO 1/4 MILE OR LESS
LOWEST: 26 ON 2, 1 3 = THUNDER
SNOW, ICE PELLETS, HAIL 4 = ICE PELLETS
TOTAL MONTH: M 5 = HAIL
GRTST 24HR M ON M 6 = FREEZING RAIN OR DRIZZLE
GRTST DEPTH: M ON M 7 = DUSTSTORM OR SANDSTORM:
VSBY 1/2 MILE OR LESS
8 = SMOKE OR HAZE
[NO. OF DAYS WITH] [WEATHER - DAYS WITH] 9 = BLOWING SNOW
X = TORNADO
MAX 32 OR BELOW: 0 0.01 INCH OR MORE: 5
MAX 90 OR ABOVE: 0 0.10 INCH OR MORE: 0
MIN 32 OR BELOW: 10 0.50 INCH OR MORE: 0
MIN 0 OR BELOW: 0 1.00 INCH OR MORE: 0
[HDD (BASE 65) ]
TOTAL THIS MO. 350 CLEAR (SCALE 0-3) 8
DPTR FM NORMAL -38 PTCLDY (SCALE 4-7) 7
TOTAL FM JUL 1 6245 CLOUDY (SCALE 8-10) 2
DPTR FM NORMAL -857
[CDD (BASE 65) ]
TOTAL THIS MO. 0
DPTR FM NORMAL 0 [PRESSURE DATA]
TOTAL FM JAN 1 0 HIGHEST SLP M ON M
DPTR FM NORMAL 0 LOWEST SLP 29.42 ON 4
[REMARKS]