000
CXUS54 KEWX 011110
CF6RYW
PRELIMINARY LOCAL CLIMATOLOGICAL DATA (WS FORM: F-6)
STATION: LAGO VISTA
MONTH: FEBRUARY
YEAR: 2021
LATITUDE: 30 30 N
LONGITUDE: 97 58 W
TEMPERATURE IN F: :PCPN: SNOW: WIND :SUNSHINE: SKY :PK WND
================================================================================
1 2 3 4 5 6A 6B 7 8 9 10 11 12 13 14 15 16 17 18
12Z AVG MX 2MIN
DY MAX MIN AVG DEP HDD CDD WTR SNW DPTH SPD SPD DIR MIN PSBL S-S WX SPD DR
================================================================================
1 65 42 54 M 11 0 0.00 M M 7.2 10 10 M M 0 18 10
2 67 39 53 M 12 0 0.00 M M 3.2 8 180 M M 0 M M
3 75 56 66 M 0 1 0.00 M M 11.1 14 190 M M 1 24 160
4 83 49 66 M 0 1 0.00 M M 11.3 16 210 M M 4 25 200
5 64 40 52 M 13 0 0.05 M M 6.7 12 30 M M 5 20 20
6 72 46 59 M 6 0 0.00 M M 6.8 20 310 M M 5 1 29 310
7 70 33 52 M 13 0 0.00 M M 7.8 13 180 M M 0 1 21 150
8 74 49 62 M 3 0 0.00 M M 7.2 15 210 M M 6 12 24 210
9 64 42 53 M 12 0 0.00 M M 7.0 12 10 M M 8 18 20 10
10 44 32 38 M 27 0 0.00 M M 5.9 9 350 M M 10 1 16 10
11 32 28 30 M 35 0 0.78 M M 11.5 12 350 M M 10 1 18 350
12 29 25 27 M 38 0 0.00 M M M M M M M 10 12 M M
13 28 23 26 M 39 0 0.00 M M M M M M M 10 12 M M
14 27 9 18 M 47 0 0.03 M M M M M M M 10 12 M M
15 26 4 15 M 50 0 0.09 M M M M M M M 9 128 M M
16 31 5 18 M 47 0 0.07 M M M M M M M 10 18 M M
17 32 22 27 M 38 0 0.19 M M M M M M M 8 1 M M
18 31 21 26 M 39 0 0.00 M M M M M M M 7 18 M M
19 44 18 31 M 34 0 0.00 M M 2.3 6 160 M M 2 18 M M
20 60 29 45 M 20 0 0.00 M M 7.6 10 170 M M 0 22 170
21 75 42 59 M 6 0 0.00 M M 10.1 16 200 M M 4 29 240
22 77 43 60 M 5 0 0.00 M M 3.9 10 40 M M 0 20 40
23 78 51 65 M 0 0 0.00 M M 9.3 15 190 M M 0 23 190
24 84 58 71 M 0 6 0.00 M M 8.8 15 220 M M 5 22 190
25 60 47 54 M 11 0 0.00 M M 8.4 13 50 M M 10 1 20 40
26 60 44 52 M 13 0 0.01 M M 2.3 9 330 M M 10 1 17 10
27 75 56 66 M 0 1 0.01 M M 5.5 12 170 M M 9 1 18 160
28 73 53 63 M 2 0 0.04 M M 8.0 16 20 M M 10 1 26 10
================================================================================
SM 1600 1006 521 9 1.27 M 151.8 M 163
================================================================================
AV 57.1 35.9 7.2 FASTST M M 6 MAX(MPH)
MISC ----> 20 310 # 29 310
================================================================================
NOTES:
# LAST OF SEVERAL OCCURRENCES
COLUMN 17 PEAK WIND IN M.P.H.
PRELIMINARY LOCAL CLIMATOLOGICAL DATA (WS FORM: F-6) , PAGE 2
STATION: LAGO VISTA
MONTH: FEBRUARY
YEAR: 2021
LATITUDE: 30 30 N
LONGITUDE: 97 58 W
[TEMPERATURE DATA] [PRECIPITATION DATA] SYMBOLS USED IN COLUMN 16
AVERAGE MONTHLY: 46.5 TOTAL FOR MONTH: 1.27 1 = FOG OR MIST
DPTR FM NORMAL: 0.0 DPTR FM NORMAL: 1.27 2 = FOG REDUCING VISIBILITY
HIGHEST: 84 ON 24 GRTST 24HR 0.78 ON 11-11 TO 1/4 MILE OR LESS
LOWEST: 4 ON 15 3 = THUNDER
SNOW, ICE PELLETS, HAIL 4 = ICE PELLETS
TOTAL MONTH: M 5 = HAIL
GRTST 24HR M ON M 6 = FREEZING RAIN OR DRIZZLE
GRTST DEPTH: M ON M 7 = DUSTSTORM OR SANDSTORM:
VSBY 1/2 MILE OR LESS
8 = SMOKE OR HAZE
[NO. OF DAYS WITH] [WEATHER - DAYS WITH] 9 = BLOWING SNOW
X = TORNADO
MAX 32 OR BELOW: 8 0.01 INCH OR MORE: 9
MAX 90 OR ABOVE: 0 0.10 INCH OR MORE: 2
MIN 32 OR BELOW: 11 0.50 INCH OR MORE: 1
MIN 0 OR BELOW: 0 1.00 INCH OR MORE: 0
[HDD (BASE 65) ]
TOTAL THIS MO. 521 CLEAR (SCALE 0-3) 8
DPTR FM NORMAL M PTCLDY (SCALE 4-7) 8
TOTAL FM JUL 1 1390 CLOUDY (SCALE 8-10) 12
DPTR FM NORMAL M
[CDD (BASE 65) ]
TOTAL THIS MO. 9
DPTR FM NORMAL M [PRESSURE DATA]
TOTAL FM JAN 1 12 HIGHEST SLP M ON M
DPTR FM NORMAL M LOWEST SLP M ON M
[REMARKS]
#FINAL-02-21#