000
CXUS54 KEWX 170616
CF6SAT
PRELIMINARY LOCAL CLIMATOLOGICAL DATA (WS FORM: F-6)
STATION: SAN ANTONIO
MONTH: MAY
YEAR: 2021
LATITUDE: 29 31 N
LONGITUDE: 98 28 W
TEMPERATURE IN F: :PCPN: SNOW: WIND :SUNSHINE: SKY :PK WND
================================================================================
1 2 3 4 5 6A 6B 7 8 9 10 11 12 13 14 15 16 17 18
12Z AVG MX 2MIN
DY MAX MIN AVG DEP HDD CDD WTR SNW DPTH SPD SPD DIR MIN PSBL S-S WX SPD DR
================================================================================
1 71 65 68 -5 0 3 1.96 0.0 0 7.7 17 360 M M 10 13 29 20
2 92 60 76 3 0 11 T 0.0 0 8.3 20 190 M M 4 26 190
3 94 70 82 9 0 17 0.16 0.0 0 8.9 20 110 M M 5 13 26 130
4 85 67 76 3 0 11 T 0.0 0 13.0 24 350 M M 5 1 33 340
5 84 59 72 -2 0 7 0.00 0.0 0 7.2 15 110 M M 0 21 100
6 87 60 74 0 0 9 0.00 0.0 0 5.1 16 60 M M 1 23 60
7 86 60 73 -1 0 8 0.00 0.0 0 9.3 22 160 M M 2 30 160
8 90 69 80 6 0 15 0.00 0.0 0 15.5 25 140 M M 8 33 170
9 91 75 83 8 0 18 0.00 0.0 0 9.0 22 160 M M 7 33 150
10 87 69 78 3 0 13 0.01 0.0 0 10.0 26 140 M M 10 13 32 140
11 86 63 75 0 0 10 0.18 0.0 0 9.3 28 360 M M 9 3 39 360
12 76 61 69 -6 0 4 0.00 0.0 0 13.9 23 10 M M 8 35 10
13 75 60 68 -8 0 3 0.00 0.0 0 7.6 16 40 M M 8 22 20
14 83 63 73 -3 0 8 0.00 0.0 0 8.5 23 130 M M 8 30 140
15 76 69 73 -3 0 8 0.20 0.0 0 10.5 18 140 M M 9 25 160
16 82 70 76 0 0 11 0.07 0.0 0 10.4 20 130 M M 8 13 25 150
17 85 74 80 3 0 15 T 0.0 0 12.5 26 120 M M 9 3 38 130
18 84 67 76 -1 0 11 0.19 0.0 0 6.9 23 140 M M 9 13 32 130
19 75 62 69 -8 0 4 0.01 0.0 0 6.4 21 60 M M 9 3 30 60
20 85 59 72 -6 0 7 0.00 0.0 0 5.6 14 110 M M 2 19 90
21 86 66 76 -2 0 11 0.00 0.0 0 6.9 16 80 M M 6 24 70
22 81 72 77 -1 0 12 0.42 0.0 0 10.3 22 180 M M 10 1 31 180
23 78 71 75 -3 0 10 0.30 0.0 0 9.9 16 100 M M 10 1 24 110
24 84 71 78 -1 0 13 0.93 0.0 0 9.2 22 150 M M 9 13 30 210
25 89 74 82 3 0 17 0.10 0.0 0 11.0 22 150 M M 8 1 28 150
26 88 73 81 2 0 16 T 0.0 0 11.3 22 140 M M 8 29 150
27 89 73 81 2 0 16 0.00 0.0 0 12.6 20 140 M M 8 26 140
28 88 63 76 -4 0 11 1.29 0.0 0 11.6 45 280 M M 9 13 77 280
29 83 66 75 -5 0 10 0.28 0.0 0 7.4 26 170 M M 6 3 36 170
30 84 70 77 -3 0 12 0.02 0.0 0 8.6 24 120 M M 6 13 30 130
31 85 72 79 -1 0 14 0.02 0.0 0 12.4 21 140 M M 8 3 27 130
================================================================================
SM 2609 2073 0 335 6.14 0.0 296.8 M 219
================================================================================
AV 84.2 66.9 9.6 FASTST M M 7 MAX(MPH)
MISC ----> 45 280 77 280
================================================================================
NOTES:
# LAST OF SEVERAL OCCURRENCES
COLUMN 17 PEAK WIND IN M.P.H.
PRELIMINARY LOCAL CLIMATOLOGICAL DATA (WS FORM: F-6) , PAGE 2
STATION: SAN ANTONIO
MONTH: MAY
YEAR: 2021
LATITUDE: 29 31 N
LONGITUDE: 98 28 W
[TEMPERATURE DATA] [PRECIPITATION DATA] SYMBOLS USED IN COLUMN 16
AVERAGE MONTHLY: 75.5 TOTAL FOR MONTH: 6.14 1 = FOG OR MIST
DPTR FM NORMAL: -1.0 DPTR FM NORMAL: 1.74 2 = FOG REDUCING VISIBILITY
HIGHEST: 94 ON 3 GRTST 24HR 3.89 ON 30- 1 TO 1/4 MILE OR LESS
LOWEST: 59 ON 20, 5 3 = THUNDER
SNOW, ICE PELLETS, HAIL 4 = ICE PELLETS
TOTAL MONTH: 0.0 INCH 5 = HAIL
GRTST 24HR 0.0 6 = FREEZING RAIN OR DRIZZLE
GRTST DEPTH: 0 7 = DUSTSTORM OR SANDSTORM:
VSBY 1/2 MILE OR LESS
8 = SMOKE OR HAZE
[NO. OF DAYS WITH] [WEATHER - DAYS WITH] 9 = BLOWING SNOW
X = TORNADO
MAX 32 OR BELOW: 0 0.01 INCH OR MORE: 16
MAX 90 OR ABOVE: 4 0.10 INCH OR MORE: 11
MIN 32 OR BELOW: 0 0.50 INCH OR MORE: 3
MIN 0 OR BELOW: 0 1.00 INCH OR MORE: 2
[HDD (BASE 65) ]
TOTAL THIS MO. 0 CLEAR (SCALE 0-3) 4
DPTR FM NORMAL -3 PTCLDY (SCALE 4-7) 14
TOTAL FM JUL 1 1358 CLOUDY (SCALE 8-10) 13
DPTR FM NORMAL -78
[CDD (BASE 65) ]
TOTAL THIS MO. 335
DPTR FM NORMAL -24 [PRESSURE DATA]
TOTAL FM JAN 1 641 HIGHEST SLP 30.28 ON 13
DPTR FM NORMAL 16 LOWEST SLP 29.45 ON 3
[REMARKS]
#FINAL-05-21#