000
CXUS56 KLOX 011155
CF6SBP
PRELIMINARY LOCAL CLIMATOLOGICAL DATA (WS FORM: F-6)
STATION: SAN LUIS OBISPO AIRPORT CA
MONTH: JULY
YEAR: 2022
LATITUDE: 35 13 N
LONGITUDE: 120 38 W
TEMPERATURE IN F: :PCPN: SNOW: WIND :SUNSHINE: SKY :PK WND
================================================================================
1 2 3 4 5 6A 6B 7 8 9 10 11 12 13 14 15 16 17 18
12Z AVG MX 2MIN
DY MAX MIN AVG DEP HDD CDD WTR SNW DPTH SPD SPD DIR MIN PSBL S-S WX SPD DR
================================================================================
1 73 53 63 -2 2 0 0.00 M M 9.2 20 310 M M 4 25 310
2 73 54 64 -1 1 0 0.00 M M 8.7 24 310 M M 6 29 310
3 73 53 63 -2 2 0 0.00 M M 10.3 25 310 M M 4 31 310
4 77 48 63 -2 2 0 0.00 M M 9.2 29 310 M M 2 1 34 320
5 78 60 69 4 0 4 0.00 M M 9.9 24 320 M M 5 1 30 320
6 76 59 68 2 0 3 0.00 M M 11.2 21 320 M M 7 1 26 310
7 75 56 66 0 0 1 0.00 M M 8.5 20 300 M M 4 23 300
8 80 54 67 1 0 2 0.00 M M 6.3 14 300 M M 2 1 16 300
9 77 56 67 1 0 2 0.00 M M 9.6 25 300 M M 4 1 31 310
10 74 54 64 -2 1 0 0.00 M M 9.9 23 310 M M 2 1 26 310
11 79 53 66 0 0 1 0.00 M M 4.3 13 310 M M 5 1 19 180
12 77 55 66 0 0 1 0.00 M M 6.4 15 310 M M 5 18 300
13 77 56 67 1 0 2 0.00 M M 9.0 23 310 M M 5 25 310
14 82 55 69 3 0 4 0.00 M M 5.8 16 310 M M 4 1 18 310
15 80 54 67 1 0 2 0.00 M M 6.6 17 310 M M 0 1 20 300
16 81 53 67 1 0 2 0.00 M M 4.8 13 310 M M 2 1 15 310
17 84 52 68 2 0 3 0.00 M M 4.3 14 300 M M 1 1 17 320
18 81 53 67 1 0 2 T M M 4.1 15 310 M M 0 17 320
19 84 52 68 2 0 3 0.00 M M 6.2 17 310 M M 0 1 19 300
20 81 52 67 1 0 2 0.00 M M 5.3 14 310 M M 4 1 21 310
21 77 52 65 -1 0 0 0.00 M M 8.1 22 320 M M 4 1 26 300
22 82 52 67 0 0 2 0.00 M M 7.3 23 310 M M 4 1 28 310
23 77 53 65 -2 0 0 0.00 M M 9.4 21 310 M M 1 1 25 310
24 76 55 66 -1 0 1 0.00 M M 7.5 16 310 M M 6 19 300
25 76 55 66 -1 0 1 0.00 M M 7.2 17 300 M M 5 20 300
26 77 55 66 -1 0 1 0.00 M M 6.8 15 310 M M 5 19 300
27 74 54 64 -3 1 0 0.00 M M 10.5 21 310 M M 4 24 320
28 76 55 66 -1 0 1 0.00 M M 7.5 14 310 M M 4 1 17 320
29 80 55 68 1 0 3 0.00 M M 5.8 15 310 M M 3 1 19 320
30 82 57 70 3 0 5 0.00 M M 4.9 12 300 M M 4 24 230
31 81 60 71 4 0 6 T M M 4.5 17 320 M M 1 20 320
================================================================================
SM 2420 1685 9 54 T M 229.1 M 107
================================================================================
AV 78.1 54.4 7.4 FASTST M M 3 MAX(MPH)
MISC ----> 29 310 34 320
================================================================================
NOTES:
# LAST OF SEVERAL OCCURRENCES
COLUMN 17 PEAK WIND IN M.P.H.
PRELIMINARY LOCAL CLIMATOLOGICAL DATA (WS FORM: F-6) , PAGE 2
STATION: SAN LUIS OBISPO AIRPORT CA
MONTH: JULY
YEAR: 2022
LATITUDE: 35 13 N
LONGITUDE: 120 38 W
[TEMPERATURE DATA] [PRECIPITATION DATA] SYMBOLS USED IN COLUMN 16
AVERAGE MONTHLY: 66.2 TOTAL FOR MONTH: T 1 = FOG OR MIST
DPTR FM NORMAL: 0.1 DPTR FM NORMAL: -0.08 2 = FOG REDUCING VISIBILITY
HIGHEST: 84 ON 19,17 GRTST 24HR T ON 18-18 TO 1/4 MILE OR LESS
LOWEST: 48 ON 4 3 = THUNDER
SNOW, ICE PELLETS, HAIL 4 = ICE PELLETS
TOTAL MONTH: M 5 = HAIL
GRTST 24HR M ON M 6 = FREEZING RAIN OR DRIZZLE
GRTST DEPTH: M ON M 7 = DUSTSTORM OR SANDSTORM:
VSBY 1/2 MILE OR LESS
8 = SMOKE OR HAZE
[NO. OF DAYS WITH] [WEATHER - DAYS WITH] 9 = BLOWING SNOW
X = TORNADO
MAX 32 OR BELOW: 0 0.01 INCH OR MORE: 0
MAX 90 OR ABOVE: 0 0.10 INCH OR MORE: 0
MIN 32 OR BELOW: 0 0.50 INCH OR MORE: 0
MIN 0 OR BELOW: 0 1.00 INCH OR MORE: 0
[HDD (BASE 65) ]
TOTAL THIS MO. 9 CLEAR (SCALE 0-3) 11
DPTR FM NORMAL -15 PTCLDY (SCALE 4-7) 20
TOTAL FM JUL 1 9 CLOUDY (SCALE 8-10) 0
DPTR FM NORMAL -12
[CDD (BASE 65) ]
TOTAL THIS MO. 54
DPTR FM NORMAL -5 [PRESSURE DATA]
TOTAL FM JAN 1 192 HIGHEST SLP 30.13 ON 9
DPTR FM NORMAL 81 LOWEST SLP 29.81 ON 17
[REMARKS]
#FINAL-07-22#