000
CXUS54 KFWD 010730
CF6SEP
PRELIMINARY LOCAL CLIMATOLOGICAL DATA (WS FORM: F-6)
STATION: STEPHENVILLE
MONTH: MARCH
YEAR: 2020
LATITUDE: 32 13 N
LONGITUDE: 98 11 W
TEMPERATURE IN F: :PCPN: SNOW: WIND :SUNSHINE: SKY :PK WND
================================================================================
1 2 3 4 5 6A 6B 7 8 9 10 11 12 13 14 15 16 17 18
12Z AVG MX 2MIN
DY MAX MIN AVG DEP HDD CDD WTR SNW DPTH SPD SPD DIR MIN PSBL S-S WX SPD DR
================================================================================
1 72 54 63 12 2 0 0.00 0.0 0 10.6 18 200 M M 1 24 200
2 72 55 64 13 1 0 0.00 0.0 0 3.1 8 360 M M 1 M M
3 74 53 64 13 1 0 0.00 0.0 0 4.1 10 30 M M 6 M M
4 57 48 53 2 12 0 1.01 0.0 0 15.1 23 50 M M 10 32 30
5 72 41 57 5 8 0 0.00 0.0 0 7.1 13 320 M M 1 20 320
6 67 42 55 3 10 0 0.00 0.0 0 6.8 14 50 M M 0 18 50
7 66 43 55 3 10 0 0.00 0.0 0 7.9 14 140 M M 2 23 180
8 69 45 57 5 8 0 0.00 0.0 0 13.3 18 170 M M 7 30 170
9 75 59 67 14 0 2 0.00 0.0 0 10.6 20 180 M M 5 32 170
10 79 51 65 12 0 0 0.00 0.0 0 5.3 10 160 M M 3 16 140
11 84 60 72 19 0 7 0.00 0.0 0 6.7 13 250 M M 1 21 250
12 82 63 73 19 0 8 0.69 0.0 0 6.6 14 210 M M 2 18 210
13 68 59 64 10 1 0 0.52 0.0 0 5.3 10 20 M M 9 3 17 20
14 68 55 62 8 3 0 0.01 0.0 0 7.3 14 150 M M 9 21 150
15 55 50 53 -1 12 0 0.28 0.0 0 7.9 13 50 M M 10 M M
16 67 53 60 5 5 0 1.01 0.0 0 5.5 17 280 M M 7 30 280
17 76 61 69 14 0 4 0.00 0.0 0 7.8 16 170 M M 9 21 170
18 76 64 70 15 0 5 0.56 0.0 0 10.3 15 140 M M 8 24 190
19 81 62 72 16 0 7 0.32 0.0 0 9.3 16 170 M M 5 27 170
20 63 41 52 -4 13 0 0.22 0.0 0 10.5 20 330 M M 8 25 350
21 61 39 50 -6 15 0 0.72 0.0 0 7.3 16 70 M M 6 M M
22 60 51 56 0 9 0 0.01 0.0 0 2.9 7 190 M M 10 M M
23 79 57 68 11 0 3 0.00 0.0 0 5.9 13 160 M M 8 18 150
24 83 56 70 13 0 5 0.00 0.0 0 9.0 18 260 M M 2 24 260
25 90 49 70 13 0 5 0.00 0.0 0 5.0 15 230 M M 0 21 230
26 84 64 74 16 0 9 0.00 0.0 0 8.6 14 160 M M 0 20 160
27 81 64 73 15 0 8 0.00 0.0 0 8.6 15 190 M M 1 22 190
28 74 49 62 4 3 0 0.31 0.0 0 8.9 27 310 M M 1 3 48 310
29 69 47 58 0 7 0 0.00 0.0 0 4.8 9 340 M M 4 M M
30 63 54 59 0 6 0 M 0.0 0 6.9 16 120 M M 10 20 120
31 67 50 59 0 6 0 0.00 0.0 0 7.3 16 350 M M 5 25 10
================================================================================
SM 2234 1639 132 63 5.66 0.0 236.3 M 151
================================================================================
AV 72.1 52.9 7.6 FASTST M M 5 MAX(MPH)
MISC ----> # 27 310 # 48 310
================================================================================
NOTES:
# LAST OF SEVERAL OCCURRENCES
COLUMN 17 PEAK WIND IN M.P.H.
PRELIMINARY LOCAL CLIMATOLOGICAL DATA (WS FORM: F-6) , PAGE 2
STATION: STEPHENVILLE
MONTH: MARCH
YEAR: 2020
LATITUDE: 32 13 N
LONGITUDE: 98 11 W
[TEMPERATURE DATA] [PRECIPITATION DATA] SYMBOLS USED IN COLUMN 16
AVERAGE MONTHLY: 62.5 TOTAL FOR MONTH: 5.66 1 = FOG OR MIST
DPTR FM NORMAL: 7.7 DPTR FM NORMAL: 2.80 2 = FOG REDUCING VISIBILITY
HIGHEST: 90 ON 25 GRTST 24HR 1.01 ON 16-16 TO 1/4 MILE OR LESS
LOWEST: 39 ON 21 3 = THUNDER
SNOW, ICE PELLETS, HAIL 4 = ICE PELLETS
TOTAL MONTH: 0.0 INCH 5 = HAIL
GRTST 24HR 0.0 6 = FREEZING RAIN OR DRIZZLE
GRTST DEPTH: 0 7 = DUSTSTORM OR SANDSTORM:
VSBY 1/2 MILE OR LESS
8 = SMOKE OR HAZE
[NO. OF DAYS WITH] [WEATHER - DAYS WITH] 9 = BLOWING SNOW
X = TORNADO
MAX 32 OR BELOW: 0 0.01 INCH OR MORE: 12
MAX 90 OR ABOVE: 1 0.10 INCH OR MORE: 10
MIN 32 OR BELOW: 0 0.50 INCH OR MORE: 6
MIN 0 OR BELOW: 0 1.00 INCH OR MORE: 2
[HDD (BASE 65) ]
TOTAL THIS MO. 132 CLEAR (SCALE 0-3) 13
DPTR FM NORMAL -202 PTCLDY (SCALE 4-7) 11
TOTAL FM JUL 1 2062 CLOUDY (SCALE 8-10) 7
DPTR FM NORMAL -514
[CDD (BASE 65) ]
TOTAL THIS MO. 63
DPTR FM NORMAL 46 [PRESSURE DATA]
TOTAL FM JAN 1 71 HIGHEST SLP M ON M
DPTR FM NORMAL 51 LOWEST SLP M ON M
[REMARKS]
#FINAL-03-20#