000
CXUS55 KSEW 020122
CF6SEW
PRELIMINARY LOCAL CLIMATOLOGICAL DATA (WS FORM: F-6)
STATION: SEATTLE WA WFO
MONTH: NOVEMBER
YEAR: 2020
LATITUDE: 47 41 N
LONGITUDE: 122 15 W
TEMPERATURE IN F: :PCPN: SNOW: WIND :SUNSHINE: SKY :PK WND
================================================================================
1 2 3 4 5 6A 6B 7 8 9 10 11 12 13 14 15 16 17 18
12Z AVG MX 2MIN
DY MAX MIN AVG DEP HDD CDD WTR SNW DPTH SPD SPD DIR MIN PSBL S-S WX SPD DR
================================================================================
1 61 42 52 3 13 0 0.00 0.0 0 M M M M M M M M
2 65 38 52 3 13 0 0.00 0.0 0 M M M M M M M M
3 58 49 54 5 11 0 0.75 0.0 0 M M M M M M M M
4 65 58 62 13 3 0 0.18 0.0 0 M M M M M M M M
5 60 46 53 4 12 0 0.17 0.0 0 M M M M M M M M
6 50 35 43 -5 22 0 T 0.0 0 M M M M M M M M
7 46 34 40 -8 25 0 T 0.0 0 M M M M M M M M
8 49 32 41 -7 24 0 0.00 0.0 0 M M M M M M M M
9 45 28 37 -11 28 0 0.10 0.0 0 M M M M M M M M
10 48 37 43 -4 22 0 0.01 0.0 0 M M M M M M M M
11 46 35 41 -6 24 0 T 0.0 0 M M M M M M M M
12 50 39 45 -2 20 0 0.30 0.0 0 M M M M M M M M
13 54 42 48 1 17 0 0.39 0.0 0 M M M M M M M M
14 49 42 46 -1 19 0 0.35 0.0 0 M M M M M M M M
15 54 46 50 4 15 0 0.01 0.0 0 M M M M M M M M
16 48 46 47 1 18 0 0.67 0.0 0 M M M M M M M M
17 61 44 53 7 12 0 0.75 0.0 0 M M M M M M M M
18 49 45 47 1 18 0 0.44 0.0 0 M M M M M M 1 M M
19 50 44 47 2 18 0 0.02 0.0 0 M M M M M M M M
20 51 45 48 3 17 0 0.04 0.0 0 M M M M M M M M
21 55 42 49 4 16 0 0.00 0.0 0 M M M M M M M M
22 47 37 42 -3 23 0 0.05 0.0 0 M M M M M M 1 M M
23 47 43 45 0 20 0 0.21 0.0 0 M M M M M M M M
24 52 43 48 4 17 0 0.41 0.0 0 M M M M M M M M
25 50 42 46 2 19 0 0.04 0.0 0 M M M M M M M M
26 50 45 48 4 17 0 0.05 0.0 0 M M M M M M M M
27 53 46 50 6 15 0 0.02 0.0 0 M M M M M M M M
28 48 39 44 0 21 0 0.03 0.0 0 M M M M M M 1 M M
29 44 37 41 -2 24 0 0.00 0.0 0 M M M M M M 1 M M
30 53 37 45 2 20 0 0.39 0.0 0 M M M M M M M M
================================================================================
SM 1558 1238 543 0 5.38 0.0 M M M
================================================================================
AV 51.9 41.3 M FASTST M M 8 MAX(MPH)
MISC ----> M M M M
================================================================================
NOTES:
# LAST OF SEVERAL OCCURRENCES
COLUMN 17 PEAK WIND IN M.P.H.
PRELIMINARY LOCAL CLIMATOLOGICAL DATA (WS FORM: F-6) , PAGE 2
STATION: SEATTLE WA WFO
MONTH: NOVEMBER
YEAR: 2020
LATITUDE: 47 41 N
LONGITUDE: 122 15 W
[TEMPERATURE DATA] [PRECIPITATION DATA] SYMBOLS USED IN COLUMN 16
AVERAGE MONTHLY: 46.6 TOTAL FOR MONTH: 5.38 1 = FOG OR MIST
DPTR FM NORMAL: 0.4 DPTR FM NORMAL: -0.46 2 = FOG REDUCING VISIBILITY
HIGHEST: 65 ON 4, 2 GRTST 24HR 0.75 ON 17-17 TO 1/4 MILE OR LESS
LOWEST: 28 ON 9 3 = THUNDER
SNOW, ICE PELLETS, HAIL 4 = ICE PELLETS
TOTAL MONTH: 0.0 INCH 5 = HAIL
GRTST 24HR 0.0 6 = FREEZING RAIN OR DRIZZLE
GRTST DEPTH: 0 7 = DUSTSTORM OR SANDSTORM:
VSBY 1/2 MILE OR LESS
8 = SMOKE OR HAZE
[NO. OF DAYS WITH] [WEATHER - DAYS WITH] 9 = BLOWING SNOW
X = TORNADO
MAX 32 OR BELOW: 0 0.01 INCH OR MORE: 22
MAX 90 OR ABOVE: 0 0.10 INCH OR MORE: 13
MIN 32 OR BELOW: 2 0.50 INCH OR MORE: 3
MIN 0 OR BELOW: 0 1.00 INCH OR MORE: 0
[HDD (BASE 65) ]
TOTAL THIS MO. 543 CLEAR (SCALE 0-3) 0
DPTR FM NORMAL -21 PTCLDY (SCALE 4-7) 0
TOTAL FM JUL 1 970 CLOUDY (SCALE 8-10) 0
DPTR FM NORMAL -142
[CDD (BASE 65) ]
TOTAL THIS MO. 0
DPTR FM NORMAL 0 [PRESSURE DATA]
TOTAL FM JAN 1 248 HIGHEST SLP M ON M
DPTR FM NORMAL 72 LOWEST SLP M ON M
[REMARKS]
CORRECTEDO0O
#FINAL-11-20#