000
CXUS56 KOTX 010900
CF6SFF
PRELIMINARY LOCAL CLIMATOLOGICAL DATA (WS FORM: F-6)
STATION: SPOKANE WA FELTS AIRPORT
MONTH: MARCH
YEAR: 2020
LATITUDE: 47 40 N
LONGITUDE: 117 20 W
TEMPERATURE IN F: :PCPN: SNOW: WIND :SUNSHINE: SKY :PK WND
================================================================================
1 2 3 4 5 6A 6B 7 8 9 10 11 12 13 14 15 16 17 18
12Z AVG MX 2MIN
DY MAX MIN AVG DEP HDD CDD WTR SNW DPTH SPD SPD DIR MIN PSBL S-S WX SPD DR
================================================================================
1 47 24 36 -1 29 0 0.00 M M 5.6 16 210 M M 3 23 290
2 53 32 43 6 22 0 0.00 M M 10.7 22 220 M M 8 8 27 240
3 57 38 48 11 17 0 0.00 M M 12.4 28 230 M M 3 36 220
4 50 31 41 3 24 0 0.00 M M 11.3 26 240 M M 2 36 230
5 57 29 43 5 22 0 0.00 M M 2.4 9 120 M M 0 12 120
6 54 36 45 7 20 0 0.09 M M 3.5 13 230 M M 5 1 18 220
7 42 30 36 -2 29 0 0.27 M M 4.0 13 220 M M 9 12 17 230
8 46 30 38 -1 27 0 0.00 M M 4.7 17 220 M M 6 1 21 230
9 50 27 39 0 26 0 0.00 M M 1.3 9 340 M M 5 13 340
10 50 27 39 0 26 0 0.00 M M 6.2 22 230 M M 4 31 230
11 54 31 43 3 22 0 0.00 M M 6.9 22 260 M M 4 35 310
12 47 23 35 -5 30 0 0.00 M M 3.0 13 230 M M 3 17 200
13 43 28 36 -4 29 0 T M M 9.8 26 70 M M 8 18 36 70
14 29 20 25 -15 40 0 0.02 M M 4.3 20 60 M M 9 18 30 40
15 38 16 27 -14 38 0 0.00 M M 3.8 15 70 M M 1 18 70
16 54 24 39 -2 26 0 0.00 M M 1.8 10 80 M M 0 16 90
17 56 24 40 -1 25 0 0.00 M M 1.5 9 350 M M 0 20 240
18 57 28 43 1 22 0 0.00 M M 2.1 8 280 M M 0 11 240
19 60 28 44 2 21 0 0.00 M M 1.5 8 110 M M 0 12 50
20 62 30 46 4 19 0 0.00 M M 2.7 13 260 M M 1 20 290
21 60 30 45 3 20 0 0.00 M M 5.1 16 220 M M 1 1 20 290
22 59 29 44 2 21 0 0.00 M M 3.6 17 220 M M 0 24 210
23 53 36 45 2 20 0 0.00 M M 10.4 25 220 M M 2 31 210
24 49 33 41 -2 24 0 T M M 5.6 24 210 M M 7 31 180
25 42 29 36 -7 29 0 0.03 M M 2.9 13 230 M M 8 1 15 190
26 46 27 37 -6 28 0 0.00 M M 7.6 21 220 M M 9 1 26 230
27 48 36 42 -2 23 0 0.00 M M 7.2 17 220 M M 10 21 210
28 53 39 46 2 19 0 T M M 9.0 20 210 M M 9 25 210
29 57 40 49 5 16 0 0.03 M M 10.1 30 220 M M 8 37 220
30 52 37 45 1 20 0 0.05 M M 14.6 31 230 M M 7 42 230
31 46 33 40 -4 25 0 0.16 M M 5.7 18 290 M M 9 18 26 290
================================================================================
SM 1571 925 759 0 0.65 M 181.3 M 141
================================================================================
AV 50.7 29.8 5.8 FASTST M M 5 MAX(MPH)
MISC ----> # 31 230 # 42 230
================================================================================
NOTES:
# LAST OF SEVERAL OCCURRENCES
COLUMN 17 PEAK WIND IN M.P.H.
PRELIMINARY LOCAL CLIMATOLOGICAL DATA (WS FORM: F-6) , PAGE 2
STATION: SPOKANE WA FELTS AIRPORT
MONTH: MARCH
YEAR: 2020
LATITUDE: 47 40 N
LONGITUDE: 117 20 W
[TEMPERATURE DATA] [PRECIPITATION DATA] SYMBOLS USED IN COLUMN 16
AVERAGE MONTHLY: 40.3 TOTAL FOR MONTH: 0.65 1 = FOG OR MIST
DPTR FM NORMAL: -0.5 DPTR FM NORMAL: -0.92 2 = FOG REDUCING VISIBILITY
HIGHEST: 62 ON 20 GRTST 24HR 0.27 ON 7- 7 TO 1/4 MILE OR LESS
LOWEST: 16 ON 15 3 = THUNDER
SNOW, ICE PELLETS, HAIL 4 = ICE PELLETS
TOTAL MONTH: M 5 = HAIL
GRTST 24HR M ON M 6 = FREEZING RAIN OR DRIZZLE
GRTST DEPTH: M ON M 7 = DUSTSTORM OR SANDSTORM:
VSBY 1/2 MILE OR LESS
8 = SMOKE OR HAZE
[NO. OF DAYS WITH] [WEATHER - DAYS WITH] 9 = BLOWING SNOW
X = TORNADO
MAX 32 OR BELOW: 1 0.01 INCH OR MORE: 7
MAX 90 OR ABOVE: 0 0.10 INCH OR MORE: 2
MIN 32 OR BELOW: 22 0.50 INCH OR MORE: 0
MIN 0 OR BELOW: 0 1.00 INCH OR MORE: 0
[HDD (BASE 65) ]
TOTAL THIS MO. 759 CLEAR (SCALE 0-3) 14
DPTR FM NORMAL 9 PTCLDY (SCALE 4-7) 11
TOTAL FM JUL 1 4999 CLOUDY (SCALE 8-10) 6
DPTR FM NORMAL -322
[CDD (BASE 65) ]
TOTAL THIS MO. 0
DPTR FM NORMAL 0 [PRESSURE DATA]
TOTAL FM JAN 1 0 HIGHEST SLP M ON M
DPTR FM NORMAL 0 LOWEST SLP 29.49 ON 13
[REMARKS]
#FINAL-03-20#