000
CXUS56 KMTR 010900
CF6SFO
PRELIMINARY LOCAL CLIMATOLOGICAL DATA (WS FORM: F-6)
STATION: SAN FRANCISCO AIRPORT
MONTH: MARCH
YEAR: 2022
LATITUDE: 37 37 N
LONGITUDE: 122 23 W
TEMPERATURE IN F: :PCPN: SNOW: WIND :SUNSHINE: SKY :PK WND
================================================================================
1 2 3 4 5 6A 6B 7 8 9 10 11 12 13 14 15 16 17 18
12Z AVG MX 2MIN
DY MAX MIN AVG DEP HDD CDD WTR SNW DPTH SPD SPD DIR MIN PSBL S-S WX SPD DR
================================================================================
1 67 48 58 3 7 0 0.00 M M 8.1 21 290 M M 5 8 24 290
2 69 50 60 5 5 0 0.00 M M 5.3 15 290 M M 7 128 19 290
3 56 50 53 -2 12 0 0.12 M M 6.3 16 290 M M 9 18 18 290
4 57 46 52 -3 13 0 0.09 M M 20.5 40 290 M M 7 18 49 290
5 57 45 51 -4 14 0 0.00 M M 11.9 26 300 M M 4 8 40 310
6 60 43 52 -3 13 0 0.00 M M 7.2 20 270 M M 1 18 24 280
7 66 41 54 -1 11 0 0.00 M M 6.8 20 300 M M 2 18 25 360
8 73 45 59 4 6 0 0.00 M M 6.9 21 280 M M 1 8 25 290
9 61 46 54 -1 11 0 0.00 M M 16.8 36 280 M M 1 8 45 280
10 66 46 56 1 9 0 0.00 M M 11.8 22 290 M M 1 8 28 340
11 70 42 56 1 9 0 0.00 M M 6.3 18 300 M M 1 22 290
12 62 42 52 -3 13 0 T M M 9.4 26 280 M M 4 18 34 290
13 63 51 57 2 8 0 0.00 M M 11.2 20 280 M M 7 8 23 290
14 69 45 57 2 8 0 0.00 M M 6.5 23 290 M M 6 8 28 290
15 66 51 59 3 6 0 0.02 M M 11.2 25 280 M M 8 18 31 290
16 63 49 56 0 9 0 0.00 M M 14.0 24 280 M M 3 18 30 280
17 61 50 56 0 9 0 0.00 M M 10.4 21 280 M M 5 18 30 290
18 67 46 57 1 8 0 0.00 M M 9.0 24 290 M M 5 18 28 290
19 58 50 54 -2 11 0 0.07 M M 10.0 26 290 M M 8 8 34 290
20 61 47 54 -2 11 0 0.00 M M 15.9 29 270 M M 3 8 38 270
21 65 49 57 1 8 0 0.00 M M 11.9 28 280 M M 2 8 35 280
22 82 51 67 11 0 2 0.00 M M 8.9 24 300 M M 1 18 32 280
23 60 50 55 -1 10 0 0.00 M M 14.3 24 300 M M 3 18 30 300
24 59 48 54 -2 11 0 0.00 M M 14.6 30 290 M M 4 18 41 290
25 59 48 54 -2 11 0 0.00 M M 12.9 25 290 M M 6 18 30 280
26 66 48 57 1 8 0 0.00 M M 10.3 21 280 M M 4 27 290
27 65 50 58 2 7 0 0.14 M M 10.0 36 210 M M 8 52 210
28 63 52 58 2 7 0 T M M 10.3 22 280 M M 8 18 29 260
29 57 52 55 -1 10 0 0.00 M M 14.2 26 280 M M 9 18 34 290
30 58 50 54 -2 11 0 0.00 M M 16.3 29 270 M M 9 18 39 280
31 63 48 56 0 9 0 0.00 M M 8.5 23 290 M M 4 18 31 290
================================================================================
SM 1969 1479 285 2 0.44 M 337.7 M 146
================================================================================
AV 63.5 47.7 10.9 FASTST M M 5 MAX(MPH)
MISC ----> 40 290 52 210
================================================================================
NOTES:
# LAST OF SEVERAL OCCURRENCES
COLUMN 17 PEAK WIND IN M.P.H.
PRELIMINARY LOCAL CLIMATOLOGICAL DATA (WS FORM: F-6) , PAGE 2
STATION: SAN FRANCISCO AIRPORT
MONTH: MARCH
YEAR: 2022
LATITUDE: 37 37 N
LONGITUDE: 122 23 W
[TEMPERATURE DATA] [PRECIPITATION DATA] SYMBOLS USED IN COLUMN 16
AVERAGE MONTHLY: 55.6 TOTAL FOR MONTH: 0.44 1 = FOG OR MIST
DPTR FM NORMAL: 0.1 DPTR FM NORMAL: -2.29 2 = FOG REDUCING VISIBILITY
HIGHEST: 82 ON 22 GRTST 24HR 0.14 ON 27-27 TO 1/4 MILE OR LESS
LOWEST: 41 ON 7 3 = THUNDER
SNOW, ICE PELLETS, HAIL 4 = ICE PELLETS
TOTAL MONTH: M 5 = HAIL
GRTST 24HR M ON M 6 = FREEZING RAIN OR DRIZZLE
GRTST DEPTH: M ON M 7 = DUSTSTORM OR SANDSTORM:
VSBY 1/2 MILE OR LESS
8 = SMOKE OR HAZE
[NO. OF DAYS WITH] [WEATHER - DAYS WITH] 9 = BLOWING SNOW
X = TORNADO
MAX 32 OR BELOW: 0 0.01 INCH OR MORE: 5
MAX 90 OR ABOVE: 0 0.10 INCH OR MORE: 2
MIN 32 OR BELOW: 0 0.50 INCH OR MORE: 0
MIN 0 OR BELOW: 0 1.00 INCH OR MORE: 0
[HDD (BASE 65) ]
TOTAL THIS MO. 285 CLEAR (SCALE 0-3) 11
DPTR FM NORMAL -11 PTCLDY (SCALE 4-7) 16
TOTAL FM JUL 1 1751 CLOUDY (SCALE 8-10) 4
DPTR FM NORMAL -224
[CDD (BASE 65) ]
TOTAL THIS MO. 2
DPTR FM NORMAL 1 [PRESSURE DATA]
TOTAL FM JAN 1 2 HIGHEST SLP M ON M
DPTR FM NORMAL 1 LOWEST SLP 29.63 ON 27
[REMARKS]
#FINAL-03-22#