000
CXUS55 KBYZ 011000
CF6SHR
PRELIMINARY LOCAL CLIMATOLOGICAL DATA (WS FORM: F-6)
STATION: SHERIDAN WY
MONTH: JULY
YEAR: 2021
LATITUDE: 44 46 N
LONGITUDE: 106 58 W
TEMPERATURE IN F: :PCPN: SNOW: WIND :SUNSHINE: SKY :PK WND
================================================================================
1 2 3 4 5 6A 6B 7 8 9 10 11 12 13 14 15 16 17 18
12Z AVG MX 2MIN
DY MAX MIN AVG DEP HDD CDD WTR SNW DPTH SPD SPD DIR MIN PSBL S-S WX SPD DR
================================================================================
1 93 55 74 7 0 9 0.00 M M 9.4 24 140 M M 0 31 130
2 92 54 73 6 0 8 0.00 M M 5.5 18 240 M M 0 22 240
3 98 58 78 10 0 13 T M M 7.0 35 310 M M 0 45 320
4 95 53 74 6 0 9 0.07 M M 5.4 30 240 M M 1 3 36 330
5 81 58 70 2 0 5 0.07 M M 8.0 21 330 M M 4 13 29 340
6 92 54 73 5 0 8 0.08 M M 5.0 20 140 M M 1 38 25 40
7 94 56 75 6 0 10 T M M 6.4 33 300 M M 1 3 44 290
8 93 56 75 6 0 10 0.00 M M 7.4 17 30 M M 0 28 310
9 91 53 72 2 0 7 0.06 M M 6.5 37 340 M M 2 38 47 350
10 90 50 70 0 0 5 0.00 M M 3.5 15 350 M M 0 22 60
11 98 51 75 5 0 10 0.00 M M 5.4 26 310 M M 0 32 300
12 90 58 74 4 0 9 0.00 M M 6.4 25 310 M M 0 3 29 310
13 89 56 73 2 0 8 0.02 M M 10.4 30 130 M M 2 3 38 130
14 85 56 71 0 0 6 0.00 M M 4.8 12 280 M M 3 14 280
15 94 50 72 1 0 7 T M M 4.6 28 320 M M 0 3 33 320
16 98 59 79 8 0 14 0.00 M M 6.8 36 320 M M 0 42 320
17 101 57 79 7 0 14 0.00 M M 3.5 25 200 M M 0 27 210
18 103 55 79 7 0 14 0.00 M M 4.8 17 150 M M 0 3 23 100
19 104 57 81 9 0 16 0.00 M M 9.2 24 150 M M 0 33 150
20 89 67 78 6 0 13 0.03 M M 7.4 23 340 M M 1 3 27 340
21 93 59 76 4 0 11 0.01 M M 3.4 12 210 M M 4 14 210
22 95 60 78 6 0 13 0.02 M M 6.3 30 320 M M M 3 36 320
23 93 57 75 3 0 10 0.00 M M 7.4 20 330 M M 0 23 310
24 95 55 75 3 0 10 0.00 M M 4.1 16 300 M M 0 19 300
25 100 53 77 5 0 12 0.00 M M 3.9 14 280 M M 0 17 280
26 99 60 80 8 0 15 0.00 M M 3.2 10 300 M M 0 8 17 310
27 107 58 83 11 0 18 0.00 M M 4.6 14 320 M M 0 17 310
28 93 70 82 10 0 17 0.00 M M 8.1 24 300 M M 0 8 32 310
29 85 63 74 2 0 9 0.14 M M 9.3 25 140 M M 6 13 33 130
30 94 63 79 7 0 14 0.07 M M 3.8 18 350 M M 3 3 23 130
31 92 60 76 4 0 11 0.00 M M 6.2 17 140 M M 0 8 25 140
================================================================================
SM 2916 1771 0 335 0.57 M 187.7 M 28
================================================================================
AV 94.1 57.1 6.1 FASTST M M 1 MAX(MPH)
MISC ----> 37 340 47 350
================================================================================
NOTES:
# LAST OF SEVERAL OCCURRENCES
COLUMN 17 PEAK WIND IN M.P.H.
PRELIMINARY LOCAL CLIMATOLOGICAL DATA (WS FORM: F-6) , PAGE 2
STATION: SHERIDAN WY
MONTH: JULY
YEAR: 2021
LATITUDE: 44 46 N
LONGITUDE: 106 58 W
[TEMPERATURE DATA] [PRECIPITATION DATA] SYMBOLS USED IN COLUMN 16
AVERAGE MONTHLY: 75.6 TOTAL FOR MONTH: 0.57 1 = FOG OR MIST
DPTR FM NORMAL: 4.9 DPTR FM NORMAL: -0.50 2 = FOG REDUCING VISIBILITY
HIGHEST: 107 ON 27 GRTST 24HR 0.14 ON 29-29 TO 1/4 MILE OR LESS
LOWEST: 50 ON 15,10 3 = THUNDER
SNOW, ICE PELLETS, HAIL 4 = ICE PELLETS
TOTAL MONTH: M 5 = HAIL
GRTST 24HR M ON M 6 = FREEZING RAIN OR DRIZZLE
GRTST DEPTH: M ON M 7 = DUSTSTORM OR SANDSTORM:
VSBY 1/2 MILE OR LESS
8 = SMOKE OR HAZE
[NO. OF DAYS WITH] [WEATHER - DAYS WITH] 9 = BLOWING SNOW
X = TORNADO
MAX 32 OR BELOW: 0 0.01 INCH OR MORE: 10
MAX 90 OR ABOVE: 26 0.10 INCH OR MORE: 1
MIN 32 OR BELOW: 0 0.50 INCH OR MORE: 0
MIN 0 OR BELOW: 0 1.00 INCH OR MORE: 0
[HDD (BASE 65) ]
TOTAL THIS MO. 0 CLEAR (SCALE 0-3) 25
DPTR FM NORMAL -22 PTCLDY (SCALE 4-7) 5
TOTAL FM JUL 1 0 CLOUDY (SCALE 8-10) 1
DPTR FM NORMAL -18
[CDD (BASE 65) ]
TOTAL THIS MO. 335
DPTR FM NORMAL 138 [PRESSURE DATA]
TOTAL FM JAN 1 478 HIGHEST SLP 30.24 ON 31
DPTR FM NORMAL 234 LOWEST SLP 29.73 ON 7
[REMARKS]
#FINAL-07-21#