634
CXUS55 KBYZ 011315
CF6SHR
PRELIMINARY LOCAL CLIMATOLOGICAL DATA (WS FORM: F-6)
STATION: SHERIDAN WY
MONTH: DECEMBER
YEAR: 2020
LATITUDE: 44 46 N
LONGITUDE: 106 58 W
TEMPERATURE IN F: :PCPN: SNOW: WIND :SUNSHINE: SKY :PK WND
================================================================================
1 2 3 4 5 6A 6B 7 8 9 10 11 12 13 14 15 16 17 18
12Z AVG MX 2MIN
DY MAX MIN AVG DEP HDD CDD WTR SNW DPTH SPD SPD DIR MIN PSBL S-S WX SPD DR
================================================================================
1 42 21 32 6 33 0 0.01 M M 17.3 37 320 M M 7 128 43 330
2 39 11 25 0 40 0 0.00 M M 2.3 8 180 M M 0 10 320
3 56 12 34 9 31 0 0.00 M M 1.6 8 320 M M 0 11 330
4 58 23 41 17 24 0 0.00 M M 5.5 15 310 M M 0 33 290
5 54 20 37 13 28 0 0.00 M M 2.8 9 180 M M 0 11 330
6 62 17 40 16 25 0 0.00 M M 2.3 9 270 M M 0 10 270
7 67 20 44 20 21 0 0.00 M M 3.6 10 190 M M 0 17 280
8 72 28 50 27 15 0 0.00 M M 4.1 10 200 M M 0 14 20
9 68 30 49 26 16 0 0.00 M M 8.1 22 310 M M 0 28 250
10 37 19 28 5 37 0 0.02 M M 2.1 17 300 M M 10 12 22 300
11 33 20 27 4 38 0 0.03 M M 5.8 22 140 M M 10 128 27 140
12 27 9 18 -5 47 0 0.08 M M 11.6 25 320 M M 10 18 31 320
13 27 9 18 -4 47 0 0.00 M M 2.7 10 330 M M 3 13 320
14 32 13 23 1 42 0 0.01 M M 5.0 21 300 M M 9 1 24 290
15 36 20 28 6 37 0 0.00 M M 6.6 17 310 M M 5 22 150
16 41 21 31 9 34 0 0.00 M M 6.7 21 300 M M 7 24 310
17 40 18 29 7 36 0 0.03 M M 3.1 12 320 M M 3 1 13 300
18 44 20 32 10 33 0 T M M 7.7 18 300 M M 5 1 21 300
19 52 19 36 14 29 0 0.00 M M 9.9 25 310 M M 2 32 310
20 60 33 47 25 18 0 0.00 M M 16.4 46 290 M M 4 65 280
21 49 26 38 16 27 0 0.00 M M 6.9 21 150 M M 3 27 150
22 61 22 42 20 23 0 0.05 M M 20.9 46 320 M M 4 128 59 320
23 29 13 21 -1 44 0 0.04 M M 13.8 37 320 M M 4 128 45 320
24 47 23 35 13 30 0 0.00 M M 8.6 26 300 M M 3 31 300
25 50 19 35 13 30 0 0.00 M M 4.3 12 70 M M 0 18 90
26 42 23 33 11 32 0 T M M 6.4 24 310 M M 6 29 310
27 40 23 32 10 33 0 0.01 M M 8.0 30 320 M M 8 1 36 310
28 28 10 19 -3 46 0 0.00 M M 3.9 12 340 M M 6 128 13 330
29 34 6 20 -2 45 0 0.00 M M 9.2 29 320 M M 2 33 320
30 43 9 26 3 39 0 0.00 M M 2.3 9 180 M M 1 13 120
31 46 18 32 9 33 0 0.00 M M 3.3 13 20 M M 1 15 20
================================================================================
SM 1416 575 1013 0 0.28 M 212.8 M 113
================================================================================
AV 45.7 18.5 6.9 FASTST M M 4 MAX(MPH)
MISC ----> # 46 290 65 280
================================================================================
NOTES:
# LAST OF SEVERAL OCCURRENCES
COLUMN 17 PEAK WIND IN M.P.H.
PRELIMINARY LOCAL CLIMATOLOGICAL DATA (WS FORM: F-6) , PAGE 2
STATION: SHERIDAN WY
MONTH: DECEMBER
YEAR: 2020
LATITUDE: 44 46 N
LONGITUDE: 106 58 W
[TEMPERATURE DATA] [PRECIPITATION DATA] SYMBOLS USED IN COLUMN 16
AVERAGE MONTHLY: 32.1 TOTAL FOR MONTH: 0.28 1 = FOG OR MIST
DPTR FM NORMAL: 9.2 DPTR FM NORMAL: -0.28 2 = FOG REDUCING VISIBILITY
HIGHEST: 72 ON 8 GRTST 24HR 0.11 ON 11-12 TO 1/4 MILE OR LESS
LOWEST: 6 ON 29 3 = THUNDER
SNOW, ICE PELLETS, HAIL 4 = ICE PELLETS
TOTAL MONTH: M 5 = HAIL
GRTST 24HR M ON M 6 = FREEZING RAIN OR DRIZZLE
GRTST DEPTH: M ON M 7 = DUSTSTORM OR SANDSTORM:
VSBY 1/2 MILE OR LESS
8 = SMOKE OR HAZE
[NO. OF DAYS WITH] [WEATHER - DAYS WITH] 9 = BLOWING SNOW
X = TORNADO
MAX 32 OR BELOW: 5 0.01 INCH OR MORE: 9
MAX 90 OR ABOVE: 0 0.10 INCH OR MORE: 0
MIN 32 OR BELOW: 30 0.50 INCH OR MORE: 0
MIN 0 OR BELOW: 0 1.00 INCH OR MORE: 0
[HDD (BASE 65) ]
TOTAL THIS MO. 1013 CLEAR (SCALE 0-3) 16
DPTR FM NORMAL -292 PTCLDY (SCALE 4-7) 10
TOTAL FM JUL 1 2718 CLOUDY (SCALE 8-10) 5
DPTR FM NORMAL -465
[CDD (BASE 65) ]
TOTAL THIS MO. 0
DPTR FM NORMAL 0 [PRESSURE DATA]
TOTAL FM JAN 1 612 HIGHEST SLP 30.72 ON 2
DPTR FM NORMAL 193 LOWEST SLP 29.34 ON 22
[REMARKS]
#FINAL-12-20#