000
CXUS54 KSHV 011500
CF6SHV
PRELIMINARY LOCAL CLIMATOLOGICAL DATA (WS FORM: F-6)
STATION: SHREVEPORT
MONTH: SEPTEMBER
YEAR: 2020
LATITUDE: 32 28 N
LONGITUDE: 93 49 W
TEMPERATURE IN F: :PCPN: SNOW: WIND :SUNSHINE: SKY :PK WND
================================================================================
1 2 3 4 5 6A 6B 7 8 9 10 11 12 13 14 15 16 17 18
12Z AVG MX 2MIN
DY MAX MIN AVG DEP HDD CDD WTR SNW DPTH SPD SPD DIR MIN PSBL S-S WX SPD DR
================================================================================
1 95 79 87 6 0 22 0.00 0.0 0 9.9 20 200 M M 6 1 28 170
2 90 75 83 2 0 18 0.24 0.0 0 7.6 29 210 M M 9 13 36 230
3 90 75 83 2 0 18 0.19 0.0 0 4.5 16 320 M M 8 1 19 320
4 92 73 83 2 0 18 0.79 0.0 0 5.8 28 50 M M 8 13 35 60
5 90 74 82 2 0 17 0.00 0.0 0 5.5 14 350 M M 8 17 360
6 94 71 83 3 0 18 0.00 0.0 0 2.0 8 210 M M 3 10 250
7 92 69 81 1 0 16 0.00 0.0 0 4.4 16 120 M M 2 21 120
8 92 71 82 2 0 17 0.00 0.0 0 5.1 13 120 M M 4 1 18 110
9 94 73 84 5 0 19 0.05 0.0 0 5.0 18 170 M M 6 1 25 170
10 91 76 84 5 0 19 0.42 0.0 0 4.8 17 220 M M 6 13 21 210
11 88 73 81 2 0 16 0.00 0.0 0 6.3 10 350 M M 6 13 300
12 92 75 84 6 0 19 0.00 0.0 0 5.7 14 350 M M 4 1 19 350
13 90 74 82 4 0 17 T 0.0 0 7.1 16 60 M M 5 20 80
14 89 75 82 4 0 17 0.00 0.0 0 10.7 17 30 M M 6 22 30
15 92 73 83 6 0 18 0.00 0.0 0 8.3 16 350 M M 1 8 21 350
16 91 74 83 6 0 18 0.00 0.0 0 7.8 16 360 M M 4 22 40
17 89 73 81 4 0 16 0.00 0.0 0 6.6 15 360 M M 7 18 10
18 88 70 79 3 0 14 0.00 0.0 0 10.6 17 40 M M 5 8 23 40
19 83 63 73 -3 0 8 0.00 0.0 0 10.9 17 20 M M 2 26 20
20 86 63 75 -1 0 10 0.00 0.0 0 10.7 20 50 M M 4 27 50
21 74 67 71 -4 0 6 0.34 0.0 0 10.0 17 80 M M 10 18 23 70
22 72 67 70 -5 0 5 0.52 0.0 0 8.9 15 70 M M 10 1 20 60
23 71 65 68 -6 0 3 0.41 0.0 0 9.4 16 360 M M 10 18 19 360
24 73 64 69 -5 0 4 0.01 0.0 0 6.5 14 340 M M 9 18 19 320
25 80 61 71 -3 0 6 0.00 0.0 0 2.3 9 130 M M 8 1 12 140
26 84 59 72 -1 0 7 0.00 0.0 0 2.2 8 210 M M 5 12 19 340
27 89 65 77 4 0 12 0.00 0.0 0 7.5 15 190 M M 4 22 190
28 78 60 69 -3 0 4 0.93 0.0 0 12.6 24 320 M M 5 13 29 360
29 80 52 66 -6 0 1 0.00 0.0 0 6.2 21 310 M M 0 26 320
30 86 51 69 -3 0 4 0.00 0.0 0 4.4 13 250 M M 0 20 250
================================================================================
SM 2595 2060 0 387 3.90 0.0 209.3 M 165
================================================================================
AV 86.5 68.7 7.0 FASTST M M 6 MAX(MPH)
MISC ----> # 29 210 # 36 230
================================================================================
NOTES:
# LAST OF SEVERAL OCCURRENCES
COLUMN 17 PEAK WIND IN M.P.H.
PRELIMINARY LOCAL CLIMATOLOGICAL DATA (WS FORM: F-6) , PAGE 2
STATION: SHREVEPORT
MONTH: SEPTEMBER
YEAR: 2020
LATITUDE: 32 28 N
LONGITUDE: 93 49 W
[TEMPERATURE DATA] [PRECIPITATION DATA] SYMBOLS USED IN COLUMN 16
AVERAGE MONTHLY: 77.6 TOTAL FOR MONTH: 3.90 1 = FOG OR MIST
DPTR FM NORMAL: 0.7 DPTR FM NORMAL: 0.74 2 = FOG REDUCING VISIBILITY
HIGHEST: 95 ON 1 GRTST 24HR 0.93 ON 28-28 TO 1/4 MILE OR LESS
LOWEST: 51 ON 30 3 = THUNDER
SNOW, ICE PELLETS, HAIL 4 = ICE PELLETS
TOTAL MONTH: 0.0 INCH 5 = HAIL
GRTST 24HR 0.0 6 = FREEZING RAIN OR DRIZZLE
GRTST DEPTH: 0 7 = DUSTSTORM OR SANDSTORM:
VSBY 1/2 MILE OR LESS
8 = SMOKE OR HAZE
[NO. OF DAYS WITH] [WEATHER - DAYS WITH] 9 = BLOWING SNOW
X = TORNADO
MAX 32 OR BELOW: 0 0.01 INCH OR MORE: 10
MAX 90 OR ABOVE: 14 0.10 INCH OR MORE: 8
MIN 32 OR BELOW: 0 0.50 INCH OR MORE: 3
MIN 0 OR BELOW: 0 1.00 INCH OR MORE: 0
[HDD (BASE 65) ]
TOTAL THIS MO. 0 CLEAR (SCALE 0-3) 6
DPTR FM NORMAL -6 PTCLDY (SCALE 4-7) 18
TOTAL FM JUL 1 0 CLOUDY (SCALE 8-10) 6
DPTR FM NORMAL -6
[CDD (BASE 65) ]
TOTAL THIS MO. 387
DPTR FM NORMAL 24 [PRESSURE DATA]
TOTAL FM JAN 1 2481 HIGHEST SLP 30.24 ON 5
DPTR FM NORMAL 156 LOWEST SLP 29.70 ON 27
[REMARKS]
#FINAL-09-20#