000
CXUS56 KMFR 011030
CF6SIY
PRELIMINARY LOCAL CLIMATOLOGICAL DATA (WS FORM: F-6)
STATION: MONTAGUE CA
MONTH: FEBRUARY
YEAR: 2024
LATITUDE: 41 46 N
LONGITUDE: 122 28 W
TEMPERATURE IN F: :PCPN: SNOW: WIND :SUNSHINE: SKY :PK WND
================================================================================
1 2 3 4 5 6A 6B 7 8 9 10 11 12 13 14 15 16 17 18
12Z AVG MX 2MIN
DY MAX MIN AVG DEP HDD CDD WTR SNW DPTH SPD SPD DIR MIN PSBL S-S WX SPD DR
================================================================================
1 53 36 45 7 20 0 T M M 5.6 18 180 M M 7 27 170
2 48 29 39 1 26 0 0.03 M M 3.8 22 300 M M 6 27 290
3 48 24 36 -2 29 0 0.00 M M 5.0 16 190 M M 1 19 190
4 44 25 35 -3 30 0 0.30 M M 5.4 17 180 M M 8 1 26 190
5 49 33 41 3 24 0 T M M 19.3 37 180 M M 5 49 180
6 49 31 40 2 25 0 T M M 3.7 13 340 M M 8 1 16 340
7 44 32 38 0 27 0 0.03 M M 3.4 12 10 M M 8 1 13 360
8 48 30 39 0 26 0 0.00 M M 4.8 13 40 M M 8 15 40
9 43 30 37 -2 28 0 0.00 M M 1.6 9 20 M M 9 11 30
10 53 29 41 2 24 0 0.00 M M 1.8 7 60 M M 3 8 30
11 55 27 41 2 24 0 0.00 M M 1.4 8 160 M M 0 12 160
12 51 28 40 1 25 0 0.00 M M 2.8 9 30 M M 0 11 220
13 53 31 42 3 23 0 0.00 M M 3.1 12 30 M M 1 12 40
14 46 32 39 -1 26 0 0.19 M M 6.4 15 200 M M 9 1 21 170
15 51 35 43 3 22 0 0.01 M M 5.6 14 180 M M 9 18 19 200
16 50 38 44 4 21 0 T M M 5.0 12 50 M M 7 18 14 10
17 52 42 47 7 18 0 T M M 15.6 39 180 M M 10 8 54 180
18 55 34 45 5 20 0 0.35 M M 11.1 38 190 M M 6 1 54 170
19 49 35 42 2 23 0 0.28 M M 6.9 30 170 M M 8 1 39 170
20 51 33 42 1 23 0 0.03 M M 12.5 32 160 M M 4 43 160
21 53 33 43 2 22 0 0.04 M M 4.0 16 180 M M 8 1 21 180
22 56 28 42 1 23 0 0.00 M M 3.6 13 160 M M 2 12 20 180
23 59 25 42 1 23 0 0.00 M M 1.3 7 40 M M 0 10 20
24 63 26 45 3 20 0 0.00 M M 2.0 8 170 M M 0 8 10 180
25 63 27 45 3 20 0 0.00 M M 4.5 16 260 M M 0 22 250
26 51 32 42 0 23 0 T M M 11.0 26 290 M M 7 35 290
27 49 20 35 -7 30 0 0.00 M M 2.2 13 20 M M 2 16 20
28 51 23 37 -5 28 0 0.00 M M 4.9 28 160 M M 4 35 160
29 48 34 41 -1 24 0 0.18 M M 19.6 35 170 M M 6 1 50 240
================================================================================
SM 1485 882 697 0 1.44 M 177.9 M 146
================================================================================
AV 51.2 30.4 6.1 FASTST M M 5 MAX(MPH)
MISC ----> 39 180 # 54 180
================================================================================
NOTES:
# LAST OF SEVERAL OCCURRENCES
COLUMN 17 PEAK WIND IN M.P.H.
PRELIMINARY LOCAL CLIMATOLOGICAL DATA (WS FORM: F-6) , PAGE 2
STATION: MONTAGUE CA
MONTH: FEBRUARY
YEAR: 2024
LATITUDE: 41 46 N
LONGITUDE: 122 28 W
[TEMPERATURE DATA] [PRECIPITATION DATA] SYMBOLS USED IN COLUMN 16
AVERAGE MONTHLY: 40.8 TOTAL FOR MONTH: 1.44 1 = FOG OR MIST
DPTR FM NORMAL: 1.0 DPTR FM NORMAL: 0.03 2 = FOG REDUCING VISIBILITY
HIGHEST: 63 ON 25,24 GRTST 24HR 0.59 ON 18-19 TO 1/4 MILE OR LESS
LOWEST: 20 ON 27 3 = THUNDER
SNOW, ICE PELLETS, HAIL 4 = ICE PELLETS
TOTAL MONTH: M 5 = HAIL
GRTST 24HR M ON M 6 = FREEZING RAIN OR DRIZZLE
GRTST DEPTH: M ON M 7 = DUSTSTORM OR SANDSTORM:
VSBY 1/2 MILE OR LESS
8 = SMOKE OR HAZE
[NO. OF DAYS WITH] [WEATHER - DAYS WITH] 9 = BLOWING SNOW
X = TORNADO
MAX 32 OR BELOW: 0 0.01 INCH OR MORE: 10
MAX 90 OR ABOVE: 0 0.10 INCH OR MORE: 5
MIN 32 OR BELOW: 19 0.50 INCH OR MORE: 0
MIN 0 OR BELOW: 0 1.00 INCH OR MORE: 0
[HDD (BASE 65) ]
TOTAL THIS MO. 697 CLEAR (SCALE 0-3) 10
DPTR FM NORMAL -9 PTCLDY (SCALE 4-7) 13
TOTAL FM JUL 1 3294 CLOUDY (SCALE 8-10) 6
DPTR FM NORMAL -409
[CDD (BASE 65) ]
TOTAL THIS MO. 0
DPTR FM NORMAL 0 [PRESSURE DATA]
TOTAL FM JAN 1 0 HIGHEST SLP 30.38 ON 23
DPTR FM NORMAL 0 LOWEST SLP 29.36 ON 5
[REMARKS]
#FINAL-02-24#