000
CXUS56 KMTR 011528
CF6SJC
PRELIMINARY LOCAL CLIMATOLOGICAL DATA (WS FORM: F-6)
STATION: SAN JOSE AIRPORT
MONTH: JANUARY
YEAR: 2021
LATITUDE: 37 21 N
LONGITUDE: 121 55 W
TEMPERATURE IN F: :PCPN: SNOW: WIND :SUNSHINE: SKY :PK WND
================================================================================
1 2 3 4 5 6A 6B 7 8 9 10 11 12 13 14 15 16 17 18
12Z AVG MX 2MIN
DY MAX MIN AVG DEP HDD CDD WTR SNW DPTH SPD SPD DIR MIN PSBL S-S WX SPD DR
================================================================================
1 63 39 51 2 14 0 0.00 M M 3.0 15 310 M M 4 18 19 340
2 58 47 53 4 12 0 T M M 5.5 13 150 M M 10 16 150
3 57 50 54 5 11 0 0.00 M M 2.2 9 360 M M 8 18 14 10
4 61 45 53 4 12 0 0.01 M M 8.7 22 150 M M 5 18 27 150
5 57 41 49 0 16 0 0.00 M M 3.0 17 320 M M 5 1 20 320
6 62 36 49 0 16 0 T M M 3.3 13 120 M M 5 1 15 120
7 60 40 50 1 15 0 T M M 2.2 7 190 M M 8 128 11 20
8 61 46 54 4 11 0 0.00 M M 5.4 14 340 M M 5 1 16 330
9 62 39 51 1 14 0 0.00 M M 3.3 13 340 M M 4 1 16 330
10 63 37 50 0 15 0 0.00 M M 3.1 14 320 M M 5 16 320
11 63 40 52 2 13 0 0.00 M M 4.4 13 330 M M 6 18 15 330
12 63 45 54 4 11 0 0.00 M M 2.9 9 340 M M 7 12 350
13 70 44 57 7 8 0 0.00 M M 3.4 12 330 M M 5 18 13 340
14 71 45 58 8 7 0 0.00 M M 4.1 15 300 M M 3 1 20 320
15 69 42 56 6 9 0 0.00 M M 3.5 12 320 M M 4 14 320
16 71 45 58 8 7 0 0.00 M M 2.6 12 320 M M 3 18 14 310
17 78 44 61 11 4 0 0.00 M M 2.5 13 310 M M 2 15 300
18 78 51 65 15 0 0 0.00 M M 10.6 23 320 M M 2 31 20
19 68 49 59 9 6 0 0.00 M M 12.2 29 340 M M 1 40 10
20 69 40 55 5 10 0 0.00 M M 3.3 12 340 M M 0 13 360
21 65 38 52 2 13 0 0.00 M M 4.0 13 320 M M 4 14 340
22 52 45 49 -1 16 0 0.22 M M 5.1 14 270 M M 8 1 18 280
23 56 40 48 -2 17 0 0.00 M M 5.4 17 310 M M 5 1 22 310
24 52 37 45 -6 20 0 0.15 M M 6.5 22 300 M M 7 18 30 320
25 53 44 49 -2 16 0 0.00 M M 15.0 28 300 M M 3 38 290
26 52 32 42 -9 23 0 0.13 M M 13.6 40 140 M M 6 1 51 140
27 52 46 49 -2 16 0 0.73 M M 18.4 37 130 M M 9 1 47 130
28 51 46 49 -2 16 0 1.31 M M 9.4 25 140 M M 9 18 32 130
29 56 41 49 -2 16 0 0.28 M M 4.5 12 340 M M 6 14 340
30 62 41 52 1 13 0 0.00 M M 4.2 14 230 M M 7 17 220
31 66 47 57 6 8 0 0.00 M M 4.7 15 140 M M 8 18 140
================================================================================
SM 1921 1322 385 0 2.83 M 180.0 M 164
================================================================================
AV 62.0 42.6 5.8 FASTST M M 5 MAX(MPH)
MISC ----> 40 140 51 140
================================================================================
NOTES:
# LAST OF SEVERAL OCCURRENCES
COLUMN 17 PEAK WIND IN M.P.H.
PRELIMINARY LOCAL CLIMATOLOGICAL DATA (WS FORM: F-6) , PAGE 2
STATION: SAN JOSE AIRPORT
MONTH: JANUARY
YEAR: 2021
LATITUDE: 37 21 N
LONGITUDE: 121 55 W
[TEMPERATURE DATA] [PRECIPITATION DATA] SYMBOLS USED IN COLUMN 16
AVERAGE MONTHLY: 52.3 TOTAL FOR MONTH: 2.83 1 = FOG OR MIST
DPTR FM NORMAL: 2.2 DPTR FM NORMAL: -0.16 2 = FOG REDUCING VISIBILITY
HIGHEST: 78 ON 18,17 GRTST 24HR 1.31 ON 28-28 TO 1/4 MILE OR LESS
LOWEST: 32 ON 26 3 = THUNDER
SNOW, ICE PELLETS, HAIL 4 = ICE PELLETS
TOTAL MONTH: M 5 = HAIL
GRTST 24HR M ON M 6 = FREEZING RAIN OR DRIZZLE
GRTST DEPTH: M ON M 7 = DUSTSTORM OR SANDSTORM:
VSBY 1/2 MILE OR LESS
8 = SMOKE OR HAZE
[NO. OF DAYS WITH] [WEATHER - DAYS WITH] 9 = BLOWING SNOW
X = TORNADO
MAX 32 OR BELOW: 0 0.01 INCH OR MORE: 7
MAX 90 OR ABOVE: 0 0.10 INCH OR MORE: 6
MIN 32 OR BELOW: 1 0.50 INCH OR MORE: 2
MIN 0 OR BELOW: 0 1.00 INCH OR MORE: 1
[HDD (BASE 65) ]
TOTAL THIS MO. 385 CLEAR (SCALE 0-3) 5
DPTR FM NORMAL -78 PTCLDY (SCALE 4-7) 22
TOTAL FM JUL 1 1141 CLOUDY (SCALE 8-10) 4
DPTR FM NORMAL -198
[CDD (BASE 65) ]
TOTAL THIS MO. 0
DPTR FM NORMAL 0 [PRESSURE DATA]
TOTAL FM JAN 1 0 HIGHEST SLP 30.43 ON 13
DPTR FM NORMAL 0 LOWEST SLP 29.67 ON 27
[REMARKS]
#FINAL-01-21#