000
CXUS56 KSLC 011151
CF6SLC
PRELIMINARY LOCAL CLIMATOLOGICAL DATA (WS FORM: F-6)
STATION: SALT LAKE CITY UT
MONTH: AUGUST
YEAR: 2022
LATITUDE: 40 46 N
LONGITUDE: 111 58 W
TEMPERATURE IN F: :PCPN: SNOW: WIND :SUNSHINE: SKY :PK WND
================================================================================
1 2 3 4 5 6A 6B 7 8 9 10 11 12 13 14 15 16 17 18
12Z AVG MX 2MIN
DY MAX MIN AVG DEP HDD CDD WTR SNW DPTH SPD SPD DIR MIN PSBL S-S WX SPD DR
================================================================================
1 94 68 81 -1 0 16 0.41 0.0 0 10.3 41 200 M M 3 3 58 180
2 88 69 79 -3 0 14 0.02 0.0 0 5.9 29 340 M M 6 36 340
3 95 71 83 1 0 18 0.00 0.0 0 4.3 13 10 M M 1 23 360
4 99 76 88 6 0 23 0.00 0.0 0 6.5 14 330 M M 1 18 330
5 93 76 85 3 0 20 0.09 0.0 0 7.0 23 260 M M 4 3 32 270
6 81 67 74 -8 0 9 0.55 0.0 0 7.8 24 330 M M 6 13 30 320
7 89 64 77 -5 0 12 0.00 0.0 M 6.1 14 330 M M 0 19 330
8 95 65 80 -1 0 15 0.00 0.0 M 7.0 15 310 M M 0 21 300
9 99 68 84 3 0 19 0.00 0.0 M 6.2 12 340 M M 0 17 340
10 96 74 85 4 0 20 T 0.0 0 8.5 26 280 M M 2 3 40 280
11 91 71 81 0 0 16 0.01 0.0 0 7.3 24 150 M M 3 3 31 160
12 95 73 84 4 0 19 T 0.0 0 6.4 20 170 M M 3 27 160
13 93 73 83 3 0 18 0.01 0.0 0 7.5 17 160 M M 3 26 180
14 89 68 79 -1 0 14 0.03 0.0 0 6.2 20 330 M M 4 25 340
15 96 69 83 3 0 18 0.00 0.0 0 5.8 20 340 M M 2 26 340
16 100 73 87 8 0 22 0.00 0.0 0 8.9 21 320 M M 1 34 320
17 100 74 87 8 0 22 0.00 0.0 0 8.7 18 300 M M 1 8 25 250
18 101 75 88 9 0 23 0.00 0.0 0 8.6 21 180 M M 0 30 180
19 86 70 78 -1 0 13 0.01 0.0 0 7.0 20 200 M M 3 3 27 200
20 78 69 74 -4 0 9 T 0.0 0 9.5 23 170 M M 3 30 160
21 91 65 78 0 0 13 0.00 0.0 0 6.2 14 330 M M 0 20 310
22 95 69 82 4 0 17 0.00 0.0 0 7.2 18 330 M M 1 24 340
23 100 70 85 8 0 20 0.00 0.0 0 6.7 15 330 M M 0 20 330
24 98 74 86 9 0 21 T 0.0 0 10.3 35 180 M M 3 38 53 180
25 95 68 82 5 0 17 0.00 0.0 0 9.3 28 180 M M 1 42 190
26 96 72 84 8 0 19 0.00 0.0 0 8.5 16 160 M M 0 23 180
27 96 72 84 8 0 19 0.00 0.0 0 9.8 21 280 M M 0 27 180
28 92 66 79 3 0 14 0.00 0.0 0 6.3 17 340 M M 0 25 310
29 96 65 81 5 0 16 0.00 0.0 0 5.9 13 360 M M 0 18 330
30 101 68 85 10 0 20 0.00 0.0 0 6.6 15 330 M M 0 19 360
31 102 71 87 12 0 22 0.00 0.0 0 7.5 14 340 M M 0 18 350
================================================================================
SM 2920 2173 0 538 1.13 0.0 229.8 M 51
================================================================================
AV 94.2 70.1 7.4 FASTST M M 2 MAX(MPH)
MISC ----> 41 200 58 180
================================================================================
NOTES:
# LAST OF SEVERAL OCCURRENCES
COLUMN 17 PEAK WIND IN M.P.H.
PRELIMINARY LOCAL CLIMATOLOGICAL DATA (WS FORM: F-6) , PAGE 2
STATION: SALT LAKE CITY UT
MONTH: AUGUST
YEAR: 2022
LATITUDE: 40 46 N
LONGITUDE: 111 58 W
[TEMPERATURE DATA] [PRECIPITATION DATA] SYMBOLS USED IN COLUMN 16
AVERAGE MONTHLY: 82.1 TOTAL FOR MONTH: 1.13 1 = FOG OR MIST
DPTR FM NORMAL: 3.0 DPTR FM NORMAL: 0.55 2 = FOG REDUCING VISIBILITY
HIGHEST: 102 ON 31 GRTST 24HR 0.61 ON 5- 6 TO 1/4 MILE OR LESS
LOWEST: 64 ON 7 3 = THUNDER
SNOW, ICE PELLETS, HAIL 4 = ICE PELLETS
TOTAL MONTH: 0.0 INCH 5 = HAIL
GRTST 24HR 0.0 6 = FREEZING RAIN OR DRIZZLE
GRTST DEPTH: 0 7 = DUSTSTORM OR SANDSTORM:
VSBY 1/2 MILE OR LESS
8 = SMOKE OR HAZE
[NO. OF DAYS WITH] [WEATHER - DAYS WITH] 9 = BLOWING SNOW
X = TORNADO
MAX 32 OR BELOW: 0 0.01 INCH OR MORE: 8
MAX 90 OR ABOVE: 25 0.10 INCH OR MORE: 2
MIN 32 OR BELOW: 0 0.50 INCH OR MORE: 1
MIN 0 OR BELOW: 0 1.00 INCH OR MORE: 0
[HDD (BASE 65) ]
TOTAL THIS MO. 0 CLEAR (SCALE 0-3) 24
DPTR FM NORMAL -2 PTCLDY (SCALE 4-7) 7
TOTAL FM JUL 1 0 CLOUDY (SCALE 8-10) 0
DPTR FM NORMAL -1
[CDD (BASE 65) ]
TOTAL THIS MO. 538
DPTR FM NORMAL 97 [PRESSURE DATA]
TOTAL FM JAN 1 1615 HIGHEST SLP 30.12 ON 10
DPTR FM NORMAL 372 LOWEST SLP 29.61 ON 27
[REMARKS]
#FINAL-08-22#