000
CXUS56 KSLC 010810
CF6SLC
PRELIMINARY LOCAL CLIMATOLOGICAL DATA (WS FORM: F-6)
STATION: SALT LAKE CITY UT
MONTH: APRIL
YEAR: 2022
LATITUDE: 40 46 N
LONGITUDE: 111 58 W
TEMPERATURE IN F: :PCPN: SNOW: WIND :SUNSHINE: SKY :PK WND
================================================================================
1 2 3 4 5 6A 6B 7 8 9 10 11 12 13 14 15 16 17 18
12Z AVG MX 2MIN
DY MAX MIN AVG DEP HDD CDD WTR SNW DPTH SPD SPD DIR MIN PSBL S-S WX SPD DR
================================================================================
1 58 35 47 -2 18 0 0.00 0.0 0 5.3 13 360 M M 0 18 360
2 67 42 55 6 10 0 0.00 0.0 0 8.0 21 350 M M 0 28 350
3 63 38 51 2 14 0 0.00 0.0 0 5.4 14 330 M M 1 20 320
4 63 41 52 3 13 0 T 0.0 0 10.9 24 260 M M 5 33 270
5 56 36 46 -4 19 0 0.09 0.1 0 12.7 25 310 M M 7 34 340
6 49 30 40 -10 25 0 0.00 0.0 0 4.8 15 320 M M 0 28 300
7 62 34 48 -2 17 0 0.00 0.0 0 6.0 12 320 M M 0 17 330
8 76 40 58 8 7 0 0.00 0.0 0 8.4 16 170 M M 0 21 170
9 68 37 53 3 12 0 0.00 0.0 0 11.9 23 340 M M 2 32 350
10 50 35 43 -7 22 0 0.00 0.0 0 8.1 18 310 M M 2 24 310
11 62 30 46 -5 19 0 0.35 1.0 1 14.1 31 310 M M 8 1 41 160
12 39 31 35 -16 30 0 0.01 0.3 1 9.8 26 250 M M 8 1 34 250
13 45 30 38 -13 27 0 T T 0 6.8 15 290 M M 8 8 22 250
14 60 36 48 -3 17 0 T 0.0 0 10.7 24 180 M M 8 35 170
15 58 41 50 -1 15 0 0.03 0.0 0 8.5 20 30 M M 5 25 30
16 59 38 49 -3 16 0 0.06 0.0 0 7.6 29 290 M M 3 8 38 280
17 62 39 51 -1 14 0 T 0.0 0 7.2 16 330 M M 4 21 350
18 74 40 57 5 8 0 0.00 0.0 0 6.3 24 170 M M 1 37 160
19 69 44 57 5 8 0 T 0.0 0 13.5 32 320 M M 4 8 39 190
20 68 41 55 2 10 0 0.00 0.0 0 7.0 14 140 M M 1 20 360
21 77 52 65 12 0 0 0.00 0.0 0 17.4 31 180 M M 3 78 44 160
22 52 44 48 -5 17 0 0.16 0.0 0 10.5 33 340 M M 10 1 42 340
23 55 39 47 -7 18 0 0.11 0.0 0 8.9 24 350 M M 7 5 31 360
24 59 36 48 -6 17 0 0.00 0.0 0 5.8 23 20 M M 2 38 330
25 66 39 53 -1 12 0 0.00 0.0 0 6.1 14 140 M M 3 21 210
26 75 51 63 9 2 0 0.00 0.0 0 12.1 23 180 M M 2 31 170
27 75 49 62 7 3 0 0.00 0.0 0 6.9 23 330 M M 4 29 340
28 72 48 60 5 5 0 T 0.0 0 11.9 36 340 M M 4 8 48 330
29 59 44 52 -4 13 0 0.00 0.0 0 12.5 28 310 M M 3 33 300
30 68 40 54 -2 11 0 0.00 0.0 0 7.2 15 340 M M 0 19 340
================================================================================
SM 1866 1180 419 0 0.81 1.4 272.3 M 105
================================================================================
AV 62.2 39.3 9.1 FASTST M M 4 MAX(MPH)
MISC ----> 36 340 48 330
================================================================================
NOTES:
# LAST OF SEVERAL OCCURRENCES
COLUMN 17 PEAK WIND IN M.P.H.
PRELIMINARY LOCAL CLIMATOLOGICAL DATA (WS FORM: F-6) , PAGE 2
STATION: SALT LAKE CITY UT
MONTH: APRIL
YEAR: 2022
LATITUDE: 40 46 N
LONGITUDE: 111 58 W
[TEMPERATURE DATA] [PRECIPITATION DATA] SYMBOLS USED IN COLUMN 16
AVERAGE MONTHLY: 50.8 TOTAL FOR MONTH: 0.81 1 = FOG OR MIST
DPTR FM NORMAL: -1.0 DPTR FM NORMAL: -1.35 2 = FOG REDUCING VISIBILITY
HIGHEST: 77 ON 21 GRTST 24HR 0.35 ON 11-11 TO 1/4 MILE OR LESS
LOWEST: 30 ON 13,11 3 = THUNDER
SNOW, ICE PELLETS, HAIL 4 = ICE PELLETS
TOTAL MONTH: 1.4 INCHES 5 = HAIL
GRTST 24HR 1.0 ON 11-11 6 = FREEZING RAIN OR DRIZZLE
GRTST DEPTH: 1 ON 12,11 7 = DUSTSTORM OR SANDSTORM:
VSBY 1/2 MILE OR LESS
8 = SMOKE OR HAZE
[NO. OF DAYS WITH] [WEATHER - DAYS WITH] 9 = BLOWING SNOW
X = TORNADO
MAX 32 OR BELOW: 0 0.01 INCH OR MORE: 7
MAX 90 OR ABOVE: 0 0.10 INCH OR MORE: 3
MIN 32 OR BELOW: 4 0.50 INCH OR MORE: 0
MIN 0 OR BELOW: 0 1.00 INCH OR MORE: 0
[HDD (BASE 65) ]
TOTAL THIS MO. 419 CLEAR (SCALE 0-3) 13
DPTR FM NORMAL 19 PTCLDY (SCALE 4-7) 15
TOTAL FM JUL 1 4840 CLOUDY (SCALE 8-10) 2
DPTR FM NORMAL -107
[CDD (BASE 65) ]
TOTAL THIS MO. 0
DPTR FM NORMAL -5 [PRESSURE DATA]
TOTAL FM JAN 1 5 HIGHEST SLP M ON M
DPTR FM NORMAL 0 LOWEST SLP 29.19 ON 11
[REMARKS]
#FINAL-04-22#