000
CXUS56 KLOX 171155
CF6SMX
PRELIMINARY LOCAL CLIMATOLOGICAL DATA (WS FORM: F-6)
STATION: SANTA MARIA AIRPORT CA
MONTH: APRIL
YEAR: 2024
LATITUDE: 34 54 N
LONGITUDE: 120 27 W
TEMPERATURE IN F: :PCPN: SNOW: WIND :SUNSHINE: SKY :PK WND
================================================================================
1 2 3 4 5 6A 6B 7 8 9 10 11 12 13 14 15 16 17 18
12Z AVG MX 2MIN
DY MAX MIN AVG DEP HDD CDD WTR SNW DPTH SPD SPD DIR MIN PSBL S-S WX SPD DR
================================================================================
1 69 44 57 1 8 0 0.00 M M 6.4 23 290 M M 2 1 29 290
2 72 43 58 2 7 0 0.00 M M 4.6 15 320 M M 0 1 20 310
3 61 45 53 -3 12 0 0.00 M M 5.4 15 290 M M 7 12 19 300
4 57 43 50 -6 15 0 0.31 M M 9.1 23 260 M M 9 13 31 260
5 55 39 47 -9 18 0 0.32 M M 8.3 26 290 M M 7 13 37 300
6 60 34 47 -9 18 0 0.00 M M 7.8 23 290 M M 1 31 280
7 63 38 51 -5 14 0 0.00 M M 11.6 31 290 M M 3 38 300
8 64 39 52 -4 13 0 0.00 M M 7.7 25 290 M M 0 31 290
9 74 39 57 1 8 0 0.00 M M 5.2 17 310 M M 0 23 290
10 75 45 60 4 5 0 0.00 M M 4.0 13 310 M M 1 128 18 260
11 76 43 60 4 5 0 0.00 M M 3.3 13 310 M M 4 12 M M
12 66 47 57 1 8 0 0.00 M M 7.5 21 170 M M 8 12 30 180
13 57 44 51 -5 14 0 1.38 M M 12.1 20 300 M M 9 1 31 150
14 62 47 55 -2 10 0 0.53 M M 9.0 20 290 M M 7 1 26 290
15 65 42 54 -3 11 0 0.00 M M 10.1 24 280 M M 1 1 30 270
16 72 47 60 3 5 0 0.00 M M 6.8 23 290 M M 0 1 30 290
================================================================================
SM 1048 679 171 0 2.54 M 118.8 M 59
================================================================================
AV 65.5 42.4 7.4 FASTST M M 4 MAX(MPH)
MISC ----> 31 290 38 300
================================================================================
NOTES:
# LAST OF SEVERAL OCCURRENCES
COLUMN 17 PEAK WIND IN M.P.H.
PRELIMINARY LOCAL CLIMATOLOGICAL DATA (WS FORM: F-6) , PAGE 2
STATION: SANTA MARIA AIRPORT CA
MONTH: APRIL
YEAR: 2024
LATITUDE: 34 54 N
LONGITUDE: 120 27 W
[TEMPERATURE DATA] [PRECIPITATION DATA] SYMBOLS USED IN COLUMN 16
AVERAGE MONTHLY: 54.0 TOTAL FOR MONTH: 2.54 1 = FOG OR MIST
DPTR FM NORMAL: -2.2 DPTR FM NORMAL: 1.91 2 = FOG REDUCING VISIBILITY
HIGHEST: 76 ON 11 GRTST 24HR 1.78 ON 13-14 TO 1/4 MILE OR LESS
LOWEST: 34 ON 6 3 = THUNDER
SNOW, ICE PELLETS, HAIL 4 = ICE PELLETS
TOTAL MONTH: M 5 = HAIL
GRTST 24HR M ON M 6 = FREEZING RAIN OR DRIZZLE
GRTST DEPTH: M ON M 7 = DUSTSTORM OR SANDSTORM:
VSBY 1/2 MILE OR LESS
8 = SMOKE OR HAZE
[NO. OF DAYS WITH] [WEATHER - DAYS WITH] 9 = BLOWING SNOW
X = TORNADO
MAX 32 OR BELOW: 0 0.01 INCH OR MORE: 4
MAX 90 OR ABOVE: 0 0.10 INCH OR MORE: 4
MIN 32 OR BELOW: 0 0.50 INCH OR MORE: 2
MIN 0 OR BELOW: 0 1.00 INCH OR MORE: 1
[HDD (BASE 65) ]
TOTAL THIS MO. 171 CLEAR (SCALE 0-3) 9
DPTR FM NORMAL 30 PTCLDY (SCALE 4-7) 4
TOTAL FM JUL 1 1956 CLOUDY (SCALE 8-10) 3
DPTR FM NORMAL -107
[CDD (BASE 65) ]
TOTAL THIS MO. 0
DPTR FM NORMAL 0 [PRESSURE DATA]
TOTAL FM JAN 1 0 HIGHEST SLP M ON M
DPTR FM NORMAL -3 LOWEST SLP 29.85 ON 1
[REMARKS]