000
CXUS56 KLOX 011155
CF6SMX
PRELIMINARY LOCAL CLIMATOLOGICAL DATA (WS FORM: F-6)
STATION: SANTA MARIA AIRPORT CA
MONTH: JUNE
YEAR: 2021
LATITUDE: 34 54 N
LONGITUDE: 120 27 W
TEMPERATURE IN F: :PCPN: SNOW: WIND :SUNSHINE: SKY :PK WND
================================================================================
1 2 3 4 5 6A 6B 7 8 9 10 11 12 13 14 15 16 17 18
12Z AVG MX 2MIN
DY MAX MIN AVG DEP HDD CDD WTR SNW DPTH SPD SPD DIR MIN PSBL S-S WX SPD DR
================================================================================
1 70 52 61 1 4 0 0.00 M M 5.1 12 300 M M 7 18 M M
2 69 50 60 0 5 0 0.00 M M 5.2 12 300 M M 6 12 M M
3 71 50 61 1 4 0 0.00 M M 6.1 13 300 M M 7 1 M M
4 70 53 62 2 3 0 0.00 M M 5.3 12 310 M M 7 1 32 320
5 70 52 61 1 4 0 0.00 M M 7.4 16 250 M M 6 18 20 230
6 66 52 59 -1 6 0 0.00 M M 6.3 13 300 M M 9 1 20 330
7 68 52 60 -1 5 0 0.00 M M 7.2 22 300 M M 9 18 27 320
8 67 48 58 -3 7 0 0.00 M M 11.2 28 290 M M 3 8 31 290
9 65 46 56 -5 9 0 0.00 M M 10.8 28 300 M M 1 35 300
10 69 43 56 -5 9 0 0.00 M M 14.1 33 300 M M 0 8 39 300
11 70 47 59 -2 6 0 0.00 M M 14.0 26 290 M M 0 36 290
12 79 49 64 3 1 0 0.00 M M 10.7 26 310 M M 0 35 300
13 70 53 62 1 3 0 0.00 M M 6.7 17 320 M M 5 1 M M
14 72 52 62 1 3 0 0.00 M M 9.4 24 300 M M 3 12 32 290
15 92 52 72 11 0 7 T M M 9.7 28 300 M M 3 128 33 300
16 88 57 73 12 0 8 0.00 M M 6.1 18 310 M M 0 8 22 320
17 83 55 69 7 0 4 0.00 M M 4.7 13 340 M M 0 18 16 330
18 76 54 65 3 0 0 0.00 M M 4.7 13 320 M M 1 128 16 330
19 73 52 63 1 2 0 0.00 M M 4.7 13 330 M M 5 12 19 330
20 74 53 64 2 1 0 T M M 5.3 14 330 M M 6 18 18 340
21 71 55 63 1 2 0 0.00 M M 5.6 16 310 M M 7 1 21 320
22 75 56 66 4 0 1 0.00 M M 7.0 18 320 M M 5 1 23 320
23 73 58 66 4 0 1 0.00 M M 7.7 18 320 M M 6 26 340
24 72 54 63 1 2 0 0.00 M M 7.7 18 330 M M 5 24 290
25 70 53 62 0 3 0 0.00 M M 8.8 20 300 M M 5 28 290
26 73 56 65 3 0 0 0.00 M M 9.9 21 300 M M 5 1 26 320
27 70 55 63 0 2 0 0.00 M M 9.9 20 300 M M 6 1 24 290
28 72 54 63 0 2 0 0.00 M M 9.2 16 300 M M 5 18 22 310
29 76 55 66 3 0 1 0.00 M M 6.8 13 330 M M 5 17 270
30 77 56 67 4 0 2 0.00 M M 6.9 16 330 M M 7 1 21 330
================================================================================
SM 2191 1574 83 24 T M 234.3 M 134
================================================================================
AV 73.0 52.5 7.8 FASTST M M 4 MAX(MPH)
MISC ----> 33 300 39 300
================================================================================
NOTES:
# LAST OF SEVERAL OCCURRENCES
COLUMN 17 PEAK WIND IN M.P.H.
PRELIMINARY LOCAL CLIMATOLOGICAL DATA (WS FORM: F-6) , PAGE 2
STATION: SANTA MARIA AIRPORT CA
MONTH: JUNE
YEAR: 2021
LATITUDE: 34 54 N
LONGITUDE: 120 27 W
[TEMPERATURE DATA] [PRECIPITATION DATA] SYMBOLS USED IN COLUMN 16
AVERAGE MONTHLY: 62.8 TOTAL FOR MONTH: T 1 = FOG OR MIST
DPTR FM NORMAL: 1.3 DPTR FM NORMAL: -0.06 2 = FOG REDUCING VISIBILITY
HIGHEST: 92 ON 15 GRTST 24HR T ON 15-15 TO 1/4 MILE OR LESS
LOWEST: 43 ON 10 3 = THUNDER
SNOW, ICE PELLETS, HAIL 4 = ICE PELLETS
TOTAL MONTH: M 5 = HAIL
GRTST 24HR M ON M 6 = FREEZING RAIN OR DRIZZLE
GRTST DEPTH: M ON M 7 = DUSTSTORM OR SANDSTORM:
VSBY 1/2 MILE OR LESS
8 = SMOKE OR HAZE
[NO. OF DAYS WITH] [WEATHER - DAYS WITH] 9 = BLOWING SNOW
X = TORNADO
MAX 32 OR BELOW: 0 0.01 INCH OR MORE: 0
MAX 90 OR ABOVE: 1 0.10 INCH OR MORE: 0
MIN 32 OR BELOW: 0 0.50 INCH OR MORE: 0
MIN 0 OR BELOW: 0 1.00 INCH OR MORE: 0
[HDD (BASE 65) ]
TOTAL THIS MO. 83 CLEAR (SCALE 0-3) 9
DPTR FM NORMAL -34 PTCLDY (SCALE 4-7) 19
TOTAL FM JUL 1 2463 CLOUDY (SCALE 8-10) 2
DPTR FM NORMAL -23
[CDD (BASE 65) ]
TOTAL THIS MO. 24
DPTR FM NORMAL 13 [PRESSURE DATA]
TOTAL FM JAN 1 32 HIGHEST SLP 30.23 ON 9
DPTR FM NORMAL 5 LOWEST SLP 29.72 ON 28
[REMARKS]
#FINAL-06-21#