000
CXUS56 KSGX 011145
CF6SNA
PRELIMINARY LOCAL CLIMATOLOGICAL DATA (WS FORM: F-6)
STATION: JOHN WAYNE AIRPORT CA
MONTH: DECEMBER
YEAR: 2021
LATITUDE: 33 40 N
LONGITUDE: 117 53 W
TEMPERATURE IN F: :PCPN: SNOW: WIND :SUNSHINE: SKY :PK WND
================================================================================
1 2 3 4 5 6A 6B 7 8 9 10 11 12 13 14 15 16 17 18
12Z AVG MX 2MIN
DY MAX MIN AVG DEP HDD CDD WTR SNW DPTH SPD SPD DIR MIN PSBL S-S WX SPD DR
================================================================================
1 75 53 64 5 1 0 0.00 M M 2.8 9 170 M M 5 128 12 170
2 64 55 60 1 5 0 0.00 M M 2.7 12 200 M M 8 18 17 190
3 65 56 61 2 4 0 0.00 M M 2.3 9 240 M M 5 8 12 220
4 66 53 60 2 5 0 0.00 M M 2.4 9 230 M M 5 8 12 220
5 67 52 60 2 5 0 0.00 M M 1.9 8 220 M M 4 8 12 100
6 65 50 58 0 7 0 0.00 M M 4.6 14 200 M M 7 128 17 190
7 66 56 61 3 4 0 0.01 M M 3.5 12 190 M M 7 15 180
8 72 52 62 4 3 0 0.00 M M 2.5 12 210 M M 2 18 15 230
9 62 54 58 0 7 0 0.07 M M 4.3 10 250 M M 8 1 16 270
10 64 47 56 -2 9 0 0.00 M M 3.1 12 210 M M 3 14 220
11 69 45 57 -1 8 0 0.00 M M 1.6 9 220 M M 0 8 12 220
12 66 45 56 -1 9 0 0.00 M M 1.7 9 220 M M 1 12 190
13 63 49 56 -1 9 0 T M M 5.1 13 200 M M 8 17 180
14 62 48 55 -2 10 0 1.43 M M 11.6 28 190 M M 8 1 38 260
15 59 42 51 -6 14 0 0.00 M M 2.0 9 210 M M 1 12 190
16 60 42 51 -6 14 0 0.07 M M 3.5 9 90 M M 5 18 14 110
17 72 49 61 4 4 0 T M M 2.5 12 350 M M 2 128 16 350
18 69 42 56 -1 9 0 0.00 M M 2.6 12 200 M M 0 13 180
19 65 44 55 -2 10 0 0.00 M M 2.5 12 200 M M 1 15 180
20 67 47 57 0 8 0 0.00 M M 0.6 6 70 M M 8 128 10 90
21 69 52 61 4 4 0 0.00 M M 1.8 7 230 M M 6 8 9 280
22 69 50 60 3 5 0 T M M 1.4 9 210 M M 6 8 12 360
23 62 55 59 2 6 0 0.79 M M 6.1 16 120 M M 10 24 110
24 64 54 59 2 6 0 0.99 M M 6.0 21 220 M M 8 13 28 220
25 60 52 56 -1 9 0 0.33 M M 3.7 16 200 M M 9 18 20 200
26 61 50 56 -1 9 0 0.37 M M 3.8 23 200 M M 5 29 180
27 59 46 53 -4 12 0 0.16 M M 4.6 16 200 M M 6 18 27 200
28 59 50 55 -2 10 0 0.01 M M 4.9 17 220 M M 6 21 210
29 59 47 53 -4 12 0 0.33 M M 7.4 14 130 M M 8 1 21 110
30 63 52 58 1 7 0 0.23 M M 6.5 17 160 M M 8 1 23 130
31 62 49 56 -1 9 0 0.00 M M 4.6 10 120 M M 5 18 16 260
================================================================================
SM 2005 1538 234 0 4.79 M 114.6 M 165
================================================================================
AV 64.7 49.6 3.7 FASTST M M 5 MAX(MPH)
MISC ----> 28 190 38 260
================================================================================
NOTES:
# LAST OF SEVERAL OCCURRENCES
COLUMN 17 PEAK WIND IN M.P.H.
PRELIMINARY LOCAL CLIMATOLOGICAL DATA (WS FORM: F-6) , PAGE 2
STATION: JOHN WAYNE AIRPORT CA
MONTH: DECEMBER
YEAR: 2021
LATITUDE: 33 40 N
LONGITUDE: 117 53 W
[TEMPERATURE DATA] [PRECIPITATION DATA] SYMBOLS USED IN COLUMN 16
AVERAGE MONTHLY: 57.1 TOTAL FOR MONTH: 4.79 1 = FOG OR MIST
DPTR FM NORMAL: -0.3 DPTR FM NORMAL: 2.75 2 = FOG REDUCING VISIBILITY
HIGHEST: 75 ON 1 GRTST 24HR 1.77 ON 23-24 TO 1/4 MILE OR LESS
LOWEST: 42 ON 18,15 3 = THUNDER
SNOW, ICE PELLETS, HAIL 4 = ICE PELLETS
TOTAL MONTH: M 5 = HAIL
GRTST 24HR M ON M 6 = FREEZING RAIN OR DRIZZLE
GRTST DEPTH: M ON M 7 = DUSTSTORM OR SANDSTORM:
VSBY 1/2 MILE OR LESS
8 = SMOKE OR HAZE
[NO. OF DAYS WITH] [WEATHER - DAYS WITH] 9 = BLOWING SNOW
X = TORNADO
MAX 32 OR BELOW: 0 0.01 INCH OR MORE: 12
MAX 90 OR ABOVE: 0 0.10 INCH OR MORE: 8
MIN 32 OR BELOW: 0 0.50 INCH OR MORE: 3
MIN 0 OR BELOW: 0 1.00 INCH OR MORE: 1
[HDD (BASE 65) ]
TOTAL THIS MO. 234 CLEAR (SCALE 0-3) 8
DPTR FM NORMAL -4 PTCLDY (SCALE 4-7) 20
TOTAL FM JUL 1 262 CLOUDY (SCALE 8-10) 3
DPTR FM NORMAL -101
[CDD (BASE 65) ]
TOTAL THIS MO. 0
DPTR FM NORMAL -3 [PRESSURE DATA]
TOTAL FM JAN 1 1384 HIGHEST SLP 30.27 ON 15
DPTR FM NORMAL 308 LOWEST SLP 29.69 ON 31
[REMARKS]
#FINAL-12-21#