000
CXUS56 KMTR 010828
CLMSNS
CLIMATE REPORT
NATIONAL WEATHER SERVICE SAN FRANCISCO BAY AREA
1228 AM PST THU FEB 01 2024
...................................
...THE SALINAS AIRPORT CLIMATE SUMMARY FOR THE MONTH OF JANUARY 2024...
CLIMATE NORMAL PERIOD: 1991 TO 2020
CLIMATE RECORD PERIOD: 1930 TO 2024
WEATHER OBSERVED NORMAL DEPART LAST YEAR`S
VALUE DATE(S) VALUE FROM VALUE DATE(S)
NORMAL
................................................................
TEMPERATURE (F)
RECORD
HIGH 86 01/17/2014
LOW 18 01/21/1937
HIGHEST 79 01/28 70 01/26
LOWEST 33 01/08 33 01/31
01/12
AVG. MAXIMUM 61.6 62.3 -0.7 59.8
AVG. MINIMUM 44.6 41.6 3.0 43.5
MEAN 53.1 51.9 1.2 51.6
DAYS MAX >= 90 0 0
DAYS MAX <= 32 0 0
DAYS MIN <= 32 0 0
DAYS MIN <= 0 0 0
PRECIPITATION (INCHES)
TOTALS 2.46 2.63 -0.17 MM
DAILY AVG. 0.08 MM
DAYS >= .01 14 MM
DAYS >= .10 5 MM
DAYS >= .50 1 MM
DAYS >= 1.00 0 MM
GREATEST
24 HR. TOTAL 0.93 01/31 TO 01/31 MM
DEGREE DAYS
HEATING TOTAL 335 405 -70 406
SINCE 7/1 945 1439 -494 MM
COOLING TOTAL 1 0 1 0
SINCE 1/1 1 0 1 MM
................................................................
WIND (MPH)
AVERAGE WIND SPEED 7.9
RESULTANT WIND SPEED/DIRECTION 4/140
HIGHEST WIND SPEED/DIRECTION 38/140 DATE 01/31
HIGHEST GUST SPEED/DIRECTION 51/140 DATE 01/31
SKY COVER
POSSIBLE SUNSHINE (PERCENT) MM
AVERAGE SKY COVER 0.38
NUMBER OF DAYS FAIR 15
NUMBER OF DAYS PC 12
NUMBER OF DAYS CLOUDY 4
AVERAGE RH (PERCENT) 76
WEATHER CONDITIONS. NUMBER OF DAYS WITH
THUNDERSTORM 0 MIXED PRECIP 0
HEAVY RAIN 5 RAIN 8
LIGHT RAIN 17 FREEZING RAIN 0
LT FREEZING RAIN 0 HAIL 0
HEAVY SNOW 0 SNOW 0
LIGHT SNOW 0 SLEET 0
FOG 21 FOG W/VIS <= 1/4 MILE 0
HAZE 5
- INDICATES NEGATIVE NUMBERS.
R INDICATES RECORD WAS SET OR TIED.
MM INDICATES DATA IS MISSING.
T INDICATES TRACE AMOUNT.
$$