000
CXUS55 KPIH 011735
CF6SNT
PRELIMINARY LOCAL CLIMATOLOGICAL DATA (WS FORM: F-6)
STATION: STANLEY
MONTH: OCTOBER
YEAR: 2021
LATITUDE: 44 10 N
LONGITUDE: 114 56 W
TEMPERATURE IN F: :PCPN: SNOW: WIND :SUNSHINE: SKY :PK WND
================================================================================
1 2 3 4 5 6A 6B 7 8 9 10 11 12 13 14 15 16 17 18
12Z AVG MX 2MIN
DY MAX MIN AVG DEP HDD CDD WTR SNW DPTH SPD SPD DIR MIN PSBL S-S WX SPD DR
================================================================================
1 68 20 44 -1 21 0 0.00 M M 3.1 12 360 M M 0 18 350
2 69 21 45 0 20 0 0.00 M M 3.3 10 340 M M 0 17 340
3 72 19 46 1 19 0 0.00 M M 2.9 9 260 M M 0 14 260
4 74 20 47 3 18 0 0.00 M M 4.5 16 170 M M 0 32 160
5 73 25 49 5 16 0 0.00 M M 4.3 16 190 M M 0 26 210
6 63 36 50 6 15 0 0.00 M M 2.6 13 190 M M 0 22 210
7 57 35 46 3 19 0 0.14 M M 3.2 10 130 M M 0 15 170
8 54 34 44 1 21 0 0.55 M M 3.0 12 110 M M 0 16 120
9 51 29 40 -3 25 0 0.23 M M 2.8 10 300 M M 0 19 310
10 54 26 40 -2 25 0 0.07 M M 2.7 9 360 M M 0 18 290
11 M M M M M M M M M M M M M M M M M
12 31 M M M M M M M M 3.8 14 350 M M 0 25 290
13 35 11 23 -18 42 0 0.00 M M 2.0 8 300 M M 0 13 280
14 37 18 28 -13 37 0 0.00 M M 2.4 12 320 M M 0 16 340
15 52 23 38 -2 27 0 0.00 M M 3.6 10 90 M M 0 16 120
16 63 20 42 2 23 0 0.00 M M 2.2 8 170 M M 0 12 140
17 62 21 42 2 23 0 0.00 M M 3.8 14 160 M M 0 24 160
18 54 26 40 1 25 0 0.00 M M 2.0 14 130 M M 0 21 100
19 57 23 40 1 25 0 0.00 M M 2.9 10 140 M M 0 16 140
20 54 38 46 8 19 0 0.00 M M 7.2 17 140 M M 0 30 140
21 60 M M M M M 0.00 M M 5.5 16 180 M M 0 22 180
22 62 33 48 10 17 0 0.25 M M 5.7 20 160 M M 0 33 180
23 43 31 37 0 28 0 0.02 M M 0.9 12 190 M M 0 17 200
24 39 30 35 -2 30 0 0.27 M M 8.5 17 140 M M 0 32 160
25 38 33 36 0 29 0 0.74 M M 2.2 12 170 M M 0 18 170
26 39 27 33 -3 32 0 0.01 M M 2.4 10 130 M M 0 17 140
27 43 32 38 3 27 0 0.03 M M 4.5 14 320 M M 0 23 330
28 51 33 42 7 23 0 0.00 M M 2.8 10 120 M M 0 18 120
29 59 29 44 10 21 0 0.04 M M 4.2 16 150 M M 0 26 130
30 50 31 41 7 24 0 0.18 M M 1.7 7 340 M M 0 11 290
31 50 31 41 7 24 0 0.07 M M 2.1 10 150 M M 0 18 140
================================================================================
SM 1614 755 675 0 2.60 M 102.8 M 0
================================================================================
AV 53.8 27.0 3.4 FASTST M M 0 MAX(MPH)
MISC ----> 20 160 33 180
================================================================================
NOTES:
# LAST OF SEVERAL OCCURRENCES
COLUMN 17 PEAK WIND IN M.P.H.
11-12TH: POWER OUTAGE STARTING 18Z (1100 LST) ON THE 11TH AND CONTINUING
THROUGH THE 18Z (1100 LST) ON THE 12TH.
21ST: POWER OUTAGE STARTING AFTER 1151Z (0451 LST) AND CONTINUING THROUGH
1851Z (1151 LST).
PRELIMINARY LOCAL CLIMATOLOGICAL DATA (WS FORM: F-6) , PAGE 2
STATION: STANLEY
MONTH: OCTOBER
YEAR: 2021
LATITUDE: 44 10 N
LONGITUDE: 114 56 W
[TEMPERATURE DATA] [PRECIPITATION DATA] SYMBOLS USED IN COLUMN 16
AVERAGE MONTHLY: 40.4 TOTAL FOR MONTH: 2.60 1 = FOG OR MIST
DPTR FM NORMAL: 0.7 DPTR FM NORMAL: 1.01 2 = FOG REDUCING VISIBILITY
HIGHEST: 74 ON 4 GRTST 24HR 0.92 ON 24-25 TO 1/4 MILE OR LESS
LOWEST: 11 ON 13 3 = THUNDER
SNOW, ICE PELLETS, HAIL 4 = ICE PELLETS
TOTAL MONTH: M 5 = HAIL
GRTST 24HR M ON M 6 = FREEZING RAIN OR DRIZZLE
GRTST DEPTH: M ON M 7 = DUSTSTORM OR SANDSTORM:
VSBY 1/2 MILE OR LESS
8 = SMOKE OR HAZE
[NO. OF DAYS WITH] [WEATHER - DAYS WITH] 9 = BLOWING SNOW
X = TORNADO
MAX 32 OR BELOW: 1 0.01 INCH OR MORE: 13
MAX 90 OR ABOVE: 0 0.10 INCH OR MORE: 7
MIN 32 OR BELOW: 21 0.50 INCH OR MORE: 2
MIN 0 OR BELOW: 0 1.00 INCH OR MORE: 0
[HDD (BASE 65) ]
TOTAL THIS MO. 675 CLEAR (SCALE 0-3) 30
DPTR FM NORMAL -108 PTCLDY (SCALE 4-7) 0
TOTAL FM JUL 1 1332 CLOUDY (SCALE 8-10) 1
DPTR FM NORMAL -287
[CDD (BASE 65) ]
TOTAL THIS MO. 0
DPTR FM NORMAL 0 [PRESSURE DATA]
TOTAL FM JAN 1 44 HIGHEST SLP 30.43 ON 16
DPTR FM NORMAL 31 LOWEST SLP 29.48 ON 25
[REMARKS]
25TH: RAINFALL OF 0.74 BREAKS OLD RECORD OF 0.24 SET IN 1963.
#FINAL-10-21#