000
CXUS55 KCYS 101104
CF6SNY
PRELIMINARY LOCAL CLIMATOLOGICAL DATA (WS FORM: F-6)
STATION: SIDNEY NEBRASKA AIRPORT
MONTH: MAY
YEAR: 2021
LATITUDE: 41 5 N
LONGITUDE: 102 59 W
TEMPERATURE IN F: :PCPN: SNOW: WIND :SUNSHINE: SKY :PK WND
================================================================================
1 2 3 4 5 6A 6B 7 8 9 10 11 12 13 14 15 16 17 18
12Z AVG MX 2MIN
DY MAX MIN AVG DEP HDD CDD WTR SNW DPTH SPD SPD DIR MIN PSBL S-S WX SPD DR
================================================================================
1 88 44 66 17 0 1 T M M 10.7 32 350 M M 1 49 340
2 72 45 59 10 6 0 0.23 M M 13.7 30 330 M M 6 13 40 360
3 49 36 43 -7 22 0 T M M 14.0 26 10 M M 9 34 10
4 61 30 46 -4 19 0 T M M 10.2 25 310 M M 3 18 31 310
5 64 33 49 -1 16 0 0.00 M M 12.4 28 350 M M 2 41 330
6 68 31 50 -1 15 0 0.00 M M 7.2 16 200 M M 2 20 190
7 75 37 56 5 9 0 0.00 M M 11.9 22 110 M M 0 1 33 120
8 70 37 54 2 11 0 0.00 M M 17.4 36 340 M M 3 1 46 330
9 57 30 44 -8 21 0 T M M 7.6 18 10 M M 6 23 10
10 44 39 42 -11 23 0 0.08 M M 9.0 20 170 M M 10 1 26 170
11 46 31 39 -14 26 0 T M M 10.0 20 160 M M 8 1 27 140
12 61 31 46 -7 19 0 0.16 M M 10.4 28 270 M M 3 13 38 270
13 73 41 57 3 8 0 0.00 M M 9.0 23 50 M M 1 1 33 50
14 69 38 54 0 11 0 0.01 M M 8.6 18 110 M M 3 12 26 60
15 66 41 54 -1 11 0 0.00 M M 7.3 18 160 M M 6 1 25 150
16 68 44 56 1 9 0 0.00 M M 8.3 17 360 M M 6 12 23 360
17 65 42 54 -2 11 0 0.14 M M 8.4 20 160 M M 7 123 26 120
18 68 50 59 3 6 0 T M M 9.2 21 160 M M 6 12 27 160
19 72 42 57 1 8 0 0.00 M M 12.3 28 140 M M 1 35 140
20 77 47 62 5 3 0 T M M 16.4 32 160 M M 2 13 43 160
21 82 57 70 13 0 5 0.13 M M 18.1 43 210 M M 1 3 63 210
22 64 48 56 -2 9 0 0.13 M M 13.3 28 80 M M 8 13 36 80
23 74 39 57 -1 8 0 0.43 M M 17.2 37 160 M M 5 13 51 160
24 73 34 54 -5 11 0 0.00 M M 7.6 15 160 M M 1 1 23 160
25 76 43 60 1 5 0 0.00 M M 12.3 26 310 M M 1 37 290
26 76 45 61 1 4 0 0.20 M M 13.0 41 190 M M 3 38 53 190
27 69 42 56 -4 9 0 0.00 M M 13.0 22 330 M M 2 1 28 330
28 69 41 55 -5 10 0 0.00 M M 13.2 21 130 M M 5 3 29 130
29 58 46 52 -9 13 0 T M M 9.9 25 140 M M 10 12 31 140
30 56 40 48 -13 17 0 0.37 M M 7.7 18 90 M M 7 12 23 70
31 68 38 53 -8 12 0 0.00 M M 7.3 16 90 M M 1 25 90
================================================================================
SM 2078 1242 352 6 1.88 M 346.6 M 129
================================================================================
AV 67.0 40.1 11.2 FASTST M M 4 MAX(MPH)
MISC ----> 43 210 63 210
================================================================================
NOTES:
# LAST OF SEVERAL OCCURRENCES
COLUMN 17 PEAK WIND IN M.P.H.
PRELIMINARY LOCAL CLIMATOLOGICAL DATA (WS FORM: F-6) , PAGE 2
STATION: SIDNEY NEBRASKA AIRPORT
MONTH: MAY
YEAR: 2021
LATITUDE: 41 5 N
LONGITUDE: 102 59 W
[TEMPERATURE DATA] [PRECIPITATION DATA] SYMBOLS USED IN COLUMN 16
AVERAGE MONTHLY: 53.5 TOTAL FOR MONTH: 1.88 1 = FOG OR MIST
DPTR FM NORMAL: -1.7 DPTR FM NORMAL: -0.99 2 = FOG REDUCING VISIBILITY
HIGHEST: 88 ON 1 GRTST 24HR 0.44 ON 22-23 TO 1/4 MILE OR LESS
LOWEST: 30 ON 9, 4 3 = THUNDER
SNOW, ICE PELLETS, HAIL 4 = ICE PELLETS
TOTAL MONTH: M 5 = HAIL
GRTST 24HR M ON M 6 = FREEZING RAIN OR DRIZZLE
GRTST DEPTH: M ON M 7 = DUSTSTORM OR SANDSTORM:
VSBY 1/2 MILE OR LESS
8 = SMOKE OR HAZE
[NO. OF DAYS WITH] [WEATHER - DAYS WITH] 9 = BLOWING SNOW
X = TORNADO
MAX 32 OR BELOW: 0 0.01 INCH OR MORE: 10
MAX 90 OR ABOVE: 0 0.10 INCH OR MORE: 8
MIN 32 OR BELOW: 5 0.50 INCH OR MORE: 0
MIN 0 OR BELOW: 0 1.00 INCH OR MORE: 0
[HDD (BASE 65) ]
TOTAL THIS MO. 352 CLEAR (SCALE 0-3) 16
DPTR FM NORMAL 33 PTCLDY (SCALE 4-7) 12
TOTAL FM JUL 1 6796 CLOUDY (SCALE 8-10) 3
DPTR FM NORMAL 187
[CDD (BASE 65) ]
TOTAL THIS MO. 6
DPTR FM NORMAL -9 [PRESSURE DATA]
TOTAL FM JAN 1 6 HIGHEST SLP 30.38 ON 11
DPTR FM NORMAL -9 LOWEST SLP 29.40 ON 1
[REMARKS]
#FINAL-05-21#