000
CXUS55 KCYS 011623
CLMSNY
CLIMATE REPORT
NATIONAL WEATHER SERVICE CHEYENNE WY
923 AM MST FRI MAR 01 2024
...................................
...THE SIDNEY NEBRASKA AIRPORT CLIMATE SUMMARY FOR THE MONTH OF FEBRUARY 2024...
CLIMATE NORMAL PERIOD 1991 TO 2020
CLIMATE RECORD PERIOD 1948 TO 2024
WEATHER OBSERVED NORMAL DEPART LAST YEAR`S
VALUE DATE(S) VALUE FROM VALUE DATE(S)
NORMAL
................................................................
TEMPERATURE (F)
RECORD
HIGH 76 02/02/2020
02/18/2016
02/07/2015
LOW -31 02/14/2021
HIGHEST 66 02/25 MM MM 49
02/26
LOWEST 1 02/17 MM MM -11
AVG. MAXIMUM 49.9 43.5 6.4 36.0
AVG. MINIMUM 20.2 15.2 5.0 13.5
MEAN 35.1 29.3 5.8 24.7
DAYS MAX >= 90 0 0.0 0.0 0
DAYS MAX <= 32 2 6.6 -4.6 8
DAYS MIN <= 32 28 27.7 0.3 28
DAYS MIN <= 0 0 3.0 -3.0 4
PRECIPITATION (INCHES)
RECORD
MAXIMUM 1.35 1987
TOTALS 0.87 0.22 0.65 0.03
DAYS >= .01 7 4.4 2.6 2
DAYS >= .10 3 0.9 2.1 0
DAYS >= .50 0 0.0 0.0 0
DAYS >= 1.00 0 0.0 0.0 0
GREATEST
24 HR. TOTAL 0.42 02/03 TO 02/03 0.03 02/21 TO 02/22
DEGREE DAYS
HEATING TOTAL 861 998 -137 1120
SINCE 7/1 4500
COOLING TOTAL 0 0 0 0
SINCE 1/1 0
................................................................
WIND (MPH)
AVERAGE WIND SPEED 10.8
HIGHEST WIND SPEED/DIRECTION 41/290 DATE 02/26
HIGHEST GUST SPEED/DIRECTION 56/300 DATE 02/26
SKY COVER
POSSIBLE SUNSHINE (PERCENT) MM
AVERAGE SKY COVER 0.30
NUMBER OF DAYS FAIR 19
NUMBER OF DAYS PC 6
NUMBER OF DAYS CLOUDY 4
AVERAGE RH (PERCENT) 60
WEATHER CONDITIONS. NUMBER OF DAYS WITH
THUNDERSTORM 1 MIXED PRECIP 0
HEAVY RAIN 1 RAIN 2
LIGHT RAIN 4 FREEZING RAIN 0
LT FREEZING RAIN 0 HAIL 0
HEAVY SNOW 2 SNOW 2
LIGHT SNOW 5 SLEET 0
FOG 13 FOG W/VIS <= 1/4 MILE 7
HAZE 5
- INDICATES NEGATIVE NUMBERS.
R INDICATES RECORD WAS SET OR TIED.
MM INDICATES DATA IS MISSING.
T INDICATES TRACE AMOUNT.
$$