000
CXUS56 KPQR 011155
CF6SPB
PRELIMINARY LOCAL CLIMATOLOGICAL DATA (WS FORM: F-6)
STATION: SCAPPOOSE OR
MONTH: JULY
YEAR: 2022
LATITUDE: 45 46 N
LONGITUDE: 122 50 W
TEMPERATURE IN F: :PCPN: SNOW: WIND :SUNSHINE: SKY :PK WND
================================================================================
1 2 3 4 5 6A 6B 7 8 9 10 11 12 13 14 15 16 17 18
12Z AVG MX 2MIN
DY MAX MIN AVG DEP HDD CDD WTR SNW DPTH SPD SPD DIR MIN PSBL S-S WX SPD DR
================================================================================
1 79 55 67 2 0 2 0.00 M M 6.8 14 20 M M 2 19 310
2 72 57 65 0 0 0 0.00 M M 6.6 13 320 M M 8 18 310
3 71 53 62 -3 3 0 0.00 M M 4.6 13 360 M M 8 16 360
4 77 50 64 -2 1 0 T M M 3.8 9 350 M M 3 14 80
5 75 55 65 -1 0 0 0.05 M M 2.4 7 330 M M 8 9 330
6 74 58 66 0 0 1 0.07 M M 4.5 12 120 M M 8 1 15 320
7 78 56 67 1 0 2 0.00 M M 4.6 13 360 M M 6 18 300
8 81 58 70 3 0 5 0.00 M M 4.6 13 360 M M 4 16 350
9 80 60 70 3 0 5 0.00 M M 7.5 15 360 M M 2 20 310
10 80 52 66 -1 0 1 0.00 M M 4.6 14 360 M M 1 19 360
11 96 65 81 14 0 16 0.00 M M 8.9 16 360 M M 0 24 10
12 91 60 76 9 0 11 0.00 M M 10.8 20 320 M M 0 27 310
13 80 57 69 1 0 4 0.00 M M 7.1 16 360 M M 1 20 10
14 86 51 69 1 0 4 0.00 M M 6.3 13 10 M M 0 17 320
15 84 49 67 -1 0 2 0.00 M M 4.6 12 360 M M 0 15 10
16 76 63 70 2 0 5 0.00 M M 6.4 13 350 M M 9 17 340
17 74 58 66 -2 0 1 0.00 M M 6.5 14 10 M M 7 18 290
18 79 50 65 -3 0 0 0.00 M M 6.4 16 360 M M 4 23 330
19 91 62 77 8 0 12 0.00 M M 7.2 13 360 M M 0 20 320
20 91 58 75 6 0 10 0.00 M M 5.5 15 350 M M 0 19 360
21 85 57 71 2 0 6 0.00 M M 6.1 15 350 M M 2 20 10
22 79 60 70 1 0 5 0.00 M M 5.9 14 340 M M 7 21 330
23 78 59 69 0 0 4 0.00 M M 7.6 16 10 M M 6 20 10
24 91 59 75 6 0 10 0.00 M M 10.3 18 350 M M 1 25 300
25 99 71 85 16 0 20 0.00 M M 8.8 15 360 M M 0 21 340
26 100 61 81 12 0 16 0.00 M M 3.4 10 10 M M 0 12 340
27 98 60 79 10 0 14 0.00 M M 2.9 12 350 M M 0 15 350
28 97 62 80 11 0 15 0.00 M M 3.3 14 350 M M 0 19 320
29 99 63 81 12 0 16 T M M 4.0 14 340 M M 0 19 10
30 103 61 82 13 0 17 0.00 M M 5.0 17 350 M M 0 25 340
31 100 61 81 12 0 16 0.00 M M 3.4 12 360 M M 0 16 340
================================================================================
SM 2644 1801 4 220 0.12 M 180.4 M 87
================================================================================
AV 85.3 58.1 5.8 FASTST M M 3 MAX(MPH)
MISC ----> 20 320 27 310
================================================================================
NOTES:
# LAST OF SEVERAL OCCURRENCES
COLUMN 17 PEAK WIND IN M.P.H.
PRELIMINARY LOCAL CLIMATOLOGICAL DATA (WS FORM: F-6) , PAGE 2
STATION: SCAPPOOSE OR
MONTH: JULY
YEAR: 2022
LATITUDE: 45 46 N
LONGITUDE: 122 50 W
[TEMPERATURE DATA] [PRECIPITATION DATA] SYMBOLS USED IN COLUMN 16
AVERAGE MONTHLY: 71.7 TOTAL FOR MONTH: 0.12 1 = FOG OR MIST
DPTR FM NORMAL: 4.0 DPTR FM NORMAL: -0.36 2 = FOG REDUCING VISIBILITY
HIGHEST: 103 ON 30 GRTST 24HR 0.12 ON 5- 6 TO 1/4 MILE OR LESS
LOWEST: 49 ON 15 3 = THUNDER
SNOW, ICE PELLETS, HAIL 4 = ICE PELLETS
TOTAL MONTH: M 5 = HAIL
GRTST 24HR M ON M 6 = FREEZING RAIN OR DRIZZLE
GRTST DEPTH: M ON M 7 = DUSTSTORM OR SANDSTORM:
VSBY 1/2 MILE OR LESS
8 = SMOKE OR HAZE
[NO. OF DAYS WITH] [WEATHER - DAYS WITH] 9 = BLOWING SNOW
X = TORNADO
MAX 32 OR BELOW: 0 0.01 INCH OR MORE: 2
MAX 90 OR ABOVE: 12 0.10 INCH OR MORE: 0
MIN 32 OR BELOW: 0 0.50 INCH OR MORE: 0
MIN 0 OR BELOW: 0 1.00 INCH OR MORE: 0
[HDD (BASE 65) ]
TOTAL THIS MO. 4 CLEAR (SCALE 0-3) 20
DPTR FM NORMAL -27 PTCLDY (SCALE 4-7) 9
TOTAL FM JUL 1 4 CLOUDY (SCALE 8-10) 2
DPTR FM NORMAL -28
[CDD (BASE 65) ]
TOTAL THIS MO. 220
DPTR FM NORMAL 104 [PRESSURE DATA]
TOTAL FM JAN 1 264 HIGHEST SLP 30.34 ON 10
DPTR FM NORMAL 101 LOWEST SLP 29.76 ON 29
[REMARKS]
#FINAL-07-22#