000
CXUS55 KPUB 161149
CF6SPD
PRELIMINARY LOCAL CLIMATOLOGICAL DATA (WS FORM: F-6)
STATION: SPRINGFIELD CO
MONTH: NOVEMBER
YEAR: 2021
LATITUDE: 37 16 N
LONGITUDE: 102 37 W
TEMPERATURE IN F: :PCPN: SNOW: WIND :SUNSHINE: SKY :PK WND
================================================================================
1 2 3 4 5 6A 6B 7 8 9 10 11 12 13 14 15 16 17 18
12Z AVG MX 2MIN
DY MAX MIN AVG DEP HDD CDD WTR SNW DPTH SPD SPD DIR MIN PSBL S-S WX SPD DR
================================================================================
1 55 26 41 -5 24 0 0.00 M M 8.5 18 80 M M 0 24 150
2 40 34 37 -9 28 0 0.00 M M 11.1 21 170 M M 0 27 160
3 60 26 43 -3 22 0 0.00 M M 7.5 16 10 M M 0 22 20
4 69 26 48 3 17 0 0.00 M M 10.3 21 190 M M 0 28 180
5 73 34 54 9 11 0 0.00 M M 5.0 14 20 M M 0 21 20
6 82 37 60 15 5 0 0.00 M M 9.8 24 190 M M 0 31 190
7 83 39 61 17 4 0 0.00 M M 6.7 16 300 M M 0 22 300
8 63 34 49 5 16 0 0.00 M M 11.3 23 340 M M 0 30 350
9 62 31 47 3 18 0 0.00 M M 8.1 17 160 M M 0 22 190
10 65 27 46 3 19 0 0.00 M M 12.5 26 330 M M 0 37 330
11 60 26 43 0 22 0 0.00 M M 7.8 23 360 M M 0 33 360
12 54 24 39 -3 26 0 0.00 M M 7.8 22 350 M M 0 31 20
13 72 26 49 7 16 0 0.00 M M 7.6 22 330 M M 0 31 290
14 64 24 44 2 21 0 0.00 M M 10.5 30 360 M M 0 41 350
15 81 42 62 21 3 0 0.00 M M 8.7 16 320 M M 0 21 310
16 77 41 59 18 6 0 0.00 M M 8.9 24 360 M M 0 36 20
17 53 14 34 -6 31 0 0.00 M M 12.9 24 20 M M 0 32 20
18 49 16 33 -7 32 0 0.00 M M 9.1 28 190 M M 0 40 190
19 70 28 49 9 16 0 0.00 M M 7.0 17 200 M M 0 22 220
20 60 36 48 9 17 0 0.00 M M 10.5 17 10 M M 0 22 10
21 55 27 41 2 24 0 0.00 M M 11.6 25 350 M M 0 34 340
22 66 31 49 11 16 0 0.00 M M 9.8 17 220 M M 0 22 220
23 76 28 52 14 13 0 0.00 M M 8.1 15 220 M M 0 21 220
24 56 32 44 6 21 0 0.00 M M 18.2 33 360 M M 0 43 360
25 53 21 37 0 28 0 0.00 M M 8.5 17 360 M M 0 24 220
26 69 29 49 12 16 0 0.00 M M 6.8 14 180 M M 0 19 300
27 60 25 43 6 22 0 0.00 M M 11.8 26 360 M M 0 34 10
28 69 25 47 11 18 0 0.00 M M 6.4 18 200 M M 0 25 200
29 76 35 56 20 9 0 0.00 M M 5.5 14 320 M M 0 18 310
30 59 35 47 11 18 0 0.00 M M 12.1 29 20 M M 0 38 10
================================================================================
SM 1931 879 539 0 0.00 M 280.4 M 0
================================================================================
AV 64.4 29.3 9.3 FASTST M M 0 MAX(MPH)
MISC ----> 33 360 43 360
================================================================================
NOTES:
# LAST OF SEVERAL OCCURRENCES
COLUMN 17 PEAK WIND IN M.P.H.
PRELIMINARY LOCAL CLIMATOLOGICAL DATA (WS FORM: F-6) , PAGE 2
STATION: SPRINGFIELD CO
MONTH: NOVEMBER
YEAR: 2021
LATITUDE: 37 16 N
LONGITUDE: 102 37 W
[TEMPERATURE DATA] [PRECIPITATION DATA] SYMBOLS USED IN COLUMN 16
AVERAGE MONTHLY: 46.8 TOTAL FOR MONTH: 0.00 1 = FOG OR MIST
DPTR FM NORMAL: 5.8 DPTR FM NORMAL: -0.43 2 = FOG REDUCING VISIBILITY
HIGHEST: 83 ON 7 GRTST 24HR 0.00 ON 1- 1 TO 1/4 MILE OR LESS
LOWEST: 14 ON 17 3 = THUNDER
SNOW, ICE PELLETS, HAIL 4 = ICE PELLETS
TOTAL MONTH: M 5 = HAIL
GRTST 24HR M ON M 6 = FREEZING RAIN OR DRIZZLE
GRTST DEPTH: M ON M 7 = DUSTSTORM OR SANDSTORM:
VSBY 1/2 MILE OR LESS
8 = SMOKE OR HAZE
[NO. OF DAYS WITH] [WEATHER - DAYS WITH] 9 = BLOWING SNOW
X = TORNADO
MAX 32 OR BELOW: 0 0.01 INCH OR MORE: 0
MAX 90 OR ABOVE: 0 0.10 INCH OR MORE: 0
MIN 32 OR BELOW: 20 0.50 INCH OR MORE: 0
MIN 0 OR BELOW: 0 1.00 INCH OR MORE: 0
[HDD (BASE 65) ]
TOTAL THIS MO. 539 CLEAR (SCALE 0-3) 30
DPTR FM NORMAL -181 PTCLDY (SCALE 4-7) 0
TOTAL FM JUL 1 841 CLOUDY (SCALE 8-10) 0
DPTR FM NORMAL -353
[CDD (BASE 65) ]
TOTAL THIS MO. 0
DPTR FM NORMAL 0 [PRESSURE DATA]
TOTAL FM JAN 1 1291 HIGHEST SLP 30.55 ON 18
DPTR FM NORMAL 313 LOWEST SLP 29.53 ON 24
[REMARKS]
#FINAL-11-21#