000
CXUS52 KTBW 011122
CF6SPG
PRELIMINARY LOCAL CLIMATOLOGICAL DATA (WS FORM: F-6)
STATION: Saint Petersburg
MONTH: SEPTEMBER
YEAR: 2020
LATITUDE: 27 46 N
LONGITUDE: 82 38 W
TEMPERATURE IN F: :PCPN: SNOW: WIND :SUNSHINE: SKY :PK WND
================================================================================
1 2 3 4 5 6A 6B 7 8 9 10 11 12 13 14 15 16 17 18
12Z AVG MX 2MIN
DY MAX MIN AVG DEP HDD CDD WTR SNW DPTH SPD SPD DIR MIN PSBL S-S WX SPD DR
================================================================================
1 88 80 84 1 0 19 0.21 0.0 0 7.0 16 20 M M 2 138 23 100
2 94 80 87 4 0 22 0.05 0.0 0 7.3 21 90 M M 3 13 24 80
3 95 81 88 5 0 23 T 0.0 0 5.5 14 120 M M 1 15 330
4 96 83 90 7 0 25 0.00 0.0 0 6.7 23 40 M M 1 3 28 40
5 94 80 87 4 0 22 T 0.0 0 8.1 26 140 M M 3 3 31 150
6 94 73 84 1 0 19 0.55 0.0 0 5.9 31 90 M M 1 138 37 90
7 91 78 85 2 0 20 T 0.0 0 9.2 29 40 M M 2 38 32 40
8 91 77 84 1 0 19 1.03 0.0 0 9.4 24 100 M M 3 13 30 110
9 87 78 83 0 0 18 1.04 0.0 0 9.7 25 120 M M 7 13 29 120
10 91 78 85 2 0 20 0.82 0.0 0 8.2 18 160 M M 3 13 21 150
11 91 70 81 -2 0 16 T 0.0 0 11.3 21 70 M M 2 3 26 60
12 85 78 82 -1 0 17 0.28 0.0 0 20.7 36 120 M M 4 13 43 110
13 80 77 79 -4 0 14 0.62 0.0 0 22.0 31 150 M M 5 1 40 130
14 84 78 81 -2 0 16 T 0.0 0 11.6 22 130 M M 3 25 130
15 85 78 82 -1 0 17 0.16 0.0 0 8.8 18 80 M M 2 21 140
16 89 78 84 2 0 19 0.03 0.0 0 13.5 21 190 M M 1 13 28 180
17 88 77 83 1 0 18 1.25 0.0 0 11.4 24 240 M M 5 123 35 230
18 86 80 83 1 0 18 0.16 0.0 0 6.0 16 260 M M 2 1 21 260
19 88 78 83 1 0 18 0.00 0.0 0 8.7 23 50 M M 1 27 40
20 86 79 83 1 0 18 T 0.0 0 21.4 36 50 M M 8 41 60
21 86 77 82 0 0 17 0.00 0.0 0 22.2 31 80 M M 6 35 70
22 86 74 80 -2 0 15 0.00 0.0 0 16.7 24 70 M M 4 29 70
23 87 75 81 -1 0 16 0.00 0.0 0 11.6 21 70 M M 1 25 70
24 88 76 82 0 0 17 0.00 0.0 0 9.1 18 130 M M 1 23 130
25 89 78 84 3 0 19 0.00 0.0 0 6.0 13 280 M M 3 15 280
26 89 80 85 4 0 20 T 0.0 0 4.4 16 40 M M 2 3 20 350
27 90 78 84 3 0 19 0.01 0.0 0 7.1 17 80 M M 2 3 19 80
28 87 78 83 2 0 18 T 0.0 0 7.1 15 270 M M 3 19 270
29 88 73 81 0 0 16 0.02 0.0 0 8.3 21 240 M M 3 13 28 230
30 79 67 73 -8 0 8 0.00 0.0 0 14.0 23 20 M M 5 27 10
================================================================================
SM 2652 2317 0 543 6.23 0.0 318.9 M 89
================================================================================
AV 88.4 77.2 10.6 FASTST M M 3 MAX(MPH)
MISC ----> # 36 120 # 43 110
================================================================================
NOTES:
# LAST OF SEVERAL OCCURRENCES
COLUMN 17 PEAK WIND IN M.P.H.
PRELIMINARY LOCAL CLIMATOLOGICAL DATA (WS FORM: F-6) , PAGE 2
STATION: Saint Petersburg
MONTH: SEPTEMBER
YEAR: 2020
LATITUDE: 27 46 N
LONGITUDE: 82 38 W
[TEMPERATURE DATA] [PRECIPITATION DATA] SYMBOLS USED IN COLUMN 16
AVERAGE MONTHLY: 82.8 TOTAL FOR MONTH: 6.23 1 = FOG OR MIST
DPTR FM NORMAL: 0.5 DPTR FM NORMAL: -1.53 2 = FOG REDUCING VISIBILITY
HIGHEST: 96 ON 4 GRTST 24HR 1.25 ON 17-17 TO 1/4 MILE OR LESS
LOWEST: 67 ON 30 3 = THUNDER
SNOW, ICE PELLETS, HAIL 4 = ICE PELLETS
TOTAL MONTH: 0.0 INCH 5 = HAIL
GRTST 24HR 0.0 6 = FREEZING RAIN OR DRIZZLE
GRTST DEPTH: 0 7 = DUSTSTORM OR SANDSTORM:
VSBY 1/2 MILE OR LESS
8 = SMOKE OR HAZE
[NO. OF DAYS WITH] [WEATHER - DAYS WITH] 9 = BLOWING SNOW
X = TORNADO
MAX 32 OR BELOW: 0 0.01 INCH OR MORE: 14
MAX 90 OR ABOVE: 10 0.10 INCH OR MORE: 10
MIN 32 OR BELOW: 0 0.50 INCH OR MORE: 6
MIN 0 OR BELOW: 0 1.00 INCH OR MORE: 3
[HDD (BASE 65) ]
TOTAL THIS MO. 0 CLEAR (SCALE 0-3) 20
DPTR FM NORMAL 0 PTCLDY (SCALE 4-7) 9
TOTAL FM JUL 1 0 CLOUDY (SCALE 8-10) 1
DPTR FM NORMAL 0
[CDD (BASE 65) ]
TOTAL THIS MO. 543
DPTR FM NORMAL 23 [PRESSURE DATA]
TOTAL FM JAN 1 3703 HIGHEST SLP 30.11 ON 5
DPTR FM NORMAL 570 LOWEST SLP 29.76 ON 13
[REMARKS]
#FINAL-09-20#