000
CXUS53 KILX 010900
CF6SPI
PRELIMINARY LOCAL CLIMATOLOGICAL DATA (WS FORM: F-6)
STATION: SPRINGFIELD IL
MONTH: OCTOBER
YEAR: 2021
LATITUDE: 39 50 N
LONGITUDE: 89 41 W
TEMPERATURE IN F: :PCPN: SNOW: WIND :SUNSHINE: SKY :PK WND
================================================================================
1 2 3 4 5 6A 6B 7 8 9 10 11 12 13 14 15 16 17 18
12Z AVG MX 2MIN
DY MAX MIN AVG DEP HDD CDD WTR SNW DPTH SPD SPD DIR MIN PSBL S-S WX SPD DR
================================================================================
1 85 61 73 11 0 8 T 0.0 0 6.5 17 190 M M 3 1 22 180
2 78 65 72 10 0 7 0.01 0.0 0 6.8 14 200 M M 6 18 230
3 76 62 69 8 0 4 0.24 0.0 0 7.2 18 270 M M 8 13 24 260
4 72 55 64 3 1 0 T 0.0 0 5.3 10 340 M M 6 1 15 330
5 72 60 66 6 0 1 0.02 0.0 0 7.4 16 30 M M 7 1 20 30
6 76 62 69 9 0 4 T 0.0 0 8.0 17 100 M M 5 1 23 90
7 75 57 66 6 0 1 0.21 0.0 0 3.5 14 160 M M 7 123 19 160
8 79 56 68 9 0 3 0.00 0.0 0 2.2 10 190 M M 4 12 15 200
9 84 62 73 14 0 8 0.00 0.0 0 8.3 18 180 M M 1 29 190
10 87 68 78 20 0 13 0.00 0.0 0 11.9 21 180 M M 0 30 180
11 76 60 68 10 0 3 1.31 0.0 0 13.8 24 270 M M 7 13 41 230
12 77 53 65 7 0 0 0.00 0.0 0 7.0 16 240 M M 3 26 240
13 77 53 65 8 0 0 0.05 0.0 0 10.4 20 190 M M 4 13 30 190
14 73 59 66 9 0 1 0.55 0.0 0 4.4 17 310 M M 9 13 24 320
15 62 46 54 -2 11 0 0.10 0.0 0 8.0 17 330 M M 9 1 23 350
16 63 40 52 -4 13 0 0.00 0.0 0 9.2 22 300 M M 0 31 320
17 71 39 55 -1 10 0 0.00 0.0 0 5.4 14 320 M M 0 21 320
18 75 41 58 3 7 0 0.00 0.0 0 5.7 15 200 M M 0 22 190
19 71 48 60 5 5 0 0.00 0.0 0 8.5 18 180 M M 0 25 180
20 78 50 64 10 1 0 0.07 0.0 0 9.2 22 180 M M 2 38 32 190
21 59 48 54 0 11 0 0.00 0.0 0 13.1 25 270 M M 7 32 270
22 59 42 51 -3 14 0 0.00 0.0 0 6.2 15 280 M M 6 22 270
23 60 43 52 -1 13 0 0.00 0.0 0 7.6 15 80 M M 9 19 90
24 71 51 61 8 4 0 2.14 0.0 0 13.2 28 300 M M 9 13 54 260
25 57 42 50 -2 15 0 0.02 0.0 0 13.8 26 340 M M 8 1 39 320
26 59 37 48 -4 17 0 0.00 0.0 0 5.8 13 130 M M 1 22 100
27 62 43 53 1 12 0 0.03 0.0 0 13.8 22 110 M M 1 28 110
28 52 47 50 -1 15 0 0.75 0.0 0 11.1 20 80 M M 10 18 27 60
29 54 51 53 2 12 0 0.31 0.0 0 12.1 21 340 M M 10 1 30 330
30 59 45 52 2 13 0 0.00 0.0 0 9.8 18 340 M M 8 26 350
31 57 38 48 -2 17 0 0.00 0.0 0 10.1 18 300 M M 3 1 30 310
================================================================================
SM 2156 1584 191 53 5.81 0.0 265.3 M 153
================================================================================
AV 69.5 51.1 8.6 FASTST M M 5 MAX(MPH)
MISC ----> 28 300 54 260
================================================================================
NOTES:
# LAST OF SEVERAL OCCURRENCES
COLUMN 17 PEAK WIND IN M.P.H.
PRELIMINARY LOCAL CLIMATOLOGICAL DATA (WS FORM: F-6) , PAGE 2
STATION: SPRINGFIELD IL
MONTH: OCTOBER
YEAR: 2021
LATITUDE: 39 50 N
LONGITUDE: 89 41 W
[TEMPERATURE DATA] [PRECIPITATION DATA] SYMBOLS USED IN COLUMN 16
AVERAGE MONTHLY: 60.3 TOTAL FOR MONTH: 5.81 1 = FOG OR MIST
DPTR FM NORMAL: 4.3 DPTR FM NORMAL: 2.55 2 = FOG REDUCING VISIBILITY
HIGHEST: 87 ON 10 GRTST 24HR 2.14 ON 24-24 TO 1/4 MILE OR LESS
LOWEST: 37 ON 26 3 = THUNDER
SNOW, ICE PELLETS, HAIL 4 = ICE PELLETS
TOTAL MONTH: 0.0 INCH 5 = HAIL
GRTST 24HR 0.0 6 = FREEZING RAIN OR DRIZZLE
GRTST DEPTH: 0 7 = DUSTSTORM OR SANDSTORM:
VSBY 1/2 MILE OR LESS
8 = SMOKE OR HAZE
[NO. OF DAYS WITH] [WEATHER - DAYS WITH] 9 = BLOWING SNOW
X = TORNADO
MAX 32 OR BELOW: 0 0.01 INCH OR MORE: 14
MAX 90 OR ABOVE: 0 0.10 INCH OR MORE: 8
MIN 32 OR BELOW: 0 0.50 INCH OR MORE: 4
MIN 0 OR BELOW: 0 1.00 INCH OR MORE: 2
[HDD (BASE 65) ]
TOTAL THIS MO. 191 CLEAR (SCALE 0-3) 12
DPTR FM NORMAL -119 PTCLDY (SCALE 4-7) 12
TOTAL FM JUL 1 214 CLOUDY (SCALE 8-10) 7
DPTR FM NORMAL -159
[CDD (BASE 65) ]
TOTAL THIS MO. 53
DPTR FM NORMAL 23 [PRESSURE DATA]
TOTAL FM JAN 1 1358 HIGHEST SLP 30.29 ON 31
DPTR FM NORMAL 108 LOWEST SLP 29.41 ON 28
[REMARKS]
#FINAL-10-21#