000
CXUS54 KEWX 011011
CF6SSF
PRELIMINARY LOCAL CLIMATOLOGICAL DATA (WS FORM: F-6)
STATION: SAN ANTONIO STINSON FIELD
MONTH: APRIL
YEAR: 2020
LATITUDE: 29 19 N
LONGITUDE: 98 29 W
TEMPERATURE IN F: :PCPN: SNOW: WIND :SUNSHINE: SKY :PK WND
================================================================================
1 2 3 4 5 6A 6B 7 8 9 10 11 12 13 14 15 16 17 18
12Z AVG MX 2MIN
DY MAX MIN AVG DEP HDD CDD WTR SNW DPTH SPD SPD DIR MIN PSBL S-S WX SPD DR
================================================================================
1 79 48 64 -3 1 0 0.00 M M 8.7 18 130 M M 0 26 110
2 69 60 65 -2 0 0 0.13 M M 7.0 14 130 M M 9 13 18 150
3 74 51 63 -4 2 0 0.23 M M 7.4 20 10 M M 9 13 28 20
4 56 50 53 -15 12 0 1.07 M M 7.9 17 30 M M 10 13 27 20
5 69 52 61 -7 4 0 0.00 M M 5.6 13 60 M M 10 1 17 50
6 75 61 68 0 0 3 0.00 M M 3.2 9 130 M M 8 1 16 150
7 85 67 76 8 0 11 0.00 M M 3.3 12 150 M M 7 12 15 150
8 89 66 78 10 0 13 0.00 M M 3.9 10 140 M M 3 12 14 140
9 89 65 77 8 0 12 0.01 M M 4.6 20 10 M M 2 13 30 40
10 75 64 70 1 0 5 0.00 M M 8.2 16 50 M M 6 24 20
11 79 63 71 2 0 6 T M M 9.0 15 140 M M 10 23 140
12 85 56 71 2 0 6 0.01 M M 11.6 31 280 M M 4 18 45 270
13 69 46 58 -12 7 0 0.00 M M 11.3 21 20 M M 0 33 30
14 68 47 58 -12 7 0 0.00 M M 10.7 18 30 M M 5 28 30
15 68 45 57 -13 8 0 0.00 M M 6.4 14 40 M M 0 23 40
16 77 45 61 -9 4 0 0.00 M M 7.5 17 160 M M 3 25 150
17 74 57 66 -4 0 1 T M M 5.7 15 20 M M 10 1 21 20
18 61 53 57 -14 8 0 0.01 M M 8.5 16 30 M M 10 1 24 30
19 95 57 76 5 0 11 0.01 M M 5.2 23 280 M M 5 123 32 310
20 92 50 71 0 0 6 0.00 M M 5.0 14 150 M M 0 19 140
21 89 63 76 5 0 11 0.00 M M 8.9 22 120 M M 5 1 30 120
22 84 69 77 5 0 12 0.01 M M 5.5 15 130 M M 7 18 19 120
23 92 65 79 7 0 14 0.00 M M 7.8 16 30 M M 0 1 25 30
24 97 54 76 4 0 11 0.00 M M 7.2 18 40 M M 0 29 30
25 83 66 75 3 0 10 0.00 M M 11.4 21 30 M M 0 3 28 40
26 87 51 69 -4 0 4 0.00 M M 6.7 17 130 M M 0 24 140
27 89 57 73 0 0 8 0.00 M M 10.3 23 170 M M 3 3 32 170
28 91 65 78 5 0 13 0.09 M M 8.8 24 330 M M 5 13 42 10
29 87 59 73 0 0 8 T M M 9.8 24 50 M M 3 1 42 60
30 89 50 70 -4 0 5 0.00 M M 4.0 13 150 M M 0 19 140
================================================================================
SM 2416 1702 53 170 1.57 M 221.1 M 134
================================================================================
AV 80.5 56.7 7.4 FASTST M M 4 MAX(MPH)
MISC ----> # 31 280 # 45 270
================================================================================
NOTES:
# LAST OF SEVERAL OCCURRENCES
COLUMN 17 PEAK WIND IN M.P.H.
PRELIMINARY LOCAL CLIMATOLOGICAL DATA (WS FORM: F-6) , PAGE 2
STATION: SAN ANTONIO STINSON FIELD
MONTH: APRIL
YEAR: 2020
LATITUDE: 29 19 N
LONGITUDE: 98 29 W
[TEMPERATURE DATA] [PRECIPITATION DATA] SYMBOLS USED IN COLUMN 16
AVERAGE MONTHLY: 68.6 TOTAL FOR MONTH: 1.57 1 = FOG OR MIST
DPTR FM NORMAL: -1.5 DPTR FM NORMAL: -0.58 2 = FOG REDUCING VISIBILITY
HIGHEST: 97 ON 24 GRTST 24HR 1.07 ON 4- 4 TO 1/4 MILE OR LESS
LOWEST: 45 ON 16,15 3 = THUNDER
SNOW, ICE PELLETS, HAIL 4 = ICE PELLETS
TOTAL MONTH: M 5 = HAIL
GRTST 24HR M ON M 6 = FREEZING RAIN OR DRIZZLE
GRTST DEPTH: M ON M 7 = DUSTSTORM OR SANDSTORM:
VSBY 1/2 MILE OR LESS
8 = SMOKE OR HAZE
[NO. OF DAYS WITH] [WEATHER - DAYS WITH] 9 = BLOWING SNOW
X = TORNADO
MAX 32 OR BELOW: 0 0.01 INCH OR MORE: 9
MAX 90 OR ABOVE: 5 0.10 INCH OR MORE: 3
MIN 32 OR BELOW: 0 0.50 INCH OR MORE: 1
MIN 0 OR BELOW: 0 1.00 INCH OR MORE: 1
[HDD (BASE 65) ]
TOTAL THIS MO. 53 CLEAR (SCALE 0-3) 12
DPTR FM NORMAL 23 PTCLDY (SCALE 4-7) 10
TOTAL FM JUL 1 1308 CLOUDY (SCALE 8-10) 8
DPTR FM NORMAL -102
[CDD (BASE 65) ]
TOTAL THIS MO. 170
DPTR FM NORMAL -14 [PRESSURE DATA]
TOTAL FM JAN 1 367 HIGHEST SLP 30.24 ON 15
DPTR FM NORMAL 81 LOWEST SLP 29.44 ON 12
[REMARKS]
#FINAL-04-20#